-- https://www.phpmyadmin.net/
--

START TRANSACTION;



--
-- Database: `ykk`
--

-- --------------------------------------------------------

--
-- Table structure for table `config_global`
--

CREATE TABLE `config_global` (
  `ID` tinyint(4) NOT NULL,
  `HeaderTitle` varchar(100) DEFAULT NULL,
  `Footer` varchar(100) DEFAULT NULL,
  `CompanyName` varchar(100) DEFAULT NULL,
  `hanelapikey` varchar(50) DEFAULT NULL
) ENGINE=MyISAM DEFAULT CHARSET=latin1;

--
-- Dumping data for table `config_global`
--

INSERT INTO `config_global` (`ID`, `HeaderTitle`, `Footer`, `CompanyName`, `hanelapikey`) VALUES
(1, 'Storage System', 'Developed and Managed by HANEL INDONESIA', 'www.hanelindonesia.com', '6t2cZ1J4Yi');

-- --------------------------------------------------------

--
-- Table structure for table `ms_item`
--

CREATE TABLE `ms_item` (
  `id` int(11) NOT NULL,
  `id_category` int(11) NOT NULL,
  `code` varchar(225) NOT NULL,
  `name` varchar(225) NOT NULL,
  `unit_weight` double NOT NULL,
  `is_active` tinyint(4) NOT NULL DEFAULT 1,
  `note` text DEFAULT NULL,
  `created_at` datetime NOT NULL DEFAULT current_timestamp(),
  `updated_at` datetime DEFAULT NULL
) ENGINE=InnoDB DEFAULT CHARSET=latin1;

--
-- Dumping data for table `ms_item`
--

INSERT INTO `ms_item` (`id`, `id_category`, `code`, `name`, `unit_weight`, `is_active`, `note`, `created_at`, `updated_at`) VALUES
(1, 1, '3412860', '05 VS DA8ON055 ET PARTS TWIST4', 0.0050304, 0, '', '2020-04-16 13:56:47', NULL),
(2, 1, '3777963', '05 RC DF52L ET PARTS LOGO-BARU', 0.0042283, 0, '', '2020-04-16 15:12:03', NULL),
(3, 2, '863', '', 0, 1, NULL, '2020-04-29 07:34:44', NULL),
(4, 3, 'MLD-01', 'Moulding test', 10000, 1, NULL, '2022-05-17 16:13:48', NULL),
(5, 1, '1100750', '05 CN DA8L ET PARTS', 0.005039, 1, NULL, '2022-07-18 11:17:49', '2022-07-20 10:40:13');

-- --------------------------------------------------------

--
-- Table structure for table `ms_item_access`
--

CREATE TABLE `ms_item_access` (
  `id` int(11) NOT NULL,
  `id_item` int(11) NOT NULL,
  `id_user_group` int(11) DEFAULT NULL,
  `is_active` tinyint(1) NOT NULL DEFAULT 1,
  `note` text NOT NULL
) ENGINE=InnoDB DEFAULT CHARSET=latin1;

--
-- Dumping data for table `ms_item_access`
--

INSERT INTO `ms_item_access` (`id`, `id_item`, `id_user_group`, `is_active`, `note`) VALUES
(1, 4, 4, 0, 'test'),
(2, 5, 5, 0, 'test');

-- --------------------------------------------------------

--
-- Table structure for table `ms_item_category`
--

CREATE TABLE `ms_item_category` (
  `id` int(11) NOT NULL,
  `code` varchar(225) NOT NULL,
  `name` varchar(255) NOT NULL,
  `is_active` tinyint(4) NOT NULL,
  `note` text DEFAULT NULL,
  `pick_from` varchar(300) DEFAULT NULL
) ENGINE=InnoDB DEFAULT CHARSET=latin1;

--
-- Dumping data for table `ms_item_category`
--

INSERT INTO `ms_item_category` (`id`, `code`, `name`, `is_active`, `note`, `pick_from`) VALUES
(1, 'SLD', 'Slider', 1, '', 'admin_home/pick_new'),
(2, 'PAT', 'Paint', 1, '', 'admin_home/paint_pick_new'),
(3, 'MLD', 'Moulding', 1, NULL, 'admin_home/pick_moulding/new'),
(4, 'code', 'tes lagi lah', 1, 'test', NULL),
(5, 'coba2', 'test', 1, 'test', NULL);

-- --------------------------------------------------------

--
-- Table structure for table `ms_menu`
--

CREATE TABLE `ms_menu` (
  `ID` int(11) NOT NULL,
  `parent_number` int(11) DEFAULT NULL,
  `menu_level` tinyint(4) NOT NULL,
  `sort` tinyint(4) NOT NULL,
  `name` char(50) CHARACTER SET latin1 NOT NULL,
  `application` varchar(100) COLLATE latin1_general_ci NOT NULL,
  `controller` char(50) COLLATE latin1_general_ci NOT NULL,
  `type` char(2) COLLATE latin1_general_ci NOT NULL,
  `icon` varchar(250) COLLATE latin1_general_ci NOT NULL
) ENGINE=InnoDB DEFAULT CHARSET=latin1 COLLATE=latin1_general_ci;

--
-- Dumping data for table `ms_menu`
--

INSERT INTO `ms_menu` (`ID`, `parent_number`, `menu_level`, `sort`, `name`, `application`, `controller`, `type`, `icon`) VALUES
(1, 0, 1, 6, 'Utility', 'utility', '#', 'B', 'fa fa-cog'),
(2, 6, 2, 1, 'Storage Unit', '', 'admin_units', 'B', '0'),
(3, 25, 2, 1, 'By Unit', '', 'admin_by_unit', 'B', '0'),
(5, 25, 2, 2, 'By Category', '', 'admin_by_category', 'B', '0'),
(6, 0, 1, 2, 'Master', 'master', '#', 'B', 'fa fa-folder-open-o'),
(8, 0, 1, 1, 'Dashboard', 'dashboard', 'admin_home', 'B', 'fa fa-dashboard'),
(9, 20, 2, 2, 'Paint', '', 'trans_paints', 'B', '0'),
(20, 0, 1, 5, 'Transcation Log', 'report', '#', 'B', 'fa fa-pie-chart'),
(25, 0, 1, 3, 'Inventory', 'transaction', '#', 'B', 'fa fa-credit-card'),
(30, 1, 2, 1, 'User Control', '', 'admin_administrator', 'B', '0'),
(35, 20, 2, 1, 'Slider', '', 'trans_sliders', 'B', '0');

-- --------------------------------------------------------

--
-- Table structure for table `ms_terminal_pairing`
--

CREATE TABLE `ms_terminal_pairing` (
  `id` int(11) NOT NULL,
  `ip_terminal` varchar(100) NOT NULL,
  `ip_absensi` varchar(100) NOT NULL
) ENGINE=InnoDB DEFAULT CHARSET=utf8mb4;

--
-- Dumping data for table `ms_terminal_pairing`
--

INSERT INTO `ms_terminal_pairing` (`id`, `ip_terminal`, `ip_absensi`) VALUES
(1, '192.168.1.10', '192.168.1.101'),
(2, '192.168.1.12', '192.168.1.201');

-- --------------------------------------------------------

--
-- Table structure for table `ms_unit`
--

CREATE TABLE `ms_unit` (
  `id` int(11) NOT NULL,
  `code` varchar(225) NOT NULL,
  `name` varchar(30) NOT NULL,
  `shelf` int(11) NOT NULL,
  `compartment` int(11) NOT NULL,
  `depth` int(11) NOT NULL,
  `type` varchar(225) NOT NULL,
  `is_active` tinyint(1) NOT NULL,
  `balance_limit` int(11) NOT NULL,
  `balance_weight1` double NOT NULL DEFAULT 0,
  `tolerance` double NOT NULL DEFAULT 0,
  `balance_weight2` double NOT NULL DEFAULT 0,
  `static_depth` tinyint(4) NOT NULL DEFAULT 0,
  `location_prefix` varchar(10) NOT NULL,
  `note` text DEFAULT NULL,
  `ip` varchar(20) NOT NULL,
  `port` varchar(20) NOT NULL,
  `created_at` datetime NOT NULL DEFAULT current_timestamp(),
  `updated_at` datetime DEFAULT NULL
) ENGINE=InnoDB DEFAULT CHARSET=latin1;

--
-- Dumping data for table `ms_unit`
--

INSERT INTO `ms_unit` (`id`, `code`, `name`, `shelf`, `compartment`, `depth`, `type`, `is_active`, `balance_limit`, `balance_weight1`, `tolerance`, `balance_weight2`, `static_depth`, `location_prefix`, `note`, `ip`, `port`, `created_at`, `updated_at`) VALUES
(1, 'R01', 'Slider', 58, 7, 6, 'Rotamat', 1, 30, 30.0017408, 140, 162.9335112, 1, '', '', '172.16.1.2', '2200', '2020-04-15 21:55:15', '2022-07-18 11:17:49'),
(2, 'LL01', 'Paint', 31, 13, 4, 'Lean Lift', 1, 0, 0, 0, 0, 0, '', '', '172.16.1.1', '2200', '2020-04-15 21:55:15', NULL),
(3, 'R02', 'Slider Dasaran', 58, 7, 6, 'Rotamat', 1, 30, 1.9309, 140, 1.9309, 1, '', '', '172.16.1.3', '2200', '2022-05-17 13:39:14', '2022-07-20 10:40:13'),
(4, 'LL02', 'Spareparts', 10, 10, 10, 'Lean Lift', 1, 0, 0, 0, 0, 0, '', NULL, '172.16.1.3', '2200', '2022-08-25 15:17:25', NULL);

-- --------------------------------------------------------

--
-- Table structure for table `ms_unit_bin`
--

CREATE TABLE `ms_unit_bin` (
  `id` int(11) NOT NULL,
  `id_unit` int(11) NOT NULL,
  `id_bin_group` int(11) NOT NULL,
  `code` varchar(255) NOT NULL,
  `shelf` int(11) NOT NULL,
  `compartment` int(11) NOT NULL,
  `depth` int(11) NOT NULL,
  `id_capacity` int(11) NOT NULL,
  `capacity` double NOT NULL,
  `id_current_item` int(11) NOT NULL DEFAULT 0,
  `is_active` tinyint(1) NOT NULL,
  `note` text DEFAULT NULL,
  `created_at` datetime NOT NULL DEFAULT current_timestamp(),
  `updated_at` datetime DEFAULT NULL
) ENGINE=InnoDB DEFAULT CHARSET=latin1;

--
-- Dumping data for table `ms_unit_bin`
--

INSERT INTO `ms_unit_bin` (`id`, `id_unit`, `id_bin_group`, `code`, `shelf`, `compartment`, `depth`, `id_capacity`, `capacity`, `id_current_item`, `is_active`, `note`, `created_at`, `updated_at`) VALUES
(1, 1, 0, '01-01-01', 1, 1, 1, 1, 2, 0, 1, '', '2020-04-15 21:56:01', NULL),
(2, 1, 0, '01-01-02', 1, 1, 2, 1, 2, 0, 1, '', '2020-04-15 21:56:01', NULL),
(4, 1, 0, '01-01-03', 1, 1, 3, 1, 2, 0, 1, '', '2020-04-15 21:56:01', NULL),
(5, 1, 0, '01-01-04', 1, 1, 4, 1, 2, 0, 1, '', '2020-04-15 21:56:01', NULL),
(6, 1, 0, '01-01-05', 1, 1, 5, 1, 2, 0, 1, '', '2020-04-15 21:56:01', NULL),
(7, 1, 0, '01-01-06', 1, 1, 6, 1, 2, 0, 1, '', '2020-04-15 21:56:01', NULL),
(8, 1, 0, '01-02-01', 1, 2, 1, 1, 2, 0, 1, '', '2020-04-15 21:56:01', NULL),
(9, 1, 0, '01-02-02', 1, 2, 2, 1, 2, 0, 1, '', '2020-04-15 21:56:01', NULL),
(10, 1, 0, '01-02-03', 1, 2, 3, 1, 2, 0, 1, '', '2020-04-15 21:56:01', NULL),
(11, 1, 0, '01-02-04', 1, 2, 4, 1, 2, 0, 1, '', '2020-04-15 21:56:01', NULL),
(12, 1, 0, '01-02-05', 1, 2, 5, 1, 2, 0, 1, '', '2020-04-15 21:56:01', NULL),
(13, 1, 0, '01-02-06', 1, 2, 6, 1, 2, 0, 1, '', '2020-04-15 21:56:01', NULL),
(14, 1, 0, '01-03-01', 1, 3, 1, 1, 2, 0, 1, '', '2020-04-15 21:56:01', NULL),
(15, 1, 0, '01-03-02', 1, 3, 2, 1, 2, 0, 1, '', '2020-04-15 21:56:01', NULL),
(16, 1, 0, '01-03-03', 1, 3, 3, 1, 2, 0, 1, '', '2020-04-15 21:56:01', NULL),
(17, 1, 0, '01-03-04', 1, 3, 4, 1, 2, 0, 1, '', '2020-04-15 21:56:01', NULL),
(18, 1, 0, '01-03-05', 1, 3, 5, 1, 2, 0, 1, '', '2020-04-15 21:56:01', NULL),
(19, 1, 0, '01-03-06', 1, 3, 6, 1, 2, 0, 1, '', '2020-04-15 21:56:01', NULL),
(20, 2, 0, '01-01-01', 1, 1, 1, 3, 2, 0, 1, '', '2020-04-15 21:56:01', '2020-04-30 10:19:37'),
(21, 2, 0, '01-01-02', 1, 1, 2, 3, 2, 0, 1, '', '2020-04-15 21:56:01', NULL),
(22, 1, 0, '01-04-01', 1, 4, 1, 1, 2, 0, 1, '', '2020-04-15 21:56:01', NULL),
(23, 1, 0, '01-04-02', 1, 4, 2, 1, 2, 0, 1, '', '2020-04-15 21:56:01', NULL),
(24, 1, 0, '01-04-03', 1, 4, 3, 1, 2, 0, 1, '', '2020-04-15 21:56:01', NULL),
(25, 1, 0, '01-04-04', 1, 4, 4, 1, 2, 0, 1, '', '2020-04-15 21:56:01', NULL),
(26, 1, 0, '01-04-05', 1, 4, 5, 1, 2, 0, 1, '', '2020-04-15 21:56:01', NULL),
(27, 1, 0, '01-04-06', 1, 4, 6, 1, 2, 0, 1, '', '2020-04-15 21:56:01', NULL),
(28, 1, 0, '01-05-01', 1, 5, 1, 1, 2, 0, 1, '', '2020-04-15 21:56:01', NULL),
(29, 1, 0, '01-05-02', 1, 5, 2, 1, 2, 0, 1, '', '2020-04-15 21:56:01', NULL),
(30, 1, 0, '01-05-03', 1, 5, 3, 1, 2, 0, 1, '', '2020-04-15 21:56:01', NULL),
(31, 1, 0, '01-05-04', 1, 5, 4, 1, 2, 0, 1, '', '2020-04-15 21:56:01', NULL),
(32, 1, 0, '01-05-05', 1, 5, 5, 1, 2, 0, 1, '', '2020-04-15 21:56:01', NULL),
(33, 1, 0, '01-05-06', 1, 5, 6, 1, 2, 0, 1, '', '2020-04-15 21:56:01', NULL),
(34, 1, 0, '01-06-01', 1, 6, 1, 1, 2, 0, 1, '', '2020-04-15 21:56:01', NULL),
(35, 1, 0, '01-06-02', 1, 6, 2, 1, 2, 0, 1, '', '2020-04-15 21:56:01', NULL),
(37, 1, 0, '01-06-03', 1, 6, 3, 1, 2, 0, 1, '', '2020-04-15 21:56:01', NULL),
(38, 1, 0, '01-06-04', 1, 6, 4, 1, 2, 0, 1, '', '2020-04-15 21:56:01', NULL),
(39, 1, 0, '01-06-05', 1, 6, 5, 1, 2, 0, 1, '', '2020-04-15 21:56:01', NULL),
(40, 1, 0, '01-06-06', 1, 6, 6, 1, 2, 0, 1, '', '2020-04-15 21:56:01', NULL),
(41, 1, 0, '01-07-01', 1, 7, 1, 1, 2, 0, 1, '', '2020-04-15 21:56:01', NULL),
(42, 1, 0, '01-07-02', 1, 7, 2, 1, 2, 0, 1, '', '2020-04-15 21:56:01', NULL),
(43, 1, 0, '01-07-03', 1, 7, 3, 1, 2, 0, 1, '', '2020-04-15 21:56:01', NULL),
(44, 1, 0, '01-07-04', 1, 7, 4, 1, 2, 0, 1, '', '2020-04-15 21:56:01', NULL),
(45, 1, 0, '01-07-05', 1, 7, 5, 1, 2, 0, 1, '', '2020-04-15 21:56:01', NULL),
(46, 1, 0, '01-07-06', 1, 7, 6, 1, 2, 0, 1, '', '2020-04-15 21:56:01', NULL),
(47, 1, 0, '02-01-01', 2, 1, 1, 1, 2, 3, 1, '', '2020-04-15 21:56:01', NULL),
(48, 1, 0, '03-01-01', 3, 1, 1, 0, 25, 5, 1, '', '2020-04-15 21:56:01', NULL),
(49, 1, 0, '02-02-01', 2, 2, 1, 1, 2, 0, 1, '', '2020-04-15 21:56:01', NULL),
(50, 1, 0, '03-02-01', 3, 2, 1, 0, 25, 0, 1, '', '2020-04-15 21:56:01', NULL),
(51, 1, 0, '02-03-01', 2, 3, 1, 1, 2, 0, 1, '', '2020-04-15 21:56:01', NULL),
(52, 1, 0, '03-03-01', 3, 3, 1, 0, 25, 0, 1, '', '2020-04-15 21:56:01', NULL),
(53, 1, 0, '02-04-01', 2, 4, 1, 1, 2, 0, 1, '', '2020-04-15 21:56:01', NULL),
(54, 1, 0, '03-04-01', 3, 4, 1, 0, 25, 0, 1, '', '2020-04-15 21:56:01', NULL),
(55, 1, 0, '02-05-01', 2, 5, 1, 1, 2, 0, 1, '', '2020-04-15 21:56:01', NULL),
(56, 1, 0, '03-05-01', 3, 5, 1, 0, 25, 0, 1, '', '2020-04-15 21:56:01', NULL),
(57, 1, 0, '02-06-01', 2, 6, 1, 1, 2, 0, 1, '', '2020-04-15 21:56:01', NULL),
(58, 1, 0, '03-06-01', 3, 6, 1, 0, 25, 0, 1, '', '2020-04-15 21:56:01', NULL),
(59, 1, 0, '02-07-01', 2, 7, 1, 1, 2, 0, 1, '', '2020-04-15 21:56:01', NULL),
(60, 1, 0, '03-07-01', 3, 7, 1, 0, 25, 0, 1, '', '2020-04-15 21:56:01', NULL),
(61, 1, 0, '30-01-01', 30, 1, 1, 1, 2, 8, 1, '', '2020-04-15 21:56:01', '2022-07-18 11:17:49'),
(62, 1, 0, '30-01-02', 30, 1, 2, 1, 2, 9, 1, '', '2020-04-15 21:56:01', '2022-07-18 13:52:35'),
(63, 1, 0, '30-01-03', 30, 1, 3, 1, 2, 0, 1, '', '2020-04-15 21:56:01', NULL),
(64, 1, 0, '30-01-04', 30, 1, 4, 1, 2, 0, 1, '', '2020-04-15 21:56:01', NULL),
(65, 1, 0, '30-01-05', 30, 1, 5, 1, 2, 0, 1, '', '2020-04-15 21:56:01', NULL),
(66, 1, 0, '30-01-06', 30, 1, 6, 1, 2, 0, 1, '', '2020-04-15 21:56:01', NULL),
(67, 1, 0, '30-02-01', 30, 2, 1, 1, 2, 0, 1, '', '2020-04-15 21:56:01', NULL),
(68, 1, 0, '30-02-02', 30, 2, 2, 1, 2, 0, 1, '', '2020-04-15 21:56:01', NULL),
(69, 1, 0, '30-02-03', 30, 2, 3, 1, 2, 0, 1, '', '2020-04-15 21:56:01', NULL),
(70, 1, 0, '30-02-04', 30, 2, 4, 1, 2, 0, 1, '', '2020-04-15 21:56:01', NULL),
(71, 1, 0, '30-02-05', 30, 2, 5, 1, 2, 0, 1, '', '2020-04-15 21:56:01', NULL),
(72, 1, 0, '30-02-06', 30, 2, 6, 1, 2, 0, 1, '', '2020-04-15 21:56:01', NULL),
(73, 1, 0, '30-03-01', 30, 3, 1, 1, 2, 0, 1, '', '2020-04-15 21:56:01', NULL),
(74, 1, 0, '30-03-02', 30, 3, 2, 1, 2, 0, 1, '', '2020-04-15 21:56:01', NULL),
(75, 1, 0, '30-03-03', 30, 3, 3, 1, 2, 0, 1, '', '2020-04-15 21:56:01', NULL),
(76, 1, 0, '30-03-04', 30, 3, 4, 1, 2, 0, 1, '', '2020-04-15 21:56:01', NULL),
(77, 1, 0, '30-03-05', 30, 3, 5, 1, 2, 0, 1, '', '2020-04-15 21:56:01', NULL),
(78, 1, 0, '30-03-06', 30, 3, 6, 1, 2, 0, 1, '', '2020-04-15 21:56:01', NULL),
(79, 1, 0, '30-04-01', 30, 4, 1, 1, 2, 0, 1, '', '2020-04-15 21:56:01', NULL),
(80, 1, 0, '30-04-02', 30, 4, 2, 1, 2, 0, 1, '', '2020-04-15 21:56:01', NULL),
(81, 1, 0, '30-04-03', 30, 4, 3, 1, 2, 0, 1, '', '2020-04-15 21:56:01', NULL),
(82, 1, 0, '30-04-04', 30, 4, 4, 1, 2, 0, 1, '', '2020-04-15 21:56:01', NULL),
(83, 1, 0, '30-04-05', 30, 4, 5, 1, 2, 0, 1, '', '2020-04-15 21:56:01', NULL),
(84, 1, 0, '30-04-06', 30, 4, 6, 1, 2, 0, 1, '', '2020-04-15 21:56:01', NULL),
(85, 1, 0, '30-05-01', 30, 5, 1, 1, 2, 0, 1, '', '2020-04-15 21:56:01', NULL),
(86, 1, 0, '30-05-02', 30, 5, 2, 1, 2, 0, 1, '', '2020-04-15 21:56:01', NULL),
(87, 1, 0, '30-05-03', 30, 5, 3, 1, 2, 0, 1, '', '2020-04-15 21:56:01', NULL),
(88, 1, 0, '30-05-04', 30, 5, 4, 1, 2, 0, 1, '', '2020-04-15 21:56:01', NULL),
(89, 1, 0, '30-05-05', 30, 5, 5, 1, 2, 0, 1, '', '2020-04-15 21:56:01', NULL),
(90, 1, 0, '30-05-06', 30, 5, 6, 1, 2, 0, 1, '', '2020-04-15 21:56:01', NULL),
(91, 1, 0, '30-06-01', 30, 6, 1, 1, 2, 0, 1, '', '2020-04-16 07:43:23', NULL),
(92, 1, 0, '30-06-01', 30, 6, 1, 1, 2, 0, 1, '', '2020-04-16 07:43:53', NULL),
(93, 1, 0, '30-06-03', 30, 6, 3, 1, 2, 0, 1, '', '2020-04-16 07:44:11', NULL),
(94, 1, 0, '30-06-04', 30, 6, 4, 1, 2, 0, 1, '', '2020-04-16 07:44:42', NULL),
(95, 1, 0, '30-06-05', 30, 6, 5, 1, 2, 0, 1, '', '2020-04-16 07:45:00', NULL),
(96, 1, 0, '30-06-06', 30, 6, 6, 1, 2, 0, 1, '', '2020-04-16 07:45:20', NULL),
(97, 1, 0, '30-07-01', 30, 7, 1, 1, 2, 0, 1, '', '2020-04-16 07:46:24', NULL),
(98, 1, 0, '30-07-02', 30, 7, 2, 1, 2, 0, 1, '', '2020-04-16 07:46:55', NULL),
(99, 1, 0, '30-07-03', 30, 7, 3, 1, 2, 0, 1, '', '2020-04-16 07:47:15', NULL),
(100, 1, 0, '30-07-04', 30, 7, 4, 1, 2, 0, 1, '', '2020-04-16 07:47:39', NULL),
(101, 1, 0, '30-07-05', 30, 7, 5, 1, 2, 0, 1, '', '2020-04-16 07:48:39', NULL),
(102, 1, 0, '30-07-06', 30, 7, 6, 1, 2, 0, 1, '', '2020-04-16 07:49:02', NULL),
(103, 1, 0, '31-01-01', 31, 1, 1, 1, 2, 2, 1, '', '2020-04-16 07:50:14', NULL),
(104, 1, 0, '32-01-01', 32, 1, 1, 0, 25, 4, 1, '', '2020-04-16 07:51:08', NULL),
(105, 1, 0, '58-01-01', 58, 1, 1, 0, 25, 6, 1, '', '2020-04-16 07:51:33', NULL),
(106, 1, 0, '31-02-01', 31, 2, 1, 1, 2, 0, 1, '', '2020-04-16 07:51:57', NULL),
(107, 1, 0, '32-02-01', 32, 2, 1, 0, 25, 0, 1, '', '2020-04-16 07:52:31', NULL),
(108, 1, 0, '58-02-01', 58, 2, 1, 0, 25, 0, 1, '', '2020-04-16 07:52:55', NULL),
(109, 1, 0, '31-03-01', 31, 3, 1, 1, 2, 0, 1, '', '2020-04-16 07:53:28', NULL),
(110, 1, 0, '32-03-01', 32, 3, 1, 0, 25, 0, 1, '', '2020-04-16 07:54:28', NULL),
(111, 1, 0, '58-03-01', 58, 3, 1, 0, 25, 0, 1, '', '2020-04-16 07:55:07', NULL),
(112, 1, 0, '31-04-01', 31, 4, 1, 1, 2, 0, 1, '', '2020-04-16 07:55:36', NULL),
(113, 1, 0, '32-04-01', 32, 4, 1, 0, 25, 0, 1, '', '2020-04-16 07:56:27', NULL),
(114, 1, 0, '58-04-01', 58, 4, 1, 0, 25, 0, 1, '', '2020-04-16 07:56:46', NULL),
(115, 1, 0, '31-05-01', 31, 5, 1, 1, 2, 0, 1, '', '2020-04-16 07:58:34', NULL),
(116, 1, 0, '32-05-01', 32, 5, 1, 0, 25, 0, 1, '', '2020-04-16 07:59:02', NULL),
(117, 1, 0, '58-05-01', 58, 5, 1, 0, 25, 0, 1, '', '2020-04-16 07:59:47', NULL),
(118, 1, 0, '31-06-01', 31, 6, 1, 1, 2, 0, 1, '', '2020-04-16 08:01:07', NULL),
(119, 1, 0, '32-06-01', 32, 6, 1, 0, 25, 0, 1, '', '2020-04-16 08:01:38', NULL),
(120, 1, 0, '58-06-01', 58, 6, 1, 0, 25, 0, 1, '', '2020-04-16 08:02:17', NULL),
(121, 1, 0, '31-07-01', 31, 7, 1, 1, 2, 0, 1, '', '2020-04-16 08:02:42', NULL),
(122, 1, 0, '32-07-01', 32, 7, 1, 0, 25, 0, 1, '', '2020-04-16 08:03:21', NULL),
(123, 1, 0, '58-07-01', 58, 7, 1, 0, 25, 0, 1, '', '2020-04-16 08:03:51', NULL),
(124, 1, 0, '04-01-01', 4, 1, 1, 0, 25, 0, 1, '', '2020-04-16 07:51:33', NULL),
(125, 1, 0, '04-02-01', 4, 2, 1, 0, 25, 0, 1, '', '2020-04-16 07:52:55', NULL),
(126, 1, 0, '04-03-01', 4, 3, 1, 0, 25, 0, 1, '', '2020-04-16 07:55:07', NULL),
(127, 1, 0, '04-04-01', 4, 4, 1, 0, 25, 0, 1, '', '2020-04-16 07:56:46', NULL),
(128, 1, 0, '04-05-01', 4, 5, 1, 0, 25, 0, 1, '', '2020-04-16 07:59:47', NULL),
(129, 1, 0, '04-06-01', 4, 6, 1, 0, 25, 0, 1, '', '2020-04-16 08:02:17', NULL),
(130, 1, 0, '04-07-01', 4, 7, 1, 0, 25, 0, 1, '', '2020-04-16 08:03:51', NULL),
(131, 1, 0, '05-01-01', 5, 1, 1, 0, 25, 0, 1, '', '2020-04-16 07:51:33', NULL),
(132, 1, 0, '05-02-01', 5, 2, 1, 0, 25, 0, 1, '', '2020-04-16 07:52:55', NULL),
(133, 1, 0, '05-03-01', 5, 3, 1, 0, 25, 0, 1, '', '2020-04-16 07:55:07', NULL),
(134, 1, 0, '05-04-01', 5, 4, 1, 0, 25, 0, 1, '', '2020-04-16 07:56:46', NULL),
(135, 1, 0, '05-05-01', 5, 5, 1, 0, 25, 0, 1, '', '2020-04-16 07:59:47', NULL),
(136, 1, 0, '05-06-01', 5, 6, 1, 0, 25, 0, 1, '', '2020-04-16 08:02:17', NULL),
(137, 1, 0, '05-07-01', 5, 7, 1, 0, 25, 0, 1, '', '2020-04-16 08:03:51', NULL),
(138, 1, 0, '06-01-01', 6, 1, 1, 0, 25, 0, 1, '', '2020-04-16 07:51:33', NULL),
(139, 1, 0, '06-02-01', 6, 2, 1, 0, 25, 0, 1, '', '2020-04-16 07:52:55', NULL),
(140, 1, 0, '06-03-01', 6, 3, 1, 0, 25, 0, 1, '', '2020-04-16 07:55:07', NULL),
(141, 1, 0, '06-04-01', 6, 4, 1, 0, 25, 0, 1, '', '2020-04-16 07:56:46', NULL),
(142, 1, 0, '06-05-01', 6, 5, 1, 0, 25, 0, 1, '', '2020-04-16 07:59:47', NULL),
(143, 1, 0, '06-06-01', 6, 6, 1, 0, 25, 0, 1, '', '2020-04-16 08:02:17', NULL),
(144, 1, 0, '06-07-01', 6, 7, 1, 0, 25, 0, 1, '', '2020-04-16 08:03:51', NULL),
(145, 1, 0, '07-01-01', 7, 1, 1, 0, 25, 0, 1, '', '2020-04-16 07:51:33', NULL),
(146, 1, 0, '07-02-01', 7, 2, 1, 0, 25, 0, 1, '', '2020-04-16 07:52:55', NULL),
(147, 1, 0, '07-03-01', 7, 3, 1, 0, 25, 0, 1, '', '2020-04-16 07:55:07', NULL),
(148, 1, 0, '07-04-01', 7, 4, 1, 0, 25, 0, 1, '', '2020-04-16 07:56:46', NULL),
(149, 1, 0, '07-05-01', 7, 5, 1, 0, 25, 0, 1, '', '2020-04-16 07:59:47', NULL),
(150, 1, 0, '07-06-01', 7, 6, 1, 0, 25, 0, 1, '', '2020-04-16 08:02:17', NULL),
(151, 1, 0, '07-07-01', 7, 7, 1, 0, 25, 0, 1, '', '2020-04-16 08:03:51', NULL),
(152, 1, 0, '08-01-01', 8, 1, 1, 0, 25, 0, 1, '', '2020-04-16 07:51:33', NULL),
(153, 1, 0, '08-02-01', 8, 2, 1, 0, 25, 0, 1, '', '2020-04-16 07:52:55', NULL),
(154, 1, 0, '08-03-01', 8, 3, 1, 0, 25, 0, 1, '', '2020-04-16 07:55:07', NULL),
(155, 1, 0, '08-04-01', 8, 4, 1, 0, 25, 0, 1, '', '2020-04-16 07:56:46', NULL),
(156, 1, 0, '08-05-01', 8, 5, 1, 0, 25, 0, 1, '', '2020-04-16 07:59:47', NULL),
(157, 1, 0, '08-06-01', 8, 6, 1, 0, 25, 0, 1, '', '2020-04-16 08:02:17', NULL),
(158, 1, 0, '08-07-01', 8, 7, 1, 0, 25, 0, 1, '', '2020-04-16 08:03:51', NULL),
(159, 1, 0, '09-01-01', 9, 1, 1, 0, 25, 0, 1, '', '2020-04-16 07:51:33', NULL),
(160, 1, 0, '09-02-01', 9, 2, 1, 0, 25, 0, 1, '', '2020-04-16 07:52:55', NULL),
(161, 1, 0, '09-03-01', 9, 3, 1, 0, 25, 0, 1, '', '2020-04-16 07:55:07', NULL),
(162, 1, 0, '09-04-01', 9, 4, 1, 0, 25, 0, 1, '', '2020-04-16 07:56:46', NULL),
(163, 1, 0, '09-05-01', 9, 5, 1, 0, 25, 0, 1, '', '2020-04-16 07:59:47', NULL),
(164, 1, 0, '09-06-01', 9, 6, 1, 0, 25, 0, 1, '', '2020-04-16 08:02:17', NULL),
(165, 1, 0, '09-07-01', 9, 7, 1, 0, 25, 0, 1, '', '2020-04-16 08:03:51', NULL),
(166, 1, 0, '10-01-01', 10, 1, 1, 0, 25, 0, 1, '', '2020-04-16 07:51:33', NULL),
(167, 1, 0, '10-02-01', 10, 2, 1, 0, 25, 0, 1, '', '2020-04-16 07:52:55', NULL),
(168, 1, 0, '10-03-01', 10, 3, 1, 0, 25, 0, 1, '', '2020-04-16 07:55:07', NULL),
(169, 1, 0, '10-04-01', 10, 4, 1, 0, 25, 0, 1, '', '2020-04-16 07:56:46', NULL),
(170, 1, 0, '10-05-01', 10, 5, 1, 0, 25, 0, 1, '', '2020-04-16 07:59:47', NULL),
(171, 1, 0, '10-06-01', 10, 6, 1, 0, 25, 0, 1, '', '2020-04-16 08:02:17', NULL),
(172, 1, 0, '10-07-01', 10, 7, 1, 0, 25, 0, 1, '', '2020-04-16 08:03:51', NULL),
(173, 1, 0, '11-01-01', 11, 1, 1, 0, 25, 0, 1, '', '2020-04-16 07:51:33', NULL),
(174, 1, 0, '11-02-01', 11, 2, 1, 0, 25, 0, 1, '', '2020-04-16 07:52:55', NULL),
(175, 1, 0, '11-03-01', 11, 3, 1, 0, 25, 0, 1, '', '2020-04-16 07:55:07', NULL),
(176, 1, 0, '11-04-01', 11, 4, 1, 0, 25, 0, 1, '', '2020-04-16 07:56:46', NULL),
(177, 1, 0, '11-05-01', 11, 5, 1, 0, 25, 0, 1, '', '2020-04-16 07:59:47', NULL),
(178, 1, 0, '11-06-01', 11, 6, 1, 0, 25, 0, 1, '', '2020-04-16 08:02:17', NULL),
(179, 1, 0, '11-07-01', 11, 7, 1, 0, 25, 0, 1, '', '2020-04-16 08:03:51', NULL),
(180, 1, 0, '12-01-01', 12, 1, 1, 0, 25, 0, 1, '', '2020-04-16 07:51:33', NULL),
(181, 1, 0, '12-02-01', 12, 2, 1, 0, 25, 0, 1, '', '2020-04-16 07:52:55', NULL),
(182, 1, 0, '12-03-01', 12, 3, 1, 0, 25, 0, 1, '', '2020-04-16 07:55:07', NULL),
(183, 1, 0, '12-04-01', 12, 4, 1, 0, 25, 0, 1, '', '2020-04-16 07:56:46', NULL),
(184, 1, 0, '12-05-01', 12, 5, 1, 0, 25, 0, 1, '', '2020-04-16 07:59:47', NULL),
(185, 1, 0, '12-06-01', 12, 6, 1, 0, 25, 0, 1, '', '2020-04-16 08:02:17', NULL),
(186, 1, 0, '12-07-01', 12, 7, 1, 0, 25, 0, 1, '', '2020-04-16 08:03:51', NULL),
(187, 1, 0, '13-01-01', 13, 1, 1, 0, 25, 0, 1, '', '2020-04-16 07:51:33', NULL),
(188, 1, 0, '13-02-01', 13, 2, 1, 0, 25, 0, 1, '', '2020-04-16 07:52:55', NULL),
(189, 1, 0, '13-03-01', 13, 3, 1, 0, 25, 0, 1, '', '2020-04-16 07:55:07', NULL),
(190, 1, 0, '13-04-01', 13, 4, 1, 0, 25, 0, 1, '', '2020-04-16 07:56:46', NULL),
(191, 1, 0, '13-05-01', 13, 5, 1, 0, 25, 0, 1, '', '2020-04-16 07:59:47', NULL),
(192, 1, 0, '13-06-01', 13, 6, 1, 0, 25, 0, 1, '', '2020-04-16 08:02:17', NULL),
(193, 1, 0, '13-07-01', 13, 7, 1, 0, 25, 0, 1, '', '2020-04-16 08:03:51', NULL),
(194, 1, 0, '14-01-01', 14, 1, 1, 0, 25, 0, 1, '', '2020-04-16 07:51:33', NULL),
(195, 1, 0, '14-02-01', 14, 2, 1, 0, 25, 0, 1, '', '2020-04-16 07:52:55', NULL),
(196, 1, 0, '14-03-01', 14, 3, 1, 0, 25, 0, 1, '', '2020-04-16 07:55:07', NULL),
(197, 1, 0, '14-04-01', 14, 4, 1, 0, 25, 0, 1, '', '2020-04-16 07:56:46', NULL),
(198, 1, 0, '14-05-01', 14, 5, 1, 0, 25, 0, 1, '', '2020-04-16 07:59:47', NULL),
(199, 1, 0, '14-06-01', 14, 6, 1, 0, 25, 0, 1, '', '2020-04-16 08:02:17', NULL),
(200, 1, 0, '14-07-01', 14, 7, 1, 0, 25, 0, 1, '', '2020-04-16 08:03:51', NULL),
(201, 1, 0, '15-01-01', 15, 1, 1, 0, 25, 0, 1, '', '2020-04-16 07:51:33', NULL),
(202, 1, 0, '15-02-01', 15, 2, 1, 0, 25, 0, 1, '', '2020-04-16 07:52:55', NULL),
(203, 1, 0, '15-03-01', 15, 3, 1, 0, 25, 0, 1, '', '2020-04-16 07:55:07', NULL),
(204, 1, 0, '15-04-01', 15, 4, 1, 0, 25, 0, 1, '', '2020-04-16 07:56:46', NULL),
(205, 1, 0, '15-05-01', 15, 5, 1, 0, 25, 0, 1, '', '2020-04-16 07:59:47', NULL),
(206, 1, 0, '15-06-01', 15, 6, 1, 0, 25, 0, 1, '', '2020-04-16 08:02:17', NULL),
(207, 1, 0, '15-07-01', 15, 7, 1, 0, 25, 0, 1, '', '2020-04-16 08:03:51', NULL),
(208, 1, 0, '16-01-01', 16, 1, 1, 0, 25, 0, 1, '', '2020-04-16 07:51:33', NULL),
(209, 1, 0, '16-02-01', 16, 2, 1, 0, 25, 0, 1, '', '2020-04-16 07:52:55', NULL),
(210, 1, 0, '16-03-01', 16, 3, 1, 0, 25, 0, 1, '', '2020-04-16 07:55:07', NULL),
(211, 1, 0, '16-04-01', 16, 4, 1, 0, 25, 0, 1, '', '2020-04-16 07:56:46', NULL),
(212, 1, 0, '16-05-01', 16, 5, 1, 0, 25, 0, 1, '', '2020-04-16 07:59:47', NULL),
(213, 1, 0, '16-06-01', 16, 6, 1, 0, 25, 0, 1, '', '2020-04-16 08:02:17', NULL),
(214, 1, 0, '16-07-01', 16, 7, 1, 0, 25, 0, 1, '', '2020-04-16 08:03:51', NULL),
(215, 1, 0, '17-01-01', 17, 1, 1, 0, 25, 0, 1, '', '2020-04-16 07:51:33', NULL),
(216, 1, 0, '17-02-01', 17, 2, 1, 0, 25, 0, 1, '', '2020-04-16 07:52:55', NULL),
(217, 1, 0, '17-03-01', 17, 3, 1, 0, 25, 0, 1, '', '2020-04-16 07:55:07', NULL),
(218, 1, 0, '17-04-01', 17, 4, 1, 0, 25, 0, 1, '', '2020-04-16 07:56:46', NULL),
(219, 1, 0, '17-05-01', 17, 5, 1, 0, 25, 0, 1, '', '2020-04-16 07:59:47', NULL),
(220, 1, 0, '17-06-01', 17, 6, 1, 0, 25, 0, 1, '', '2020-04-16 08:02:17', NULL),
(221, 1, 0, '17-07-01', 17, 7, 1, 0, 25, 0, 1, '', '2020-04-16 08:03:51', NULL),
(222, 1, 0, '18-01-01', 18, 1, 1, 0, 25, 0, 1, '', '2020-04-16 07:51:33', NULL),
(223, 1, 0, '18-02-01', 18, 2, 1, 0, 25, 0, 1, '', '2020-04-16 07:52:55', NULL),
(224, 1, 0, '18-03-01', 18, 3, 1, 0, 25, 0, 1, '', '2020-04-16 07:55:07', NULL),
(225, 1, 0, '18-04-01', 18, 4, 1, 0, 25, 0, 1, '', '2020-04-16 07:56:46', NULL),
(226, 1, 0, '18-05-01', 18, 5, 1, 0, 25, 0, 1, '', '2020-04-16 07:59:47', NULL),
(227, 1, 0, '18-06-01', 18, 6, 1, 0, 25, 0, 1, '', '2020-04-16 08:02:17', NULL),
(228, 1, 0, '18-07-01', 18, 7, 1, 0, 25, 0, 1, '', '2020-04-16 08:03:51', NULL),
(229, 1, 0, '19-01-01', 19, 1, 1, 0, 25, 0, 1, '', '2020-04-16 07:51:33', NULL),
(230, 1, 0, '19-02-01', 19, 2, 1, 0, 25, 0, 1, '', '2020-04-16 07:52:55', NULL),
(231, 1, 0, '19-03-01', 19, 3, 1, 0, 25, 0, 1, '', '2020-04-16 07:55:07', NULL),
(232, 1, 0, '19-04-01', 19, 4, 1, 0, 25, 0, 1, '', '2020-04-16 07:56:46', NULL),
(233, 1, 0, '19-05-01', 19, 5, 1, 0, 25, 0, 1, '', '2020-04-16 07:59:47', NULL),
(234, 1, 0, '19-06-01', 19, 6, 1, 0, 25, 0, 1, '', '2020-04-16 08:02:17', NULL),
(235, 1, 0, '19-07-01', 19, 7, 1, 0, 25, 0, 1, '', '2020-04-16 08:03:51', NULL),
(236, 1, 0, '20-01-01', 20, 1, 1, 0, 25, 0, 1, '', '2020-04-26 07:51:33', NULL),
(237, 1, 0, '20-02-01', 20, 2, 1, 0, 25, 0, 1, '', '2020-04-26 07:52:55', NULL),
(238, 1, 0, '20-03-01', 20, 3, 1, 0, 25, 0, 1, '', '2020-04-26 07:55:07', NULL),
(239, 1, 0, '20-04-01', 20, 4, 1, 0, 25, 0, 1, '', '2020-04-26 07:56:46', NULL),
(240, 1, 0, '20-05-01', 20, 5, 1, 0, 25, 0, 1, '', '2020-04-26 07:59:47', NULL),
(241, 1, 0, '20-06-01', 20, 6, 1, 0, 25, 0, 1, '', '2020-04-26 08:02:27', NULL),
(242, 1, 0, '20-07-01', 20, 7, 1, 0, 25, 0, 1, '', '2020-04-26 08:03:51', NULL),
(243, 1, 0, '21-01-01', 21, 1, 1, 0, 25, 0, 1, '', '2020-04-26 07:51:33', NULL),
(244, 1, 0, '21-02-01', 21, 2, 1, 0, 25, 0, 1, '', '2020-04-26 07:52:55', NULL),
(245, 1, 0, '21-03-01', 21, 3, 1, 0, 25, 0, 1, '', '2020-04-26 07:55:07', NULL),
(246, 1, 0, '21-04-01', 21, 4, 1, 0, 25, 0, 1, '', '2020-04-26 07:56:46', NULL),
(247, 1, 0, '21-05-01', 21, 5, 1, 0, 25, 0, 1, '', '2020-04-26 07:59:47', NULL),
(248, 1, 0, '21-06-01', 21, 6, 1, 0, 25, 0, 1, '', '2020-04-26 08:02:27', NULL),
(249, 1, 0, '21-07-01', 21, 7, 1, 0, 25, 0, 1, '', '2020-04-26 08:03:51', NULL),
(250, 1, 0, '22-01-01', 22, 1, 1, 0, 25, 0, 1, '', '2020-04-26 07:51:33', NULL),
(251, 1, 0, '22-02-01', 22, 2, 1, 0, 25, 0, 1, '', '2020-04-26 07:52:55', NULL),
(252, 1, 0, '22-03-01', 22, 3, 1, 0, 25, 0, 1, '', '2020-04-26 07:55:07', NULL),
(253, 1, 0, '22-04-01', 22, 4, 1, 0, 25, 0, 1, '', '2020-04-26 07:56:46', NULL),
(254, 1, 0, '22-05-01', 22, 5, 1, 0, 25, 0, 1, '', '2020-04-26 07:59:47', NULL),
(255, 1, 0, '22-06-01', 22, 6, 1, 0, 25, 0, 1, '', '2020-04-26 08:02:27', NULL),
(256, 1, 0, '22-07-01', 22, 7, 1, 0, 25, 0, 1, '', '2020-04-26 08:03:51', NULL),
(257, 1, 0, '23-01-01', 23, 1, 1, 0, 25, 0, 1, '', '2020-04-26 07:51:33', NULL),
(258, 1, 0, '23-02-01', 23, 2, 1, 0, 25, 0, 1, '', '2020-04-26 07:52:55', NULL),
(259, 1, 0, '23-03-01', 23, 3, 1, 0, 25, 0, 1, '', '2020-04-26 07:55:07', NULL),
(260, 1, 0, '23-04-01', 23, 4, 1, 0, 25, 0, 1, '', '2020-04-26 07:56:46', NULL),
(261, 1, 0, '23-05-01', 23, 5, 1, 0, 25, 0, 1, '', '2020-04-26 07:59:47', NULL),
(262, 1, 0, '23-06-01', 23, 6, 1, 0, 25, 0, 1, '', '2020-04-26 08:02:27', NULL),
(263, 1, 0, '23-07-01', 23, 7, 1, 0, 25, 0, 1, '', '2020-04-26 08:03:51', NULL),
(264, 1, 0, '24-01-01', 24, 1, 1, 0, 25, 0, 1, '', '2020-04-26 07:51:33', NULL),
(265, 1, 0, '24-02-01', 24, 2, 1, 0, 25, 0, 1, '', '2020-04-26 07:52:55', NULL),
(266, 1, 0, '24-03-01', 24, 3, 1, 0, 25, 0, 1, '', '2020-04-26 07:55:07', NULL),
(267, 1, 0, '24-04-01', 24, 4, 1, 0, 25, 0, 1, '', '2020-04-26 07:56:46', NULL),
(268, 1, 0, '24-05-01', 24, 5, 1, 0, 25, 0, 1, '', '2020-04-26 07:59:47', NULL),
(269, 1, 0, '24-06-01', 24, 6, 1, 0, 25, 0, 1, '', '2020-04-26 08:02:27', NULL),
(270, 1, 0, '24-07-01', 24, 7, 1, 0, 25, 0, 1, '', '2020-04-26 08:03:51', NULL),
(271, 1, 0, '25-01-01', 25, 1, 1, 0, 25, 0, 1, '', '2020-04-26 07:51:33', NULL),
(272, 1, 0, '25-02-01', 25, 2, 1, 0, 25, 0, 1, '', '2020-04-26 07:52:55', NULL),
(273, 1, 0, '25-03-01', 25, 3, 1, 0, 25, 0, 1, '', '2020-04-26 07:55:07', NULL),
(274, 1, 0, '25-04-01', 25, 4, 1, 0, 25, 0, 1, '', '2020-04-26 07:56:46', NULL),
(275, 1, 0, '25-05-01', 25, 5, 1, 0, 25, 0, 1, '', '2020-04-26 07:59:47', NULL),
(276, 1, 0, '25-06-01', 25, 6, 1, 0, 25, 0, 1, '', '2020-04-26 08:02:27', NULL),
(277, 1, 0, '25-07-01', 25, 7, 1, 0, 25, 0, 1, '', '2020-04-26 08:03:51', NULL),
(278, 1, 0, '26-01-01', 26, 1, 1, 0, 25, 0, 1, '', '2020-04-26 07:51:33', NULL),
(279, 1, 0, '26-02-01', 26, 2, 1, 0, 25, 0, 1, '', '2020-04-26 07:52:55', NULL),
(280, 1, 0, '26-03-01', 26, 3, 1, 0, 25, 0, 1, '', '2020-04-26 07:55:07', NULL),
(281, 1, 0, '26-04-01', 26, 4, 1, 0, 25, 0, 1, '', '2020-04-26 07:56:46', NULL),
(282, 1, 0, '26-05-01', 26, 5, 1, 0, 25, 0, 1, '', '2020-04-26 07:59:47', NULL),
(283, 1, 0, '26-06-01', 26, 6, 1, 0, 25, 0, 1, '', '2020-04-26 08:02:27', NULL),
(284, 1, 0, '26-07-01', 26, 7, 1, 0, 25, 0, 1, '', '2020-04-26 08:03:51', NULL),
(285, 1, 0, '27-01-01', 27, 1, 1, 0, 25, 0, 1, '', '2020-04-26 07:51:33', NULL),
(286, 1, 0, '27-02-01', 27, 2, 1, 0, 25, 0, 1, '', '2020-04-26 07:52:55', NULL),
(287, 1, 0, '27-03-01', 27, 3, 1, 0, 25, 0, 1, '', '2020-04-26 07:55:07', NULL),
(288, 1, 0, '27-04-01', 27, 4, 1, 0, 25, 0, 1, '', '2020-04-26 07:56:46', NULL),
(289, 1, 0, '27-05-01', 27, 5, 1, 0, 25, 0, 1, '', '2020-04-26 07:59:47', NULL),
(290, 1, 0, '27-06-01', 27, 6, 1, 0, 25, 0, 1, '', '2020-04-26 08:02:27', NULL),
(291, 1, 0, '27-07-01', 27, 7, 1, 0, 25, 0, 1, '', '2020-04-26 08:03:51', NULL),
(292, 1, 0, '28-01-01', 28, 1, 1, 0, 25, 0, 1, '', '2020-04-26 07:51:33', NULL),
(293, 1, 0, '28-02-01', 28, 2, 1, 0, 25, 0, 1, '', '2020-04-26 07:52:55', NULL),
(294, 1, 0, '28-03-01', 28, 3, 1, 0, 25, 0, 1, '', '2020-04-26 07:55:07', NULL),
(295, 1, 0, '28-04-01', 28, 4, 1, 0, 25, 0, 1, '', '2020-04-26 07:56:46', NULL),
(296, 1, 0, '28-05-01', 28, 5, 1, 0, 25, 0, 1, '', '2020-04-26 07:59:47', NULL),
(297, 1, 0, '28-06-01', 28, 6, 1, 0, 25, 0, 1, '', '2020-04-26 08:02:27', NULL),
(298, 1, 0, '28-07-01', 28, 7, 1, 0, 25, 0, 1, '', '2020-04-26 08:03:51', NULL),
(299, 1, 0, '29-01-01', 29, 1, 1, 0, 25, 0, 1, '', '2020-04-26 07:51:33', NULL),
(300, 1, 0, '29-02-01', 29, 2, 1, 0, 25, 0, 1, '', '2020-04-26 07:52:55', NULL),
(301, 1, 0, '29-03-01', 29, 3, 1, 0, 25, 0, 1, '', '2020-04-26 07:55:07', NULL),
(302, 1, 0, '29-04-01', 29, 4, 1, 0, 25, 0, 1, '', '2020-04-26 07:56:46', NULL),
(303, 1, 0, '29-05-01', 29, 5, 1, 0, 25, 0, 1, '', '2020-04-26 07:59:47', NULL),
(304, 1, 0, '29-06-01', 29, 6, 1, 0, 25, 0, 1, '', '2020-04-26 08:02:27', NULL),
(305, 1, 0, '29-07-01', 29, 7, 1, 0, 25, 0, 1, '', '2020-04-26 08:03:51', NULL),
(306, 1, 0, '33-01-01', 33, 1, 1, 0, 35, 0, 1, '', '2020-04-16 07:51:33', NULL),
(307, 1, 0, '33-02-01', 33, 2, 1, 0, 35, 0, 1, '', '2020-04-16 07:52:55', NULL),
(308, 1, 0, '33-03-01', 33, 3, 1, 0, 35, 0, 1, '', '2020-04-16 07:55:07', NULL),
(309, 1, 0, '33-04-01', 33, 4, 1, 0, 35, 0, 1, '', '2020-04-16 07:56:46', NULL),
(310, 1, 0, '33-05-01', 33, 5, 1, 0, 35, 0, 1, '', '2020-04-16 07:59:47', NULL),
(311, 1, 0, '33-06-01', 33, 6, 1, 0, 35, 0, 1, '', '2020-04-16 08:02:37', NULL),
(312, 1, 0, '33-07-01', 33, 7, 1, 0, 35, 0, 1, '', '2020-04-16 08:03:51', NULL),
(313, 1, 0, '34-01-01', 34, 1, 1, 0, 35, 0, 1, '', '2020-04-16 07:51:33', NULL),
(314, 1, 0, '34-02-01', 34, 2, 1, 0, 35, 0, 1, '', '2020-04-16 07:52:55', NULL),
(315, 1, 0, '34-03-01', 34, 3, 1, 0, 35, 0, 1, '', '2020-04-16 07:55:07', NULL),
(316, 1, 0, '34-04-01', 34, 4, 1, 0, 35, 0, 1, '', '2020-04-16 07:56:46', NULL),
(317, 1, 0, '34-05-01', 34, 5, 1, 0, 35, 0, 1, '', '2020-04-16 07:59:47', NULL),
(318, 1, 0, '34-06-01', 34, 6, 1, 0, 35, 0, 1, '', '2020-04-16 08:02:37', NULL),
(319, 1, 0, '34-07-01', 34, 7, 1, 0, 35, 0, 1, '', '2020-04-16 08:03:51', NULL),
(320, 1, 0, '35-01-01', 35, 1, 1, 0, 35, 0, 1, '', '2020-04-16 07:51:33', NULL),
(321, 1, 0, '35-02-01', 35, 2, 1, 0, 35, 0, 1, '', '2020-04-16 07:52:55', NULL),
(322, 1, 0, '35-03-01', 35, 3, 1, 0, 35, 0, 1, '', '2020-04-16 07:55:07', NULL),
(323, 1, 0, '35-04-01', 35, 4, 1, 0, 35, 0, 1, '', '2020-04-16 07:56:46', NULL),
(324, 1, 0, '35-05-01', 35, 5, 1, 0, 35, 0, 1, '', '2020-04-16 07:59:47', NULL),
(325, 1, 0, '35-06-01', 35, 6, 1, 0, 35, 0, 1, '', '2020-04-16 08:02:37', NULL),
(326, 1, 0, '35-07-01', 35, 7, 1, 0, 35, 0, 1, '', '2020-04-16 08:03:51', NULL),
(327, 1, 0, '36-01-01', 36, 1, 1, 0, 35, 0, 1, '', '2020-04-16 07:51:33', NULL),
(328, 1, 0, '36-02-01', 36, 2, 1, 0, 35, 0, 1, '', '2020-04-16 07:52:55', NULL),
(329, 1, 0, '36-03-01', 36, 3, 1, 0, 35, 0, 1, '', '2020-04-16 07:55:07', NULL),
(331, 1, 0, '36-05-01', 36, 5, 1, 0, 35, 0, 1, '', '2020-04-16 07:59:47', NULL),
(332, 1, 0, '36-06-01', 36, 6, 1, 0, 35, 0, 1, '', '2020-04-16 08:02:37', NULL),
(333, 1, 0, '36-04-01', 36, 4, 1, 0, 35, 0, 1, '', '2020-04-16 07:56:46', NULL),
(334, 1, 0, '37-01-01', 37, 1, 1, 0, 35, 0, 1, '', '2020-04-16 07:51:33', NULL),
(335, 1, 0, '37-02-01', 37, 2, 1, 0, 35, 0, 1, '', '2020-04-16 07:52:55', NULL),
(336, 1, 0, '37-03-01', 37, 3, 1, 0, 35, 0, 1, '', '2020-04-16 07:55:07', NULL),
(337, 1, 0, '37-04-01', 37, 4, 1, 0, 35, 0, 1, '', '2020-04-16 07:56:46', NULL),
(338, 1, 0, '37-05-01', 37, 5, 1, 0, 35, 0, 1, '', '2020-04-16 07:59:47', NULL),
(339, 1, 0, '37-06-01', 37, 6, 1, 0, 35, 0, 1, '', '2020-04-16 08:02:37', NULL),
(340, 1, 0, '37-07-01', 37, 7, 1, 0, 35, 0, 1, '', '2020-04-16 08:03:51', NULL),
(341, 1, 0, '38-01-01', 38, 1, 1, 0, 35, 0, 1, '', '2020-04-16 07:51:33', NULL),
(342, 1, 0, '38-02-01', 38, 2, 1, 0, 35, 0, 1, '', '2020-04-16 07:52:55', NULL),
(343, 1, 0, '38-03-01', 38, 3, 1, 0, 35, 0, 1, '', '2020-04-16 07:55:07', NULL),
(344, 1, 0, '38-04-01', 38, 4, 1, 0, 35, 0, 1, '', '2020-04-16 07:56:46', NULL),
(345, 1, 0, '38-05-01', 38, 5, 1, 0, 35, 0, 1, '', '2020-04-16 07:59:47', NULL),
(346, 1, 0, '38-06-01', 38, 6, 1, 0, 35, 0, 1, '', '2020-04-16 08:02:37', NULL),
(347, 1, 0, '38-07-01', 38, 7, 1, 0, 35, 0, 1, '', '2020-04-16 08:03:51', NULL),
(348, 1, 0, '39-01-01', 39, 1, 1, 0, 35, 0, 1, '', '2020-04-16 07:51:33', NULL),
(349, 1, 0, '39-02-01', 39, 2, 1, 0, 35, 0, 1, '', '2020-04-16 07:52:55', NULL),
(350, 1, 0, '39-03-01', 39, 3, 1, 0, 35, 0, 1, '', '2020-04-16 07:55:07', NULL),
(351, 1, 0, '39-04-01', 39, 4, 1, 0, 35, 0, 1, '', '2020-04-16 07:56:46', NULL),
(352, 1, 0, '39-05-01', 39, 5, 1, 0, 35, 0, 1, '', '2020-04-16 07:59:47', NULL),
(353, 1, 0, '39-06-01', 39, 6, 1, 0, 35, 0, 1, '', '2020-04-16 08:02:37', NULL),
(354, 1, 0, '36-07-01', 36, 7, 1, 0, 35, 0, 1, '', '2020-04-16 08:03:51', NULL),
(355, 1, 0, '39-07-01', 39, 7, 1, 0, 35, 0, 1, '', '2020-04-16 08:03:51', NULL),
(356, 1, 0, '40-01-01', 40, 1, 1, 0, 45, 0, 1, '', '2020-04-16 07:51:33', NULL),
(357, 1, 0, '40-02-01', 40, 2, 1, 0, 45, 0, 1, '', '2020-04-16 07:52:55', NULL),
(358, 1, 0, '40-03-01', 40, 3, 1, 0, 45, 0, 1, '', '2020-04-16 07:55:07', NULL),
(359, 1, 0, '40-04-01', 40, 4, 1, 0, 45, 0, 1, '', '2020-04-16 07:56:46', NULL),
(360, 1, 0, '40-05-01', 40, 5, 1, 0, 45, 0, 1, '', '2020-04-16 07:59:47', NULL),
(361, 1, 0, '40-06-01', 40, 6, 1, 0, 45, 0, 1, '', '2020-04-16 08:02:47', NULL),
(362, 1, 0, '40-07-01', 40, 7, 1, 0, 45, 0, 1, '', '2020-04-16 08:03:51', NULL),
(363, 1, 0, '41-01-01', 41, 1, 1, 0, 45, 0, 1, '', '2020-04-16 07:51:33', NULL),
(364, 1, 0, '41-02-01', 41, 2, 1, 0, 45, 0, 1, '', '2020-04-16 07:52:55', NULL),
(365, 1, 0, '41-03-01', 41, 3, 1, 0, 45, 0, 1, '', '2020-04-16 07:55:07', NULL),
(366, 1, 0, '41-04-01', 41, 4, 1, 0, 45, 0, 1, '', '2020-04-16 07:56:46', NULL),
(367, 1, 0, '41-05-01', 41, 5, 1, 0, 45, 0, 1, '', '2020-04-16 07:59:47', NULL),
(368, 1, 0, '41-06-01', 41, 6, 1, 0, 45, 0, 1, '', '2020-04-16 08:02:47', NULL),
(369, 1, 0, '41-07-01', 41, 7, 1, 0, 45, 0, 1, '', '2020-04-16 08:03:51', NULL),
(370, 1, 0, '42-01-01', 42, 1, 1, 0, 45, 0, 1, '', '2020-04-16 07:51:33', NULL),
(371, 1, 0, '42-02-01', 42, 2, 1, 0, 45, 0, 1, '', '2020-04-16 07:52:55', NULL),
(372, 1, 0, '42-03-01', 42, 3, 1, 0, 45, 0, 1, '', '2020-04-16 07:55:07', NULL),
(373, 1, 0, '42-04-01', 42, 4, 1, 0, 45, 0, 1, '', '2020-04-16 07:56:46', NULL),
(374, 1, 0, '42-05-01', 42, 5, 1, 0, 45, 0, 1, '', '2020-04-16 07:59:47', NULL),
(375, 1, 0, '42-06-01', 42, 6, 1, 0, 45, 0, 1, '', '2020-04-16 08:02:47', NULL),
(376, 1, 0, '42-07-01', 42, 7, 1, 0, 45, 0, 1, '', '2020-04-16 08:03:51', NULL),
(377, 1, 0, '43-01-01', 43, 1, 1, 0, 45, 0, 1, '', '2020-04-16 07:51:33', NULL),
(378, 1, 0, '43-02-01', 43, 2, 1, 0, 45, 0, 1, '', '2020-04-16 07:52:55', NULL),
(379, 1, 0, '43-03-01', 43, 3, 1, 0, 45, 0, 1, '', '2020-04-16 07:55:07', NULL),
(380, 1, 0, '43-04-01', 43, 4, 1, 0, 45, 0, 1, '', '2020-04-16 07:56:46', NULL),
(381, 1, 0, '43-05-01', 43, 5, 1, 0, 45, 0, 1, '', '2020-04-16 07:59:47', NULL),
(382, 1, 0, '43-06-01', 43, 6, 1, 0, 45, 0, 1, '', '2020-04-16 08:02:47', NULL),
(383, 1, 0, '43-07-01', 43, 7, 1, 0, 45, 0, 1, '', '2020-04-16 08:03:51', NULL),
(384, 1, 0, '44-01-01', 44, 1, 1, 0, 45, 0, 1, '', '2020-04-16 07:51:33', NULL),
(385, 1, 0, '44-02-01', 44, 2, 1, 0, 45, 0, 1, '', '2020-04-16 07:52:55', NULL),
(386, 1, 0, '44-03-01', 44, 3, 1, 0, 45, 0, 1, '', '2020-04-16 07:55:07', NULL),
(387, 1, 0, '44-04-01', 44, 4, 1, 0, 45, 0, 1, '', '2020-04-16 07:56:46', NULL),
(388, 1, 0, '44-05-01', 44, 5, 1, 0, 45, 0, 1, '', '2020-04-16 07:59:47', NULL),
(389, 1, 0, '44-06-01', 44, 6, 1, 0, 45, 0, 1, '', '2020-04-16 08:02:47', NULL),
(390, 1, 0, '44-07-01', 44, 7, 1, 0, 45, 0, 1, '', '2020-04-16 08:03:51', NULL),
(391, 1, 0, '45-01-01', 45, 1, 1, 0, 45, 0, 1, '', '2020-04-16 07:51:33', NULL),
(392, 1, 0, '45-02-01', 45, 2, 1, 0, 45, 0, 1, '', '2020-04-16 07:52:55', NULL),
(393, 1, 0, '45-03-01', 45, 3, 1, 0, 45, 0, 1, '', '2020-04-16 07:55:07', NULL),
(394, 1, 0, '45-04-01', 45, 4, 1, 0, 45, 0, 1, '', '2020-04-16 07:56:46', NULL),
(395, 1, 0, '45-05-01', 45, 5, 1, 0, 45, 0, 1, '', '2020-04-16 07:59:47', NULL),
(396, 1, 0, '45-06-01', 45, 6, 1, 0, 45, 0, 1, '', '2020-04-16 08:02:47', NULL),
(397, 1, 0, '45-07-01', 45, 7, 1, 0, 45, 0, 1, '', '2020-04-16 08:03:51', NULL),
(398, 1, 0, '46-01-01', 46, 1, 1, 0, 45, 0, 1, '', '2020-04-16 07:51:33', NULL),
(399, 1, 0, '46-02-01', 46, 2, 1, 0, 45, 0, 1, '', '2020-04-16 07:52:55', NULL),
(400, 1, 0, '46-03-01', 46, 3, 1, 0, 45, 0, 1, '', '2020-04-16 07:55:07', NULL),
(401, 1, 0, '46-04-01', 46, 4, 1, 0, 45, 0, 1, '', '2020-04-16 07:56:46', NULL),
(402, 1, 0, '46-05-01', 46, 5, 1, 0, 45, 0, 1, '', '2020-04-16 07:59:47', NULL),
(403, 1, 0, '46-06-01', 46, 6, 1, 0, 45, 0, 1, '', '2020-04-16 08:02:47', NULL),
(404, 1, 0, '46-07-01', 46, 7, 1, 0, 45, 0, 1, '', '2020-04-16 08:03:51', NULL),
(405, 1, 0, '47-01-01', 47, 1, 1, 0, 45, 0, 1, '', '2020-04-16 07:51:33', NULL),
(406, 1, 0, '47-02-01', 47, 2, 1, 0, 45, 0, 1, '', '2020-04-16 07:52:55', NULL),
(407, 1, 0, '47-03-01', 47, 3, 1, 0, 45, 0, 1, '', '2020-04-16 07:55:07', NULL),
(408, 1, 0, '47-04-01', 47, 4, 1, 0, 45, 0, 1, '', '2020-04-16 07:56:46', NULL),
(409, 1, 0, '47-05-01', 47, 5, 1, 0, 45, 0, 1, '', '2020-04-16 07:59:47', NULL),
(410, 1, 0, '47-06-01', 47, 6, 1, 0, 45, 0, 1, '', '2020-04-16 08:02:47', NULL),
(411, 1, 0, '47-07-01', 47, 7, 1, 0, 45, 0, 1, '', '2020-04-16 08:03:51', NULL),
(412, 1, 0, '48-01-01', 48, 1, 1, 0, 45, 0, 1, '', '2020-04-16 07:51:33', NULL),
(413, 1, 0, '48-02-01', 48, 2, 1, 0, 45, 0, 1, '', '2020-04-16 07:52:55', NULL),
(414, 1, 0, '48-03-01', 48, 3, 1, 0, 45, 0, 1, '', '2020-04-16 07:55:07', NULL),
(415, 1, 0, '48-04-01', 48, 4, 1, 0, 45, 0, 1, '', '2020-04-16 07:56:46', NULL),
(416, 1, 0, '48-05-01', 48, 5, 1, 0, 45, 0, 1, '', '2020-04-16 07:59:47', NULL),
(417, 1, 0, '48-06-01', 48, 6, 1, 0, 45, 0, 1, '', '2020-04-16 08:02:47', NULL),
(418, 1, 0, '48-07-01', 48, 7, 1, 0, 45, 0, 1, '', '2020-04-16 08:03:51', NULL),
(419, 1, 0, '49-01-01', 49, 1, 1, 0, 45, 0, 1, '', '2020-04-16 07:51:33', NULL),
(420, 1, 0, '49-02-01', 49, 2, 1, 0, 45, 0, 1, '', '2020-04-16 07:52:55', NULL),
(421, 1, 0, '49-03-01', 49, 3, 1, 0, 45, 0, 1, '', '2020-04-16 07:55:07', NULL),
(422, 1, 0, '49-04-01', 49, 4, 1, 0, 45, 0, 1, '', '2020-04-16 07:56:46', NULL),
(423, 1, 0, '49-05-01', 49, 5, 1, 0, 45, 0, 1, '', '2020-04-16 07:59:47', NULL),
(424, 1, 0, '49-06-01', 49, 6, 1, 0, 45, 0, 1, '', '2020-04-16 08:02:47', NULL),
(425, 1, 0, '49-07-01', 49, 7, 1, 0, 45, 0, 1, '', '2020-04-16 08:03:51', NULL),
(426, 1, 0, '50-01-01', 50, 1, 1, 2, 55, 0, 1, '', '2020-04-16 07:51:33', NULL),
(427, 1, 0, '50-02-01', 50, 2, 1, 2, 55, 0, 1, '', '2020-04-16 07:52:55', NULL),
(428, 1, 0, '50-03-01', 50, 3, 1, 2, 55, 0, 1, '', '2020-04-16 07:55:07', NULL),
(429, 1, 0, '50-04-01', 50, 4, 1, 2, 55, 0, 1, '', '2020-04-16 07:55:56', NULL),
(430, 1, 0, '50-05-01', 50, 5, 1, 2, 55, 0, 1, '', '2020-04-16 07:59:57', NULL),
(431, 1, 0, '50-06-01', 50, 6, 1, 2, 55, 0, 1, '', '2020-04-16 08:02:57', NULL),
(432, 1, 0, '50-07-01', 50, 7, 1, 2, 55, 0, 1, '', '2020-04-16 08:03:51', NULL),
(433, 1, 0, '51-01-01', 51, 1, 1, 2, 55, 0, 1, '', '2020-04-16 07:51:33', NULL),
(444, 1, 0, '51-02-01', 51, 2, 1, 2, 55, 0, 1, '', '2020-04-16 07:52:55', NULL),
(445, 1, 0, '51-03-01', 51, 3, 1, 2, 55, 0, 1, '', '2020-04-16 07:55:07', NULL),
(446, 1, 0, '51-04-01', 51, 4, 1, 2, 55, 0, 1, '', '2020-04-16 07:55:56', NULL),
(447, 1, 0, '51-05-01', 51, 5, 1, 2, 55, 0, 1, '', '2020-04-16 07:59:57', NULL),
(448, 1, 0, '51-06-01', 51, 6, 1, 2, 55, 0, 1, '', '2020-04-16 08:02:57', NULL),
(449, 1, 0, '51-07-01', 51, 7, 1, 2, 55, 0, 1, '', '2020-04-16 08:03:51', NULL),
(450, 1, 0, '52-01-01', 52, 1, 1, 2, 55, 0, 1, '', '2020-04-16 07:51:33', NULL),
(451, 1, 0, '52-02-01', 52, 2, 1, 2, 55, 0, 1, '', '2020-04-16 07:52:55', NULL),
(452, 1, 0, '52-03-01', 52, 3, 1, 2, 55, 0, 1, '', '2020-04-16 07:55:07', NULL),
(453, 1, 0, '52-04-01', 52, 4, 1, 2, 55, 0, 1, '', '2020-04-16 07:55:56', NULL),
(454, 1, 0, '52-05-01', 52, 5, 1, 2, 55, 0, 1, '', '2020-04-16 07:59:57', NULL),
(455, 1, 0, '52-06-01', 52, 6, 1, 2, 55, 0, 1, '', '2020-04-16 08:02:57', NULL),
(456, 1, 0, '52-07-01', 52, 7, 1, 2, 55, 0, 1, '', '2020-04-16 08:03:51', NULL),
(457, 1, 0, '53-01-01', 53, 1, 1, 2, 55, 0, 1, '', '2020-04-16 07:51:33', NULL),
(458, 1, 0, '53-02-01', 53, 2, 1, 2, 55, 0, 1, '', '2020-04-16 07:52:55', NULL),
(459, 1, 0, '53-03-01', 53, 3, 1, 2, 55, 0, 1, '', '2020-04-16 07:55:07', NULL),
(460, 1, 0, '53-04-01', 53, 4, 1, 2, 55, 0, 1, '', '2020-04-16 07:55:56', NULL),
(461, 1, 0, '53-05-01', 53, 5, 1, 2, 55, 0, 1, '', '2020-04-16 07:59:57', NULL),
(462, 1, 0, '53-06-01', 53, 6, 1, 2, 55, 0, 1, '', '2020-04-16 08:02:57', NULL),
(463, 1, 0, '53-07-01', 53, 7, 1, 2, 55, 0, 1, '', '2020-04-16 08:03:51', NULL),
(464, 1, 0, '54-01-01', 54, 1, 1, 2, 55, 0, 1, '', '2020-04-16 07:51:33', NULL),
(465, 1, 0, '54-02-01', 54, 2, 1, 2, 55, 0, 1, '', '2020-04-16 07:52:55', NULL),
(466, 1, 0, '54-03-01', 54, 3, 1, 2, 55, 0, 1, '', '2020-04-16 07:55:07', NULL),
(467, 1, 0, '54-04-01', 54, 4, 1, 2, 55, 0, 1, '', '2020-04-16 07:55:56', NULL),
(468, 1, 0, '54-05-01', 54, 5, 1, 2, 55, 0, 1, '', '2020-04-16 07:59:57', NULL),
(469, 1, 0, '54-06-01', 54, 6, 1, 2, 55, 0, 1, '', '2020-04-16 08:02:57', NULL),
(470, 1, 0, '54-07-01', 54, 7, 1, 2, 55, 0, 1, '', '2020-04-16 08:03:51', NULL),
(471, 1, 0, '55-01-01', 55, 1, 1, 2, 55, 0, 1, '', '2020-04-16 07:51:33', NULL),
(472, 1, 0, '55-02-01', 55, 2, 1, 2, 55, 0, 1, '', '2020-04-16 07:52:55', NULL),
(473, 1, 0, '55-03-01', 55, 3, 1, 2, 55, 0, 1, '', '2020-04-16 07:55:07', NULL),
(474, 1, 0, '55-04-01', 55, 4, 1, 2, 55, 0, 1, '', '2020-04-16 07:55:56', NULL),
(475, 1, 0, '55-05-01', 55, 5, 1, 2, 55, 0, 1, '', '2020-04-16 07:59:57', NULL),
(476, 1, 0, '55-06-01', 55, 6, 1, 2, 55, 0, 1, '', '2020-04-16 08:02:57', NULL),
(477, 1, 0, '55-07-01', 55, 7, 1, 2, 55, 0, 1, '', '2020-04-16 08:03:51', NULL),
(478, 1, 0, '56-01-01', 56, 1, 1, 2, 55, 0, 1, '', '2020-04-16 07:51:33', NULL),
(479, 1, 0, '56-02-01', 56, 2, 1, 2, 55, 0, 1, '', '2020-04-16 07:52:55', NULL),
(480, 1, 0, '56-03-01', 56, 3, 1, 2, 55, 0, 1, '', '2020-04-16 07:55:07', NULL),
(481, 1, 0, '56-04-01', 56, 4, 1, 2, 55, 0, 1, '', '2020-04-16 07:55:56', NULL),
(482, 1, 0, '56-05-01', 56, 5, 1, 2, 55, 0, 1, '', '2020-04-16 07:59:57', NULL),
(483, 1, 0, '56-06-01', 56, 6, 1, 2, 55, 0, 1, '', '2020-04-16 08:02:57', NULL),
(484, 1, 0, '56-07-01', 56, 7, 1, 2, 55, 0, 1, '', '2020-04-16 08:03:51', NULL),
(485, 1, 0, '57-01-01', 57, 1, 1, 2, 55, 0, 1, '', '2020-04-16 07:51:33', NULL),
(486, 1, 0, '57-02-01', 57, 2, 1, 2, 55, 0, 1, '', '2020-04-16 07:52:55', NULL),
(487, 1, 0, '57-03-01', 57, 3, 1, 2, 55, 0, 1, '', '2020-04-16 07:55:07', NULL),
(498, 1, 0, '57-04-01', 57, 4, 1, 2, 55, 0, 1, '', '2020-04-16 07:55:56', NULL),
(499, 1, 0, '57-05-01', 57, 5, 1, 2, 55, 0, 1, '', '2020-04-16 07:59:57', NULL),
(500, 1, 0, '57-06-01', 57, 6, 1, 2, 55, 0, 1, '', '2020-04-16 08:02:57', NULL),
(501, 1, 0, '57-07-01', 57, 7, 1, 2, 55, 0, 1, '', '2020-04-16 08:03:51', NULL),
(502, 2, 0, '01-01-03', 1, 1, 3, 3, 6, 0, 1, '', '2020-04-16 07:51:33', NULL),
(503, 2, 0, '01-01-04', 1, 1, 4, 3, 6, 0, 1, '', '2020-04-16 07:51:33', NULL),
(504, 2, 0, '01-02-01', 1, 2, 1, 3, 6, 0, 1, '', '2020-04-16 07:51:33', NULL),
(505, 2, 0, '01-02-02', 1, 2, 2, 3, 6, 0, 1, '', '2020-04-16 07:51:33', NULL),
(506, 2, 0, '01-02-03', 1, 2, 3, 3, 6, 0, 1, '', '2020-04-16 07:51:33', NULL),
(507, 2, 0, '01-02-04', 1, 2, 4, 3, 6, 0, 1, '', '2020-04-16 07:51:33', NULL),
(508, 2, 0, '01-03-01', 1, 3, 1, 3, 6, 0, 1, '', '2020-04-16 07:51:33', NULL),
(509, 2, 0, '01-03-02', 1, 3, 2, 3, 6, 0, 1, '', '2020-04-16 07:51:33', NULL),
(510, 2, 0, '01-03-03', 1, 3, 3, 3, 6, 0, 1, '', '2020-04-16 07:51:33', NULL),
(511, 2, 0, '01-03-04', 1, 3, 4, 3, 6, 0, 1, '', '2020-04-16 07:51:33', NULL),
(512, 2, 0, '01-04-01', 1, 4, 1, 3, 6, 0, 1, '', '2020-04-16 07:51:33', NULL),
(513, 2, 0, '01-04-02', 1, 4, 2, 3, 6, 0, 1, '', '2020-04-16 07:51:33', NULL),
(514, 2, 0, '01-04-03', 1, 4, 3, 3, 6, 0, 1, '', '2020-04-16 07:51:33', NULL),
(515, 2, 0, '01-04-04', 1, 4, 4, 3, 6, 0, 1, '', '2020-04-16 07:51:33', NULL),
(516, 2, 0, '01-05-01', 1, 5, 1, 3, 6, 0, 1, '', '2020-04-16 07:51:33', NULL),
(517, 2, 0, '01-05-02', 1, 5, 2, 3, 6, 0, 1, '', '2020-04-16 07:51:33', NULL),
(518, 2, 0, '01-05-03', 1, 5, 3, 3, 6, 0, 1, '', '2020-04-16 07:51:33', NULL),
(519, 2, 0, '01-05-04', 1, 5, 4, 3, 6, 0, 1, '', '2020-04-16 07:51:33', NULL),
(520, 2, 0, '01-06-01', 1, 6, 1, 3, 6, 0, 1, '', '2020-04-16 07:51:33', NULL),
(521, 2, 0, '01-06-02', 1, 6, 2, 3, 6, 0, 1, '', '2020-04-16 07:51:33', NULL),
(522, 2, 0, '01-06-03', 1, 6, 3, 3, 6, 0, 1, '', '2020-04-16 07:51:33', NULL),
(523, 2, 0, '01-06-04', 1, 6, 4, 3, 6, 0, 1, '', '2020-04-16 07:51:33', NULL),
(524, 2, 0, '01-07-01', 1, 7, 1, 3, 6, 0, 1, '', '2020-04-16 07:51:33', NULL),
(525, 2, 0, '01-07-02', 1, 7, 2, 3, 6, 0, 1, '', '2020-04-16 07:51:33', NULL),
(526, 2, 0, '01-07-03', 1, 7, 3, 3, 6, 0, 1, '', '2020-04-16 07:51:33', NULL),
(527, 2, 0, '01-07-04', 1, 7, 4, 3, 6, 0, 1, '', '2020-04-16 07:51:33', NULL),
(528, 2, 0, '01-08-01', 1, 8, 1, 3, 6, 0, 1, '', '2020-04-16 07:51:33', NULL),
(529, 2, 0, '01-08-02', 1, 8, 2, 3, 6, 0, 1, '', '2020-04-16 07:51:33', NULL),
(530, 2, 0, '01-08-03', 1, 8, 3, 3, 6, 0, 1, '', '2020-04-16 07:51:33', NULL),
(531, 2, 0, '01-08-04', 1, 8, 4, 3, 6, 0, 1, '', '2020-04-16 07:51:33', NULL),
(532, 2, 0, '01-09-01', 1, 9, 1, 3, 6, 0, 1, '', '2020-04-16 07:51:33', NULL),
(533, 2, 0, '01-09-02', 1, 9, 2, 3, 6, 0, 1, '', '2020-04-16 07:51:33', NULL),
(534, 2, 0, '01-09-03', 1, 9, 3, 3, 6, 0, 1, '', '2020-04-16 07:51:33', NULL),
(535, 2, 0, '01-09-04', 1, 9, 4, 3, 6, 0, 1, '', '2020-04-16 07:51:33', NULL),
(536, 2, 0, '01-10-01', 1, 10, 1, 3, 6, 0, 1, '', '2020-04-16 07:51:33', NULL),
(537, 2, 0, '01-10-02', 1, 10, 2, 3, 6, 0, 1, '', '2020-04-16 07:51:33', NULL),
(538, 2, 0, '01-10-03', 1, 10, 3, 3, 6, 0, 1, '', '2020-04-16 07:51:33', NULL),
(539, 2, 0, '01-10-04', 1, 10, 4, 3, 6, 0, 1, '', '2020-04-16 07:51:33', NULL),
(540, 2, 0, '01-11-01', 1, 11, 1, 3, 6, 0, 1, '', '2020-04-16 07:51:33', NULL),
(541, 2, 0, '01-11-02', 1, 11, 2, 3, 6, 0, 1, '', '2020-04-16 07:51:33', NULL),
(542, 2, 0, '01-11-03', 1, 11, 3, 3, 6, 0, 1, '', '2020-04-16 07:51:33', NULL),
(543, 2, 0, '01-11-04', 1, 11, 4, 3, 6, 0, 1, '', '2020-04-16 07:51:33', NULL),
(544, 2, 0, '01-12-01', 1, 12, 1, 3, 6, 0, 1, '', '2020-04-16 07:51:33', NULL),
(545, 2, 0, '01-12-02', 1, 12, 2, 3, 6, 0, 1, '', '2020-04-16 07:51:33', NULL),
(546, 2, 0, '01-12-03', 1, 12, 3, 3, 6, 0, 1, '', '2020-04-16 07:51:33', NULL),
(547, 2, 0, '01-12-04', 1, 12, 4, 3, 6, 0, 1, '', '2020-04-16 07:51:33', NULL),
(548, 2, 0, '01-13-01', 1, 13, 1, 3, 6, 0, 1, '', '2020-04-16 07:51:33', NULL),
(549, 2, 0, '01-13-02', 1, 13, 2, 3, 6, 0, 1, '', '2020-04-16 07:51:33', NULL),
(550, 2, 0, '01-13-03', 1, 13, 3, 3, 6, 0, 1, '', '2020-04-16 07:51:33', NULL),
(551, 2, 0, '01-13-04', 1, 13, 4, 3, 6, 0, 1, '', '2020-04-16 07:51:33', NULL),
(552, 2, 0, '02-01-01', 2, 1, 1, 3, 6, 0, 1, '', '2020-04-16 07:51:33', NULL),
(553, 2, 0, '02-01-02', 2, 1, 2, 3, 6, 0, 1, '', '2020-04-16 07:51:33', NULL),
(554, 2, 0, '02-02-01', 2, 2, 1, 3, 6, 0, 1, '', '2020-04-16 07:51:33', NULL),
(555, 2, 0, '02-02-02', 2, 2, 2, 3, 6, 0, 1, '', '2020-04-16 07:51:33', NULL),
(556, 2, 0, '02-02-03', 2, 2, 3, 3, 6, 0, 1, '', '2020-04-16 07:51:33', NULL),
(557, 2, 0, '02-02-04', 2, 2, 4, 3, 6, 0, 1, '', '2020-04-16 07:51:33', NULL),
(558, 2, 0, '02-03-01', 2, 3, 1, 3, 6, 0, 1, '', '2020-04-16 07:51:33', NULL),
(559, 2, 0, '02-03-02', 2, 3, 2, 3, 6, 0, 1, '', '2020-04-16 07:51:33', NULL),
(560, 2, 0, '02-03-03', 2, 3, 3, 3, 6, 0, 1, '', '2020-04-16 07:51:33', NULL),
(561, 2, 0, '02-03-04', 2, 3, 4, 3, 6, 0, 1, '', '2020-04-16 07:51:33', NULL),
(562, 2, 0, '02-04-01', 2, 4, 1, 3, 6, 0, 1, '', '2020-04-16 07:51:33', NULL),
(563, 2, 0, '02-04-02', 2, 4, 2, 3, 6, 0, 1, '', '2020-04-16 07:51:33', NULL),
(564, 2, 0, '02-04-03', 2, 4, 3, 3, 6, 0, 1, '', '2020-04-16 07:51:33', NULL),
(565, 2, 0, '02-04-04', 2, 4, 4, 3, 6, 0, 1, '', '2020-04-16 07:51:33', NULL),
(566, 2, 0, '02-05-01', 2, 5, 1, 3, 6, 0, 1, '', '2020-04-16 07:51:33', NULL),
(567, 2, 0, '02-05-02', 2, 5, 2, 3, 6, 0, 1, '', '2020-04-16 07:51:33', NULL),
(568, 2, 0, '02-05-03', 2, 5, 3, 3, 6, 0, 1, '', '2020-04-16 07:51:33', NULL),
(569, 2, 0, '02-05-04', 2, 5, 4, 3, 6, 0, 1, '', '2020-04-16 07:51:33', NULL),
(570, 2, 0, '02-06-01', 2, 6, 1, 3, 6, 0, 1, '', '2020-04-16 07:51:33', NULL),
(571, 2, 0, '02-06-02', 2, 6, 2, 3, 6, 0, 1, '', '2020-04-16 07:51:33', NULL),
(572, 2, 0, '02-06-03', 2, 6, 3, 3, 6, 0, 1, '', '2020-04-16 07:51:33', NULL),
(573, 2, 0, '02-06-04', 2, 6, 4, 3, 6, 0, 1, '', '2020-04-16 07:51:33', NULL),
(574, 2, 0, '02-07-01', 2, 7, 1, 3, 6, 0, 1, '', '2020-04-16 07:51:33', NULL),
(575, 2, 0, '02-07-02', 2, 7, 2, 3, 6, 0, 1, '', '2020-04-16 07:51:33', NULL),
(576, 2, 0, '02-07-03', 2, 7, 3, 3, 6, 0, 1, '', '2020-04-16 07:51:33', NULL),
(577, 2, 0, '02-07-04', 2, 7, 4, 3, 6, 0, 1, '', '2020-04-16 07:51:33', NULL),
(578, 2, 0, '02-08-01', 2, 8, 1, 3, 6, 0, 1, '', '2020-04-16 07:51:33', NULL),
(579, 2, 0, '02-08-02', 2, 8, 2, 3, 6, 0, 1, '', '2020-04-16 07:51:33', NULL),
(580, 2, 0, '02-08-03', 2, 8, 3, 3, 6, 0, 1, '', '2020-04-16 07:51:33', NULL),
(581, 2, 0, '02-08-04', 2, 8, 4, 3, 6, 0, 1, '', '2020-04-16 07:51:33', NULL),
(582, 2, 0, '02-09-01', 2, 9, 1, 3, 6, 0, 1, '', '2020-04-16 07:51:33', NULL),
(583, 2, 0, '02-09-02', 2, 9, 2, 3, 6, 0, 1, '', '2020-04-16 07:51:33', NULL),
(584, 2, 0, '02-09-03', 2, 9, 3, 3, 6, 0, 1, '', '2020-04-16 07:51:33', NULL),
(585, 2, 0, '02-09-04', 2, 9, 4, 3, 6, 0, 1, '', '2020-04-16 07:51:33', NULL),
(586, 2, 0, '02-10-01', 2, 10, 1, 3, 6, 0, 1, '', '2020-04-16 07:51:33', NULL),
(587, 2, 0, '02-10-02', 2, 10, 2, 3, 6, 0, 1, '', '2020-04-16 07:51:33', NULL),
(588, 2, 0, '02-10-03', 2, 10, 3, 3, 6, 0, 1, '', '2020-04-16 07:51:33', NULL),
(589, 2, 0, '02-10-04', 2, 10, 4, 3, 6, 0, 1, '', '2020-04-16 07:51:33', NULL),
(590, 2, 0, '02-11-01', 2, 11, 1, 3, 6, 0, 1, '', '2020-04-16 07:51:33', NULL),
(591, 2, 0, '02-11-02', 2, 11, 2, 3, 6, 0, 1, '', '2020-04-16 07:51:33', NULL),
(592, 2, 0, '02-11-03', 2, 11, 3, 3, 6, 0, 1, '', '2020-04-16 07:51:33', NULL),
(593, 2, 0, '02-11-04', 2, 11, 4, 3, 6, 0, 1, '', '2020-04-16 07:51:33', NULL),
(594, 2, 0, '02-12-01', 2, 12, 1, 3, 6, 0, 1, '', '2020-04-16 07:51:33', NULL),
(595, 2, 0, '02-12-02', 2, 12, 2, 3, 6, 0, 1, '', '2020-04-16 07:51:33', NULL),
(596, 2, 0, '02-12-03', 2, 12, 3, 3, 6, 0, 1, '', '2020-04-16 07:51:33', NULL),
(597, 2, 0, '02-12-04', 2, 12, 4, 3, 6, 0, 1, '', '2020-04-16 07:51:33', NULL),
(598, 2, 0, '02-13-01', 2, 13, 1, 3, 6, 0, 1, '', '2020-04-16 07:51:33', NULL),
(599, 2, 0, '02-13-02', 2, 13, 2, 3, 6, 0, 1, '', '2020-04-16 07:51:33', NULL),
(600, 2, 0, '02-13-03', 2, 13, 3, 3, 6, 0, 1, '', '2020-04-16 07:51:33', NULL),
(601, 2, 0, '02-13-04', 2, 13, 4, 3, 6, 0, 1, '', '2020-04-16 07:51:33', NULL),
(602, 2, 0, '02-01-03', 2, 1, 3, 3, 6, 0, 1, '', '2020-04-16 07:51:33', NULL),
(603, 2, 0, '02-01-04', 2, 1, 4, 3, 6, 0, 1, '', '2020-04-16 07:51:33', NULL),
(604, 2, 0, '03-01-01', 3, 1, 1, 3, 6, 0, 1, '', '2020-04-16 07:51:33', NULL),
(605, 2, 0, '03-01-02', 3, 1, 2, 3, 6, 0, 1, '', '2020-04-16 07:51:33', NULL),
(606, 2, 0, '03-01-03', 3, 1, 3, 3, 6, 0, 1, '', '2020-04-16 07:51:33', NULL),
(607, 2, 0, '03-01-04', 3, 1, 4, 3, 6, 0, 1, '', '2020-04-16 07:51:33', NULL),
(608, 2, 0, '03-02-01', 3, 2, 1, 3, 6, 0, 1, '', '2020-04-16 07:51:33', NULL),
(609, 2, 0, '03-02-02', 3, 2, 2, 3, 6, 0, 1, '', '2020-04-16 07:51:33', NULL),
(610, 2, 0, '03-02-03', 3, 2, 3, 3, 6, 0, 1, '', '2020-04-16 07:51:33', NULL),
(611, 2, 0, '03-02-04', 3, 2, 4, 3, 6, 0, 1, '', '2020-04-16 07:51:33', NULL),
(612, 2, 0, '03-03-01', 3, 3, 1, 3, 6, 0, 1, '', '2020-04-16 07:51:33', NULL),
(613, 2, 0, '03-03-02', 3, 3, 2, 3, 6, 0, 1, '', '2020-04-16 07:51:33', NULL),
(614, 2, 0, '03-03-03', 3, 3, 3, 3, 6, 0, 1, '', '2020-04-16 07:51:33', NULL),
(615, 2, 0, '03-03-04', 3, 3, 4, 3, 6, 0, 1, '', '2020-04-16 07:51:33', NULL),
(616, 2, 0, '03-04-01', 3, 4, 1, 3, 6, 0, 1, '', '2020-04-16 07:51:33', NULL),
(617, 2, 0, '03-04-02', 3, 4, 2, 3, 6, 0, 1, '', '2020-04-16 07:51:33', NULL),
(618, 2, 0, '03-04-03', 3, 4, 3, 3, 6, 0, 1, '', '2020-04-16 07:51:33', NULL),
(619, 2, 0, '03-04-04', 3, 4, 4, 3, 6, 0, 1, '', '2020-04-16 07:51:33', NULL),
(620, 2, 0, '03-05-01', 3, 5, 1, 3, 6, 0, 1, '', '2020-04-16 07:51:33', NULL),
(621, 2, 0, '03-05-02', 3, 5, 2, 3, 6, 0, 1, '', '2020-04-16 07:51:33', NULL),
(622, 2, 0, '03-05-03', 3, 5, 3, 3, 6, 0, 1, '', '2020-04-16 07:51:33', NULL),
(623, 2, 0, '03-05-04', 3, 5, 4, 3, 6, 0, 1, '', '2020-04-16 07:51:33', NULL),
(624, 2, 0, '03-06-01', 3, 6, 1, 3, 6, 0, 1, '', '2020-04-16 07:51:33', NULL),
(625, 2, 0, '03-06-02', 3, 6, 2, 3, 6, 0, 1, '', '2020-04-16 07:51:33', NULL),
(626, 2, 0, '03-06-03', 3, 6, 3, 3, 6, 0, 1, '', '2020-04-16 07:51:33', NULL),
(627, 2, 0, '03-06-04', 3, 6, 4, 3, 6, 0, 1, '', '2020-04-16 07:51:33', NULL),
(628, 2, 0, '03-07-01', 3, 7, 1, 3, 6, 0, 1, '', '2020-04-16 07:51:33', NULL),
(629, 2, 0, '03-07-02', 3, 7, 2, 3, 6, 0, 1, '', '2020-04-16 07:51:33', NULL),
(630, 2, 0, '03-07-03', 3, 7, 3, 3, 6, 0, 1, '', '2020-04-16 07:51:33', NULL),
(631, 2, 0, '03-07-04', 3, 7, 4, 3, 6, 0, 1, '', '2020-04-16 07:51:33', NULL),
(632, 2, 0, '03-08-01', 3, 8, 1, 3, 6, 0, 1, '', '2020-04-16 07:51:33', NULL),
(633, 2, 0, '03-08-02', 3, 8, 2, 3, 6, 0, 1, '', '2020-04-16 07:51:33', NULL),
(634, 2, 0, '03-08-03', 3, 8, 3, 3, 6, 0, 1, '', '2020-04-16 07:51:33', NULL),
(635, 2, 0, '03-08-04', 3, 8, 4, 3, 6, 0, 1, '', '2020-04-16 07:51:33', NULL),
(636, 2, 0, '03-09-01', 3, 9, 1, 3, 6, 0, 1, '', '2020-04-16 07:51:33', NULL),
(637, 2, 0, '03-09-02', 3, 9, 2, 3, 6, 0, 1, '', '2020-04-16 07:51:33', NULL),
(638, 2, 0, '03-09-03', 3, 9, 3, 3, 6, 0, 1, '', '2020-04-16 07:51:33', NULL),
(639, 2, 0, '03-09-04', 3, 9, 4, 3, 6, 0, 1, '', '2020-04-16 07:51:33', NULL),
(640, 2, 0, '03-10-01', 3, 10, 1, 3, 6, 0, 1, '', '2020-04-16 07:51:33', NULL),
(641, 2, 0, '03-10-02', 3, 10, 2, 3, 6, 0, 1, '', '2020-04-16 07:51:33', NULL),
(642, 2, 0, '03-10-03', 3, 10, 3, 3, 6, 0, 1, '', '2020-04-16 07:51:33', NULL),
(643, 2, 0, '03-10-04', 3, 10, 4, 3, 6, 0, 1, '', '2020-04-16 07:51:33', NULL),
(644, 2, 0, '03-11-01', 3, 11, 1, 3, 6, 0, 1, '', '2020-04-16 07:51:33', NULL),
(645, 2, 0, '03-11-02', 3, 11, 2, 3, 6, 0, 1, '', '2020-04-16 07:51:33', NULL),
(646, 2, 0, '03-11-03', 3, 11, 3, 3, 6, 0, 1, '', '2020-04-16 07:51:33', NULL),
(647, 2, 0, '03-11-04', 3, 11, 4, 3, 6, 0, 1, '', '2020-04-16 07:51:33', NULL),
(648, 2, 0, '03-12-01', 3, 12, 1, 3, 6, 0, 1, '', '2020-04-16 07:51:33', NULL),
(649, 2, 0, '03-12-02', 3, 12, 2, 3, 6, 0, 1, '', '2020-04-16 07:51:33', NULL),
(650, 2, 0, '03-12-03', 3, 12, 3, 3, 6, 0, 1, '', '2020-04-16 07:51:33', NULL),
(651, 2, 0, '03-12-04', 3, 12, 4, 3, 6, 0, 1, '', '2020-04-16 07:51:33', NULL),
(652, 2, 0, '03-13-01', 3, 13, 1, 3, 6, 0, 1, '', '2020-04-16 07:51:33', NULL),
(653, 2, 0, '03-13-02', 3, 13, 2, 3, 6, 0, 1, '', '2020-04-16 07:51:33', NULL),
(654, 2, 0, '03-13-03', 3, 13, 3, 3, 6, 0, 1, '', '2020-04-16 07:51:33', NULL),
(655, 2, 0, '03-13-04', 3, 13, 4, 3, 6, 0, 1, '', '2020-04-16 07:51:33', NULL),
(656, 2, 0, '23-13-03', 23, 13, 3, 3, 6, 0, 1, '', '2320-04-16 07:51:33', NULL),
(657, 2, 0, '23-13-04', 23, 13, 4, 3, 6, 0, 1, '', '2320-04-16 07:51:33', NULL),
(658, 2, 0, '24-13-03', 24, 13, 3, 3, 6, 0, 1, '', '2420-04-16 07:51:33', NULL),
(659, 2, 0, '24-13-04', 24, 13, 4, 3, 6, 0, 1, '', '2420-04-16 07:51:33', NULL);
INSERT INTO `ms_unit_bin` (`id`, `id_unit`, `id_bin_group`, `code`, `shelf`, `compartment`, `depth`, `id_capacity`, `capacity`, `id_current_item`, `is_active`, `note`, `created_at`, `updated_at`) VALUES
(660, 2, 0, '22-13-03', 22, 13, 3, 3, 6, 0, 1, '', '2220-04-16 07:51:33', NULL),
(661, 2, 0, '22-13-04', 22, 13, 4, 3, 6, 0, 1, '', '2220-04-16 07:51:33', NULL),
(662, 2, 0, '21-13-03', 21, 13, 3, 3, 6, 0, 1, '', '2120-04-16 07:51:33', NULL),
(663, 2, 0, '21-13-04', 21, 13, 4, 3, 6, 0, 1, '', '2120-04-16 07:51:33', NULL),
(664, 2, 0, '04-01-01', 4, 1, 1, 3, 6, 0, 1, '', '2020-04-16 07:51:33', NULL),
(665, 2, 0, '04-01-02', 4, 1, 2, 3, 6, 0, 1, '', '2020-04-16 07:51:33', NULL),
(666, 2, 0, '04-01-03', 4, 1, 3, 3, 6, 0, 1, '', '2020-04-16 07:51:33', NULL),
(667, 2, 0, '04-01-04', 4, 1, 4, 3, 6, 0, 1, '', '2020-04-16 07:51:33', NULL),
(668, 2, 0, '04-02-01', 4, 2, 1, 3, 6, 0, 1, '', '2020-04-16 07:51:33', NULL),
(669, 2, 0, '04-02-02', 4, 2, 2, 3, 6, 0, 1, '', '2020-04-16 07:51:33', NULL),
(670, 2, 0, '04-02-03', 4, 2, 3, 3, 6, 0, 1, '', '2020-04-16 07:51:33', NULL),
(671, 2, 0, '04-02-04', 4, 2, 4, 3, 6, 0, 1, '', '2020-04-16 07:51:33', NULL),
(672, 2, 0, '04-03-01', 4, 3, 1, 3, 6, 0, 1, '', '2020-04-16 07:51:33', NULL),
(673, 2, 0, '04-03-02', 4, 3, 2, 3, 6, 0, 1, '', '2020-04-16 07:51:33', NULL),
(674, 2, 0, '04-03-03', 4, 3, 3, 3, 6, 0, 1, '', '2020-04-16 07:51:33', NULL),
(675, 2, 0, '04-03-04', 4, 3, 4, 3, 6, 0, 1, '', '2020-04-16 07:51:33', NULL),
(676, 2, 0, '04-04-01', 4, 4, 1, 3, 6, 0, 1, '', '2020-04-16 07:51:33', NULL),
(677, 2, 0, '04-04-02', 4, 4, 2, 3, 6, 0, 1, '', '2020-04-16 07:51:33', NULL),
(678, 2, 0, '04-04-03', 4, 4, 3, 3, 6, 0, 1, '', '2020-04-16 07:51:33', NULL),
(679, 2, 0, '04-04-04', 4, 4, 4, 3, 6, 0, 1, '', '2020-04-16 07:51:33', NULL),
(680, 2, 0, '04-05-01', 4, 5, 1, 3, 6, 0, 1, '', '2020-04-16 07:51:33', NULL),
(681, 2, 0, '04-05-02', 4, 5, 2, 3, 6, 0, 1, '', '2020-04-16 07:51:33', NULL),
(682, 2, 0, '04-05-03', 4, 5, 3, 3, 6, 0, 1, '', '2020-04-16 07:51:33', NULL),
(683, 2, 0, '04-05-04', 4, 5, 4, 3, 6, 0, 1, '', '2020-04-16 07:51:33', NULL),
(684, 2, 0, '04-06-01', 4, 6, 1, 3, 6, 0, 1, '', '2020-04-16 07:51:33', NULL),
(685, 2, 0, '04-06-02', 4, 6, 2, 3, 6, 0, 1, '', '2020-04-16 07:51:33', NULL),
(686, 2, 0, '04-06-03', 4, 6, 3, 3, 6, 0, 1, '', '2020-04-16 07:51:33', NULL),
(687, 2, 0, '04-06-04', 4, 6, 4, 3, 6, 0, 1, '', '2020-04-16 07:51:33', NULL),
(688, 2, 0, '04-07-01', 4, 7, 1, 3, 6, 0, 1, '', '2020-04-16 07:51:33', NULL),
(689, 2, 0, '04-07-02', 4, 7, 2, 3, 6, 0, 1, '', '2020-04-16 07:51:33', NULL),
(690, 2, 0, '04-07-03', 4, 7, 3, 3, 6, 0, 1, '', '2020-04-16 07:51:33', NULL),
(691, 2, 0, '04-07-04', 4, 7, 4, 3, 6, 0, 1, '', '2020-04-16 07:51:33', NULL),
(692, 2, 0, '04-08-01', 4, 8, 1, 3, 6, 0, 1, '', '2020-04-16 07:51:33', NULL),
(693, 2, 0, '04-08-02', 4, 8, 2, 3, 6, 0, 1, '', '2020-04-16 07:51:33', NULL),
(694, 2, 0, '04-08-03', 4, 8, 3, 3, 6, 0, 1, '', '2020-04-16 07:51:33', NULL),
(695, 2, 0, '04-08-04', 4, 8, 4, 3, 6, 0, 1, '', '2020-04-16 07:51:33', NULL),
(696, 2, 0, '04-09-01', 4, 9, 1, 3, 6, 0, 1, '', '2020-04-16 07:51:33', NULL),
(697, 2, 0, '04-09-02', 4, 9, 2, 3, 6, 0, 1, '', '2020-04-16 07:51:33', NULL),
(698, 2, 0, '04-09-03', 4, 9, 3, 3, 6, 0, 1, '', '2020-04-16 07:51:33', NULL),
(699, 2, 0, '04-09-04', 4, 9, 4, 3, 6, 0, 1, '', '2020-04-16 07:51:33', NULL),
(700, 2, 0, '04-10-01', 4, 10, 1, 3, 6, 0, 1, '', '2020-04-16 07:51:33', NULL),
(701, 2, 0, '04-10-02', 4, 10, 2, 3, 6, 0, 1, '', '2020-04-16 07:51:33', NULL),
(702, 2, 0, '04-10-03', 4, 10, 3, 3, 6, 0, 1, '', '2020-04-16 07:51:33', NULL),
(703, 2, 0, '04-10-04', 4, 10, 4, 3, 6, 0, 1, '', '2020-04-16 07:51:33', NULL),
(704, 2, 0, '04-11-01', 4, 11, 1, 3, 6, 0, 1, '', '2020-04-16 07:51:33', NULL),
(705, 2, 0, '04-11-02', 4, 11, 2, 3, 6, 0, 1, '', '2020-04-16 07:51:33', NULL),
(706, 2, 0, '04-11-03', 4, 11, 3, 3, 6, 0, 1, '', '2020-04-16 07:51:33', NULL),
(707, 2, 0, '04-11-04', 4, 11, 4, 3, 6, 0, 1, '', '2020-04-16 07:51:33', NULL),
(708, 2, 0, '04-12-01', 4, 12, 1, 3, 6, 0, 1, '', '2020-04-16 07:51:33', NULL),
(709, 2, 0, '04-12-02', 4, 12, 2, 3, 6, 0, 1, '', '2020-04-16 07:51:33', NULL),
(710, 2, 0, '04-12-03', 4, 12, 3, 3, 6, 0, 1, '', '2020-04-16 07:51:33', NULL),
(711, 2, 0, '04-12-04', 4, 12, 4, 3, 6, 0, 1, '', '2020-04-16 07:51:33', NULL),
(712, 2, 0, '04-13-01', 4, 13, 1, 3, 6, 0, 1, '', '2020-04-16 07:51:33', NULL),
(713, 2, 0, '04-13-02', 4, 13, 2, 3, 6, 0, 1, '', '2020-04-16 07:51:33', NULL),
(714, 2, 0, '04-13-03', 4, 13, 3, 3, 6, 0, 1, '', '2020-04-16 07:51:33', NULL),
(715, 2, 0, '04-13-04', 4, 13, 4, 3, 6, 0, 1, '', '2020-04-16 07:51:33', NULL),
(716, 2, 0, '10-13-03', 10, 13, 3, 3, 6, 0, 1, '', '2020-04-16 07:51:33', NULL),
(717, 2, 0, '10-13-04', 10, 13, 4, 3, 6, 0, 1, '', '2020-04-16 07:51:33', NULL),
(718, 2, 0, '11-13-03', 11, 13, 3, 3, 6, 0, 1, '', '2020-04-16 07:51:33', NULL),
(719, 2, 0, '11-13-04', 11, 13, 4, 3, 6, 0, 1, '', '2020-04-16 07:51:33', NULL),
(720, 2, 0, '12-13-03', 12, 13, 3, 3, 6, 0, 1, '', '2020-04-16 07:51:33', NULL),
(721, 2, 0, '12-13-04', 12, 13, 4, 3, 6, 0, 1, '', '2020-04-16 07:51:33', NULL),
(722, 2, 0, '13-13-03', 13, 13, 3, 3, 6, 0, 1, '', '2020-04-16 07:51:33', NULL),
(723, 2, 0, '13-13-04', 13, 13, 4, 3, 6, 0, 1, '', '2020-04-16 07:51:33', NULL),
(724, 2, 0, '05-01-01', 5, 1, 1, 3, 6, 0, 1, '', '2020-04-16 07:51:33', NULL),
(725, 2, 0, '05-01-02', 5, 1, 2, 3, 6, 0, 1, '', '2020-04-16 07:51:33', NULL),
(726, 2, 0, '05-01-03', 5, 1, 3, 3, 6, 0, 1, '', '2020-04-16 07:51:33', NULL),
(727, 2, 0, '05-01-04', 5, 1, 4, 3, 6, 0, 1, '', '2020-04-16 07:51:33', NULL),
(728, 2, 0, '05-02-01', 5, 2, 1, 3, 6, 0, 1, '', '2020-04-16 07:51:33', NULL),
(729, 2, 0, '05-02-02', 5, 2, 2, 3, 6, 0, 1, '', '2020-04-16 07:51:33', NULL),
(730, 2, 0, '05-02-03', 5, 2, 3, 3, 6, 0, 1, '', '2020-04-16 07:51:33', NULL),
(731, 2, 0, '05-02-04', 5, 2, 4, 3, 6, 0, 1, '', '2020-04-16 07:51:33', NULL),
(732, 2, 0, '05-03-01', 5, 3, 1, 3, 6, 0, 1, '', '2020-04-16 07:51:33', NULL),
(733, 2, 0, '05-03-02', 5, 3, 2, 3, 6, 0, 1, '', '2020-04-16 07:51:33', NULL),
(734, 2, 0, '05-03-03', 5, 3, 3, 3, 6, 0, 1, '', '2020-04-16 07:51:33', NULL),
(735, 2, 0, '05-03-04', 5, 3, 4, 3, 6, 0, 1, '', '2020-04-16 07:51:33', NULL),
(736, 2, 0, '05-04-01', 5, 4, 1, 3, 6, 0, 1, '', '2020-04-16 07:51:33', NULL),
(737, 2, 0, '05-04-02', 5, 4, 2, 3, 6, 0, 1, '', '2020-04-16 07:51:33', NULL),
(738, 2, 0, '05-04-03', 5, 4, 3, 3, 6, 0, 1, '', '2020-04-16 07:51:33', NULL),
(739, 2, 0, '05-04-04', 5, 4, 4, 3, 6, 0, 1, '', '2020-04-16 07:51:33', NULL),
(740, 2, 0, '05-07-03', 5, 7, 3, 3, 6, 0, 1, '', '2020-04-16 07:51:33', NULL),
(741, 2, 0, '05-07-04', 5, 7, 4, 3, 6, 0, 1, '', '2020-04-16 07:51:33', NULL),
(742, 2, 0, '05-08-01', 5, 8, 1, 3, 6, 0, 1, '', '2020-04-16 07:51:33', NULL),
(743, 2, 0, '05-08-02', 5, 8, 2, 3, 6, 0, 1, '', '2020-04-16 07:51:33', NULL),
(744, 2, 0, '05-08-03', 5, 8, 3, 3, 6, 0, 1, '', '2020-04-16 07:51:33', NULL),
(745, 2, 0, '05-08-04', 5, 8, 4, 3, 6, 0, 1, '', '2020-04-16 07:51:33', NULL),
(746, 2, 0, '05-09-01', 5, 9, 1, 3, 6, 0, 1, '', '2020-04-16 07:51:33', NULL),
(747, 2, 0, '05-09-02', 5, 9, 2, 3, 6, 0, 1, '', '2020-04-16 07:51:33', NULL),
(748, 2, 0, '05-09-03', 5, 9, 3, 3, 6, 0, 1, '', '2020-04-16 07:51:33', NULL),
(749, 2, 0, '05-09-04', 5, 9, 4, 3, 6, 0, 1, '', '2020-04-16 07:51:33', NULL),
(750, 2, 0, '05-10-01', 5, 10, 1, 3, 6, 0, 1, '', '2020-04-16 07:51:33', NULL),
(751, 2, 0, '05-10-02', 5, 10, 2, 3, 6, 0, 1, '', '2020-04-16 07:51:33', NULL),
(752, 2, 0, '05-10-03', 5, 10, 3, 3, 6, 0, 1, '', '2020-04-16 07:51:33', NULL),
(753, 2, 0, '05-10-04', 5, 10, 4, 3, 6, 0, 1, '', '2020-04-16 07:51:33', NULL),
(754, 2, 0, '05-11-01', 5, 11, 1, 3, 6, 0, 1, '', '2020-04-16 07:51:33', NULL),
(755, 2, 0, '05-11-02', 5, 11, 2, 3, 6, 0, 1, '', '2020-04-16 07:51:33', NULL),
(756, 2, 0, '05-11-03', 5, 11, 3, 3, 6, 0, 1, '', '2020-04-16 07:51:33', NULL),
(757, 2, 0, '05-11-04', 5, 11, 4, 3, 6, 0, 1, '', '2020-04-16 07:51:33', NULL),
(758, 2, 0, '05-12-01', 5, 12, 1, 3, 6, 0, 1, '', '2020-04-16 07:51:33', NULL),
(759, 2, 0, '05-12-02', 5, 12, 2, 3, 6, 0, 1, '', '2020-04-16 07:51:33', NULL),
(760, 2, 0, '05-12-03', 5, 12, 3, 3, 6, 0, 1, '', '2020-04-16 07:51:33', NULL),
(761, 2, 0, '05-12-04', 5, 12, 4, 3, 6, 0, 1, '', '2020-04-16 07:51:33', NULL),
(762, 2, 0, '05-13-01', 5, 13, 1, 3, 6, 0, 1, '', '2020-04-16 07:51:33', NULL),
(763, 2, 0, '05-13-02', 5, 13, 2, 3, 6, 0, 1, '', '2020-04-16 07:51:33', NULL),
(764, 2, 0, '05-13-03', 5, 13, 3, 3, 6, 0, 1, '', '2020-04-16 07:51:33', NULL),
(765, 2, 0, '05-13-04', 5, 13, 4, 3, 6, 0, 1, '', '2020-04-16 07:51:33', NULL),
(766, 2, 0, '20-13-03', 20, 13, 3, 3, 6, 0, 1, '', '2020-04-16 07:51:33', NULL),
(767, 2, 0, '20-13-04', 20, 13, 4, 3, 6, 0, 1, '', '2020-04-16 07:51:33', NULL),
(768, 2, 0, '19-13-03', 19, 13, 3, 3, 6, 0, 1, '', '2020-04-16 07:51:33', NULL),
(769, 2, 0, '19-13-04', 19, 13, 4, 3, 6, 0, 1, '', '2020-04-16 07:51:33', NULL),
(770, 2, 0, '05-05-01', 5, 5, 1, 3, 6, 0, 1, '', '2020-04-16 07:51:33', NULL),
(771, 2, 0, '05-05-02', 5, 5, 2, 3, 6, 0, 1, '', '2020-04-16 07:51:33', NULL),
(772, 2, 0, '05-05-03', 5, 5, 3, 3, 6, 0, 1, '', '2020-04-16 07:51:33', NULL),
(773, 2, 0, '05-05-04', 5, 5, 4, 3, 6, 0, 1, '', '2020-04-16 07:51:33', NULL),
(774, 2, 0, '05-06-01', 5, 6, 1, 3, 6, 0, 1, '', '2020-04-16 07:51:33', NULL),
(775, 2, 0, '05-06-02', 5, 6, 2, 3, 6, 0, 1, '', '2020-04-16 07:51:33', NULL),
(776, 2, 0, '05-06-03', 5, 6, 3, 3, 6, 0, 1, '', '2020-04-16 07:51:33', NULL),
(777, 2, 0, '05-06-04', 5, 6, 4, 3, 6, 0, 1, '', '2020-04-16 07:51:33', NULL),
(778, 2, 0, '05-07-01', 5, 7, 1, 3, 6, 0, 1, '', '2020-04-16 07:51:33', NULL),
(779, 2, 0, '05-07-02', 5, 7, 2, 3, 6, 0, 1, '', '2020-04-16 07:51:33', NULL),
(784, 2, 0, '06-01-01', 6, 1, 1, 3, 6, 0, 1, '', '2020-04-16 07:51:33', NULL),
(785, 2, 0, '06-01-02', 6, 1, 2, 3, 6, 0, 1, '', '2020-04-16 07:51:33', NULL),
(786, 2, 0, '06-01-03', 6, 1, 3, 3, 6, 0, 1, '', '2020-04-16 07:51:33', NULL),
(787, 2, 0, '06-01-04', 6, 1, 4, 3, 6, 0, 1, '', '2020-04-16 07:51:33', NULL),
(788, 2, 0, '06-02-01', 6, 2, 1, 3, 6, 0, 1, '', '2020-04-16 07:51:33', NULL),
(789, 2, 0, '06-02-02', 6, 2, 2, 3, 6, 0, 1, '', '2020-04-16 07:51:33', NULL),
(790, 2, 0, '06-02-03', 6, 2, 3, 3, 6, 0, 1, '', '2020-04-16 07:51:33', NULL),
(791, 2, 0, '06-02-04', 6, 2, 4, 3, 6, 0, 1, '', '2020-04-16 07:51:33', NULL),
(792, 2, 0, '06-03-01', 6, 3, 1, 3, 6, 0, 1, '', '2020-04-16 07:51:33', NULL),
(793, 2, 0, '06-03-02', 6, 3, 2, 3, 6, 0, 1, '', '2020-04-16 07:51:33', NULL),
(794, 2, 0, '06-03-03', 6, 3, 3, 3, 6, 0, 1, '', '2020-04-16 07:51:33', NULL),
(795, 2, 0, '06-03-04', 6, 3, 4, 3, 6, 0, 1, '', '2020-04-16 07:51:33', NULL),
(796, 2, 0, '06-04-01', 6, 4, 1, 3, 6, 0, 1, '', '2020-04-16 07:51:33', NULL),
(797, 2, 0, '06-04-02', 6, 4, 2, 3, 6, 0, 1, '', '2020-04-16 07:51:33', NULL),
(798, 2, 0, '06-04-03', 6, 4, 3, 3, 6, 0, 1, '', '2020-04-16 07:51:33', NULL),
(799, 2, 0, '06-04-04', 6, 4, 4, 3, 6, 0, 1, '', '2020-04-16 07:51:33', NULL),
(800, 2, 0, '06-05-01', 6, 5, 1, 3, 6, 0, 1, '', '2020-04-16 07:51:33', NULL),
(801, 2, 0, '06-05-02', 6, 5, 2, 3, 6, 0, 1, '', '2020-04-16 07:51:33', NULL),
(802, 2, 0, '06-05-03', 6, 5, 3, 3, 6, 0, 1, '', '2020-04-16 07:51:33', NULL),
(803, 2, 0, '06-05-04', 6, 5, 4, 3, 6, 0, 1, '', '2020-04-16 07:51:33', NULL),
(804, 2, 0, '06-06-01', 6, 6, 1, 3, 6, 0, 1, '', '2020-04-16 07:51:33', NULL),
(805, 2, 0, '06-06-02', 6, 6, 2, 3, 6, 0, 1, '', '2020-04-16 07:51:33', NULL),
(806, 2, 0, '06-06-03', 6, 6, 3, 3, 6, 0, 1, '', '2020-04-16 07:51:33', NULL),
(807, 2, 0, '06-06-04', 6, 6, 4, 3, 6, 0, 1, '', '2020-04-16 07:51:33', NULL),
(808, 2, 0, '06-07-01', 6, 7, 1, 3, 6, 0, 1, '', '2020-04-16 07:51:33', NULL),
(809, 2, 0, '06-07-02', 6, 7, 2, 3, 6, 0, 1, '', '2020-04-16 07:51:33', NULL),
(810, 2, 0, '06-07-03', 6, 7, 3, 3, 6, 0, 1, '', '2020-04-16 07:51:33', NULL),
(811, 2, 0, '06-07-04', 6, 7, 4, 3, 6, 0, 1, '', '2020-04-16 07:51:33', NULL),
(812, 2, 0, '06-08-01', 6, 8, 1, 3, 6, 0, 1, '', '2020-04-16 07:51:33', NULL),
(813, 2, 0, '06-08-02', 6, 8, 2, 3, 6, 0, 1, '', '2020-04-16 07:51:33', NULL),
(814, 2, 0, '06-08-03', 6, 8, 3, 3, 6, 0, 1, '', '2020-04-16 07:51:33', NULL),
(815, 2, 0, '06-08-04', 6, 8, 4, 3, 6, 0, 1, '', '2020-04-16 07:51:33', NULL),
(816, 2, 0, '06-09-01', 6, 9, 1, 3, 6, 0, 1, '', '2020-04-16 07:51:33', NULL),
(817, 2, 0, '06-09-02', 6, 9, 2, 3, 6, 0, 1, '', '2020-04-16 07:51:33', NULL),
(818, 2, 0, '06-09-03', 6, 9, 3, 3, 6, 0, 1, '', '2020-04-16 07:51:33', NULL),
(819, 2, 0, '06-09-04', 6, 9, 4, 3, 6, 0, 1, '', '2020-04-16 07:51:33', NULL),
(820, 2, 0, '06-10-01', 6, 10, 1, 3, 6, 0, 1, '', '2020-04-16 07:51:33', NULL),
(821, 2, 0, '06-10-02', 6, 10, 2, 3, 6, 0, 1, '', '2020-04-16 07:51:33', NULL),
(822, 2, 0, '06-10-03', 6, 10, 3, 3, 6, 0, 1, '', '2020-04-16 07:51:33', NULL),
(823, 2, 0, '06-10-04', 6, 10, 4, 3, 6, 0, 1, '', '2020-04-16 07:51:33', NULL),
(824, 2, 0, '06-11-01', 6, 11, 1, 3, 6, 0, 1, '', '2020-04-16 07:51:33', NULL),
(825, 2, 0, '06-11-02', 6, 11, 2, 3, 6, 0, 1, '', '2020-04-16 07:51:33', NULL),
(826, 2, 0, '06-11-03', 6, 11, 3, 3, 6, 0, 1, '', '2020-04-16 07:51:33', NULL),
(827, 2, 0, '06-11-04', 6, 11, 4, 3, 6, 0, 1, '', '2020-04-16 07:51:33', NULL),
(828, 2, 0, '06-12-01', 6, 12, 1, 3, 6, 0, 1, '', '2020-04-16 07:51:33', NULL),
(829, 2, 0, '06-12-02', 6, 12, 2, 3, 6, 0, 1, '', '2020-04-16 07:51:33', NULL),
(830, 2, 0, '06-12-03', 6, 12, 3, 3, 6, 0, 1, '', '2020-04-16 07:51:33', NULL),
(831, 2, 0, '06-12-04', 6, 12, 4, 3, 6, 0, 1, '', '2020-04-16 07:51:33', NULL),
(832, 2, 0, '06-13-01', 6, 13, 1, 3, 6, 0, 1, '', '2020-04-16 07:51:33', NULL),
(833, 2, 0, '06-13-02', 6, 13, 2, 3, 6, 0, 1, '', '2020-04-16 07:51:33', NULL),
(834, 2, 0, '06-13-03', 6, 13, 3, 3, 6, 0, 1, '', '2020-04-16 07:51:33', NULL),
(835, 2, 0, '06-13-04', 6, 13, 4, 3, 6, 0, 1, '', '2020-04-16 07:51:33', NULL),
(836, 2, 0, '18-13-03', 18, 13, 3, 3, 6, 0, 1, '', '2020-04-16 07:51:33', NULL),
(837, 2, 0, '18-13-04', 18, 13, 4, 3, 6, 0, 1, '', '2020-04-16 07:51:33', NULL),
(838, 2, 0, '17-13-03', 17, 13, 3, 3, 6, 0, 1, '', '2020-04-16 07:51:33', NULL),
(839, 2, 0, '17-13-04', 17, 13, 4, 3, 6, 0, 1, '', '2020-04-16 07:51:33', NULL),
(840, 2, 0, '16-13-03', 16, 13, 3, 3, 6, 0, 1, '', '2020-04-16 07:51:33', NULL),
(841, 2, 0, '16-13-04', 16, 13, 4, 3, 6, 0, 1, '', '2020-04-16 07:51:33', NULL),
(842, 2, 0, '15-13-03', 15, 13, 3, 3, 6, 0, 1, '', '2020-04-16 07:51:33', NULL),
(843, 2, 0, '15-13-04', 15, 13, 4, 3, 6, 0, 1, '', '2020-04-16 07:51:33', NULL),
(844, 2, 0, '07-01-01', 7, 1, 1, 3, 6, 0, 1, '', '2020-04-16 07:51:33', NULL),
(845, 2, 0, '07-01-02', 7, 1, 2, 3, 6, 0, 1, '', '2020-04-16 07:51:33', NULL),
(846, 2, 0, '07-01-03', 7, 1, 3, 3, 6, 0, 1, '', '2020-04-16 07:51:33', NULL),
(847, 2, 0, '07-01-04', 7, 1, 4, 3, 6, 0, 1, '', '2020-04-16 07:51:33', NULL),
(848, 2, 0, '07-02-01', 7, 2, 1, 3, 6, 0, 1, '', '2020-04-16 07:51:33', NULL),
(849, 2, 0, '07-02-02', 7, 2, 2, 3, 6, 0, 1, '', '2020-04-16 07:51:33', NULL),
(850, 2, 0, '07-02-03', 7, 2, 3, 3, 6, 0, 1, '', '2020-04-16 07:51:33', NULL),
(851, 2, 0, '07-02-04', 7, 2, 4, 3, 6, 0, 1, '', '2020-04-16 07:51:33', NULL),
(852, 2, 0, '07-03-01', 7, 3, 1, 3, 6, 0, 1, '', '2020-04-16 07:51:33', NULL),
(853, 2, 0, '07-03-02', 7, 3, 2, 3, 6, 0, 1, '', '2020-04-16 07:51:33', NULL),
(854, 2, 0, '07-03-03', 7, 3, 3, 3, 6, 0, 1, '', '2020-04-16 07:51:33', NULL),
(855, 2, 0, '07-03-04', 7, 3, 4, 3, 6, 0, 1, '', '2020-04-16 07:51:33', NULL),
(856, 2, 0, '07-04-01', 7, 4, 1, 3, 6, 0, 1, '', '2020-04-16 07:51:33', NULL),
(857, 2, 0, '07-04-02', 7, 4, 2, 3, 6, 0, 1, '', '2020-04-16 07:51:33', NULL),
(858, 2, 0, '07-04-03', 7, 4, 3, 3, 6, 0, 1, '', '2020-04-16 07:51:33', NULL),
(859, 2, 0, '07-04-04', 7, 4, 4, 3, 6, 0, 1, '', '2020-04-16 07:51:33', NULL),
(860, 2, 0, '07-05-01', 7, 5, 1, 3, 6, 0, 1, '', '2020-04-16 07:51:33', NULL),
(861, 2, 0, '07-05-02', 7, 5, 2, 3, 6, 0, 1, '', '2020-04-16 07:51:33', NULL),
(862, 2, 0, '07-05-03', 7, 5, 3, 3, 6, 0, 1, '', '2020-04-16 07:51:33', NULL),
(863, 2, 0, '07-05-04', 7, 5, 4, 3, 6, 0, 1, '', '2020-04-16 07:51:33', NULL),
(864, 2, 0, '07-06-01', 7, 6, 1, 3, 6, 0, 1, '', '2020-04-16 07:51:33', NULL),
(865, 2, 0, '07-06-02', 7, 6, 2, 3, 6, 0, 1, '', '2020-04-16 07:51:33', NULL),
(866, 2, 0, '07-06-03', 7, 6, 3, 3, 6, 0, 1, '', '2020-04-16 07:51:33', NULL),
(867, 2, 0, '07-06-04', 7, 6, 4, 3, 6, 0, 1, '', '2020-04-16 07:51:33', NULL),
(868, 2, 0, '07-07-01', 7, 7, 1, 3, 6, 0, 1, '', '2020-04-16 07:51:33', NULL),
(869, 2, 0, '07-07-02', 7, 7, 2, 3, 6, 0, 1, '', '2020-04-16 07:51:33', NULL),
(870, 2, 0, '07-07-03', 7, 7, 3, 3, 6, 0, 1, '', '2020-04-16 07:51:33', NULL),
(871, 2, 0, '07-07-04', 7, 7, 4, 3, 6, 0, 1, '', '2020-04-16 07:51:33', NULL),
(872, 2, 0, '07-08-01', 7, 8, 1, 3, 6, 0, 1, '', '2020-04-16 07:51:33', NULL),
(873, 2, 0, '07-08-02', 7, 8, 2, 3, 6, 0, 1, '', '2020-04-16 07:51:33', NULL),
(874, 2, 0, '07-08-03', 7, 8, 3, 3, 6, 0, 1, '', '2020-04-16 07:51:33', NULL),
(875, 2, 0, '07-08-04', 7, 8, 4, 3, 6, 0, 1, '', '2020-04-16 07:51:33', NULL),
(876, 2, 0, '07-09-01', 7, 9, 1, 3, 6, 0, 1, '', '2020-04-16 07:51:33', NULL),
(877, 2, 0, '07-09-02', 7, 9, 2, 3, 6, 0, 1, '', '2020-04-16 07:51:33', NULL),
(878, 2, 0, '07-09-03', 7, 9, 3, 3, 6, 0, 1, '', '2020-04-16 07:51:33', NULL),
(879, 2, 0, '07-09-04', 7, 9, 4, 3, 6, 0, 1, '', '2020-04-16 07:51:33', NULL),
(880, 2, 0, '07-10-01', 7, 10, 1, 3, 6, 0, 1, '', '2020-04-16 07:51:33', NULL),
(881, 2, 0, '07-10-02', 7, 10, 2, 3, 6, 0, 1, '', '2020-04-16 07:51:33', NULL),
(882, 2, 0, '07-10-03', 7, 10, 3, 3, 6, 0, 1, '', '2020-04-16 07:51:33', NULL),
(883, 2, 0, '07-10-04', 7, 10, 4, 3, 6, 0, 1, '', '2020-04-16 07:51:33', NULL),
(884, 2, 0, '07-11-01', 7, 11, 1, 3, 6, 0, 1, '', '2020-04-16 07:51:33', NULL),
(885, 2, 0, '07-11-02', 7, 11, 2, 3, 6, 0, 1, '', '2020-04-16 07:51:33', NULL),
(886, 2, 0, '07-11-03', 7, 11, 3, 3, 6, 0, 1, '', '2020-04-16 07:51:33', NULL),
(887, 2, 0, '07-11-04', 7, 11, 4, 3, 6, 0, 1, '', '2020-04-16 07:51:33', NULL),
(888, 2, 0, '07-12-01', 7, 12, 1, 3, 6, 0, 1, '', '2020-04-16 07:51:33', NULL),
(889, 2, 0, '07-12-02', 7, 12, 2, 3, 6, 0, 1, '', '2020-04-16 07:51:33', NULL),
(890, 2, 0, '07-12-03', 7, 12, 3, 3, 6, 0, 1, '', '2020-04-16 07:51:33', NULL),
(891, 2, 0, '07-12-04', 7, 12, 4, 3, 6, 0, 1, '', '2020-04-16 07:51:33', NULL),
(892, 2, 0, '07-13-01', 7, 13, 1, 3, 6, 0, 1, '', '2020-04-16 07:51:33', NULL),
(893, 2, 0, '07-13-02', 7, 13, 2, 3, 6, 0, 1, '', '2020-04-16 07:51:33', NULL),
(894, 2, 0, '07-13-03', 7, 13, 3, 3, 6, 0, 1, '', '2020-04-16 07:51:33', NULL),
(895, 2, 0, '07-13-04', 7, 13, 4, 3, 6, 0, 1, '', '2020-04-16 07:51:33', NULL),
(896, 2, 0, '09-13-03', 9, 13, 3, 3, 6, 0, 1, '', '2020-04-16 07:51:33', NULL),
(897, 2, 0, '09-13-04', 9, 13, 4, 3, 6, 0, 1, '', '2020-04-16 07:51:33', NULL),
(898, 2, 0, '14-13-03', 14, 13, 3, 3, 6, 0, 1, '', '2020-04-16 07:51:33', NULL),
(899, 2, 0, '14-13-04', 14, 13, 4, 3, 6, 0, 1, '', '2020-04-16 07:51:33', NULL),
(902, 2, 0, '08-13-04', 8, 13, 4, 3, 6, 0, 1, '', '2020-04-16 07:51:33', NULL),
(903, 2, 0, '08-13-03', 8, 13, 3, 3, 6, 0, 1, '', '2020-04-16 07:51:33', NULL),
(904, 2, 0, '08-01-01', 8, 1, 1, 3, 6, 0, 1, '', '2020-04-16 07:51:33', NULL),
(905, 2, 0, '08-01-02', 8, 1, 2, 3, 6, 0, 1, '', '2020-04-16 07:51:33', NULL),
(906, 2, 0, '08-01-03', 8, 1, 3, 3, 6, 0, 1, '', '2020-04-16 07:51:33', NULL),
(907, 2, 0, '08-01-04', 8, 1, 4, 3, 6, 0, 1, '', '2020-04-16 07:51:33', NULL),
(908, 2, 0, '08-02-01', 8, 2, 1, 3, 6, 0, 1, '', '2020-04-16 07:51:33', NULL),
(909, 2, 0, '08-02-02', 8, 2, 2, 3, 6, 0, 1, '', '2020-04-16 07:51:33', NULL),
(910, 2, 0, '08-02-03', 8, 2, 3, 3, 6, 0, 1, '', '2020-04-16 07:51:33', NULL),
(911, 2, 0, '08-02-04', 8, 2, 4, 3, 6, 0, 1, '', '2020-04-16 07:51:33', NULL),
(912, 2, 0, '08-03-01', 8, 3, 1, 3, 6, 0, 1, '', '2020-04-16 07:51:33', NULL),
(913, 2, 0, '08-03-02', 8, 3, 2, 3, 6, 0, 1, '', '2020-04-16 07:51:33', NULL),
(914, 2, 0, '08-03-03', 8, 3, 3, 3, 6, 0, 1, '', '2020-04-16 07:51:33', NULL),
(915, 2, 0, '08-03-04', 8, 3, 4, 3, 6, 0, 1, '', '2020-04-16 07:51:33', NULL),
(916, 2, 0, '08-04-01', 8, 4, 1, 3, 6, 0, 1, '', '2020-04-16 07:51:33', NULL),
(917, 2, 0, '08-04-02', 8, 4, 2, 3, 6, 0, 1, '', '2020-04-16 07:51:33', NULL),
(918, 2, 0, '08-04-03', 8, 4, 3, 3, 6, 0, 1, '', '2020-04-16 07:51:33', NULL),
(919, 2, 0, '08-04-04', 8, 4, 4, 3, 6, 0, 1, '', '2020-04-16 07:51:33', NULL),
(920, 2, 0, '08-05-01', 8, 5, 1, 3, 6, 0, 1, '', '2020-04-16 07:51:33', NULL),
(921, 2, 0, '08-05-02', 8, 5, 2, 3, 6, 0, 1, '', '2020-04-16 07:51:33', NULL),
(922, 2, 0, '08-05-03', 8, 5, 3, 3, 6, 0, 1, '', '2020-04-16 07:51:33', NULL),
(923, 2, 0, '08-05-04', 8, 5, 4, 3, 6, 0, 1, '', '2020-04-16 07:51:33', NULL),
(924, 2, 0, '08-06-01', 8, 6, 1, 3, 6, 0, 1, '', '2020-04-16 07:51:33', NULL),
(925, 2, 0, '08-06-02', 8, 6, 2, 3, 6, 0, 1, '', '2020-04-16 07:51:33', NULL),
(926, 2, 0, '08-06-03', 8, 6, 3, 3, 6, 0, 1, '', '2020-04-16 07:51:33', NULL),
(927, 2, 0, '08-06-04', 8, 6, 4, 3, 6, 0, 1, '', '2020-04-16 07:51:33', NULL),
(928, 2, 0, '08-07-01', 8, 7, 1, 3, 6, 0, 1, '', '2020-04-16 07:51:33', NULL),
(929, 2, 0, '08-07-02', 8, 7, 2, 3, 6, 0, 1, '', '2020-04-16 07:51:33', NULL),
(930, 2, 0, '08-07-03', 8, 7, 3, 3, 6, 0, 1, '', '2020-04-16 07:51:33', NULL),
(931, 2, 0, '08-07-04', 8, 7, 4, 3, 6, 0, 1, '', '2020-04-16 07:51:33', NULL),
(932, 2, 0, '08-08-01', 8, 8, 1, 3, 6, 0, 1, '', '2020-04-16 07:51:33', NULL),
(933, 2, 0, '08-08-02', 8, 8, 2, 3, 6, 0, 1, '', '2020-04-16 07:51:33', NULL),
(934, 2, 0, '08-08-03', 8, 8, 3, 3, 6, 0, 1, '', '2020-04-16 07:51:33', NULL),
(935, 2, 0, '08-08-04', 8, 8, 4, 3, 6, 0, 1, '', '2020-04-16 07:51:33', NULL),
(936, 2, 0, '08-09-01', 8, 9, 1, 3, 6, 0, 1, '', '2020-04-16 07:51:33', NULL),
(937, 2, 0, '08-09-02', 8, 9, 2, 3, 6, 0, 1, '', '2020-04-16 07:51:33', NULL),
(938, 2, 0, '08-09-03', 8, 9, 3, 3, 6, 0, 1, '', '2020-04-16 07:51:33', NULL),
(939, 2, 0, '08-09-04', 8, 9, 4, 3, 6, 0, 1, '', '2020-04-16 07:51:33', NULL),
(940, 2, 0, '08-10-01', 8, 10, 1, 3, 6, 0, 1, '', '2020-04-16 07:51:33', NULL),
(941, 2, 0, '08-10-02', 8, 10, 2, 3, 6, 0, 1, '', '2020-04-16 07:51:33', NULL),
(942, 2, 0, '08-10-03', 8, 10, 3, 3, 6, 0, 1, '', '2020-04-16 07:51:33', NULL),
(943, 2, 0, '08-10-04', 8, 10, 4, 3, 6, 0, 1, '', '2020-04-16 07:51:33', NULL),
(944, 2, 0, '08-11-01', 8, 11, 1, 3, 6, 0, 1, '', '2020-04-16 07:51:33', NULL),
(945, 2, 0, '08-11-02', 8, 11, 2, 3, 6, 0, 1, '', '2020-04-16 07:51:33', NULL),
(946, 2, 0, '08-11-03', 8, 11, 3, 3, 6, 0, 1, '', '2020-04-16 07:51:33', NULL),
(947, 2, 0, '08-11-04', 8, 11, 4, 3, 6, 0, 1, '', '2020-04-16 07:51:33', NULL),
(948, 2, 0, '08-12-01', 8, 12, 1, 3, 6, 0, 1, '', '2020-04-16 07:51:33', NULL),
(949, 2, 0, '08-12-02', 8, 12, 2, 3, 6, 0, 1, '', '2020-04-16 07:51:33', NULL),
(950, 2, 0, '08-12-03', 8, 12, 3, 3, 6, 0, 1, '', '2020-04-16 07:51:33', NULL),
(951, 2, 0, '08-12-04', 8, 12, 4, 3, 6, 0, 1, '', '2020-04-16 07:51:33', NULL),
(952, 2, 0, '08-13-01', 8, 13, 1, 3, 6, 0, 1, '', '2020-04-16 07:51:33', NULL),
(953, 2, 0, '08-13-02', 8, 13, 2, 3, 6, 0, 1, '', '2020-04-16 07:51:33', NULL),
(954, 2, 0, '09-01-01', 9, 1, 1, 3, 6, 0, 1, '', '2020-04-16 07:51:33', NULL),
(955, 2, 0, '09-01-02', 9, 1, 2, 3, 6, 0, 1, '', '2020-04-16 07:51:33', NULL),
(956, 2, 0, '09-01-03', 9, 1, 3, 3, 6, 0, 1, '', '2020-04-16 07:51:33', NULL),
(957, 2, 0, '09-01-04', 9, 1, 4, 3, 6, 0, 1, '', '2020-04-16 07:51:33', NULL),
(958, 2, 0, '09-02-01', 9, 2, 1, 3, 6, 0, 1, '', '2020-04-16 07:51:33', NULL),
(959, 2, 0, '09-02-02', 9, 2, 2, 3, 6, 0, 1, '', '2020-04-16 07:51:33', NULL),
(960, 2, 0, '09-02-03', 9, 2, 3, 3, 6, 0, 1, '', '2020-04-16 07:51:33', NULL),
(961, 2, 0, '09-02-04', 9, 2, 4, 3, 6, 0, 1, '', '2020-04-16 07:51:33', NULL),
(962, 2, 0, '09-03-01', 9, 3, 1, 3, 6, 0, 1, '', '2020-04-16 07:51:33', NULL),
(963, 2, 0, '09-03-02', 9, 3, 2, 3, 6, 0, 1, '', '2020-04-16 07:51:33', NULL),
(964, 2, 0, '09-03-03', 9, 3, 3, 3, 6, 0, 1, '', '2020-04-16 07:51:33', NULL),
(965, 2, 0, '09-03-04', 9, 3, 4, 3, 6, 0, 1, '', '2020-04-16 07:51:33', NULL),
(966, 2, 0, '09-04-01', 9, 4, 1, 3, 6, 0, 1, '', '2020-04-16 07:51:33', NULL),
(967, 2, 0, '09-04-02', 9, 4, 2, 3, 6, 0, 1, '', '2020-04-16 07:51:33', NULL),
(968, 2, 0, '09-04-03', 9, 4, 3, 3, 6, 0, 1, '', '2020-04-16 07:51:33', NULL),
(969, 2, 0, '09-04-04', 9, 4, 4, 3, 6, 0, 1, '', '2020-04-16 07:51:33', NULL),
(970, 2, 0, '09-05-01', 9, 5, 1, 3, 6, 0, 1, '', '2020-04-16 07:51:33', NULL),
(971, 2, 0, '09-05-02', 9, 5, 2, 3, 6, 0, 1, '', '2020-04-16 07:51:33', NULL),
(972, 2, 0, '09-05-03', 9, 5, 3, 3, 6, 0, 1, '', '2020-04-16 07:51:33', NULL),
(973, 2, 0, '09-05-04', 9, 5, 4, 3, 6, 0, 1, '', '2020-04-16 07:51:33', NULL),
(974, 2, 0, '09-06-01', 9, 6, 1, 3, 6, 0, 1, '', '2020-04-16 07:51:33', NULL),
(975, 2, 0, '09-06-02', 9, 6, 2, 3, 6, 0, 1, '', '2020-04-16 07:51:33', NULL),
(976, 2, 0, '09-06-03', 9, 6, 3, 3, 6, 0, 1, '', '2020-04-16 07:51:33', NULL),
(977, 2, 0, '09-06-04', 9, 6, 4, 3, 6, 0, 1, '', '2020-04-16 07:51:33', NULL),
(978, 2, 0, '09-07-01', 9, 7, 1, 3, 6, 0, 1, '', '2020-04-16 07:51:33', NULL),
(979, 2, 0, '09-07-02', 9, 7, 2, 3, 6, 0, 1, '', '2020-04-16 07:51:33', NULL),
(980, 2, 0, '09-07-03', 9, 7, 3, 3, 6, 0, 1, '', '2020-04-16 07:51:33', NULL),
(981, 2, 0, '09-07-04', 9, 7, 4, 3, 6, 0, 1, '', '2020-04-16 07:51:33', NULL),
(982, 2, 0, '09-08-01', 9, 8, 1, 3, 6, 0, 1, '', '2020-04-16 07:51:33', NULL),
(983, 2, 0, '09-08-02', 9, 8, 2, 3, 6, 0, 1, '', '2020-04-16 07:51:33', NULL),
(984, 2, 0, '09-08-03', 9, 8, 3, 3, 6, 0, 1, '', '2020-04-16 07:51:33', NULL),
(985, 2, 0, '09-08-04', 9, 8, 4, 3, 6, 0, 1, '', '2020-04-16 07:51:33', NULL),
(986, 2, 0, '09-09-01', 9, 9, 1, 3, 6, 0, 1, '', '2020-04-16 07:51:33', NULL),
(987, 2, 0, '09-09-02', 9, 9, 2, 3, 6, 0, 1, '', '2020-04-16 07:51:33', NULL),
(988, 2, 0, '09-09-03', 9, 9, 3, 3, 6, 0, 1, '', '2020-04-16 07:51:33', NULL),
(989, 2, 0, '09-09-04', 9, 9, 4, 3, 6, 0, 1, '', '2020-04-16 07:51:33', NULL),
(990, 2, 0, '09-10-01', 9, 10, 1, 3, 6, 0, 1, '', '2020-04-16 07:51:33', NULL),
(991, 2, 0, '09-10-02', 9, 10, 2, 3, 6, 0, 1, '', '2020-04-16 07:51:33', NULL),
(992, 2, 0, '09-10-03', 9, 10, 3, 3, 6, 0, 1, '', '2020-04-16 07:51:33', NULL),
(993, 2, 0, '09-10-04', 9, 10, 4, 3, 6, 0, 1, '', '2020-04-16 07:51:33', NULL),
(994, 2, 0, '09-11-01', 9, 11, 1, 3, 6, 0, 1, '', '2020-04-16 07:51:33', NULL),
(995, 2, 0, '09-11-02', 9, 11, 2, 3, 6, 0, 1, '', '2020-04-16 07:51:33', NULL),
(996, 2, 0, '09-11-03', 9, 11, 3, 3, 6, 0, 1, '', '2020-04-16 07:51:33', NULL),
(997, 2, 0, '09-11-04', 9, 11, 4, 3, 6, 0, 1, '', '2020-04-16 07:51:33', NULL),
(998, 2, 0, '09-12-01', 9, 12, 1, 3, 6, 0, 1, '', '2020-04-16 07:51:33', NULL),
(999, 2, 0, '09-12-02', 9, 12, 2, 3, 6, 0, 1, '', '2020-04-16 07:51:33', NULL),
(1000, 2, 0, '09-12-03', 9, 12, 3, 3, 6, 0, 1, '', '2020-04-16 07:51:33', NULL),
(1001, 2, 0, '09-12-04', 9, 12, 4, 3, 6, 0, 1, '', '2020-04-16 07:51:33', NULL),
(1002, 2, 0, '09-13-01', 9, 13, 1, 3, 6, 0, 1, '', '2020-04-16 07:51:33', NULL),
(1003, 2, 0, '09-13-02', 9, 13, 2, 3, 6, 0, 1, '', '2020-04-16 07:51:33', NULL),
(1004, 2, 0, '10-01-01', 10, 1, 1, 3, 6, 0, 1, '', '2020-04-16 07:51:33', NULL),
(1005, 2, 0, '10-01-02', 10, 1, 2, 3, 6, 0, 1, '', '2020-04-16 07:51:33', NULL),
(1006, 2, 0, '10-01-03', 10, 1, 3, 3, 6, 0, 1, '', '2020-04-16 07:51:33', NULL),
(1007, 2, 0, '10-01-04', 10, 1, 4, 3, 6, 0, 1, '', '2020-04-16 07:51:33', NULL),
(1008, 2, 0, '10-02-01', 10, 2, 1, 3, 6, 0, 1, '', '2020-04-16 07:51:33', NULL),
(1009, 2, 0, '10-02-02', 10, 2, 2, 3, 6, 0, 1, '', '2020-04-16 07:51:33', NULL),
(1010, 2, 0, '10-02-03', 10, 2, 3, 3, 6, 0, 1, '', '2020-04-16 07:51:33', NULL),
(1011, 2, 0, '10-02-04', 10, 2, 4, 3, 6, 0, 1, '', '2020-04-16 07:51:33', NULL),
(1012, 2, 0, '10-03-01', 10, 3, 1, 3, 6, 0, 1, '', '2020-04-16 07:51:33', NULL),
(1013, 2, 0, '10-03-02', 10, 3, 2, 3, 6, 0, 1, '', '2020-04-16 07:51:33', NULL),
(1014, 2, 0, '10-03-03', 10, 3, 3, 3, 6, 0, 1, '', '2020-04-16 07:51:33', NULL),
(1015, 2, 0, '10-03-04', 10, 3, 4, 3, 6, 0, 1, '', '2020-04-16 07:51:33', NULL),
(1016, 2, 0, '10-04-01', 10, 4, 1, 3, 6, 0, 1, '', '2020-04-16 07:51:33', NULL),
(1017, 2, 0, '10-04-02', 10, 4, 2, 3, 6, 0, 1, '', '2020-04-16 07:51:33', NULL),
(1018, 2, 0, '10-04-03', 10, 4, 3, 3, 6, 0, 1, '', '2020-04-16 07:51:33', NULL),
(1019, 2, 0, '10-04-04', 10, 4, 4, 3, 6, 0, 1, '', '2020-04-16 07:51:33', NULL),
(1020, 2, 0, '10-05-01', 10, 5, 1, 3, 6, 0, 1, '', '2020-04-16 07:51:33', NULL),
(1021, 2, 0, '10-05-02', 10, 5, 2, 3, 6, 0, 1, '', '2020-04-16 07:51:33', NULL),
(1022, 2, 0, '10-05-03', 10, 5, 3, 3, 6, 0, 1, '', '2020-04-16 07:51:33', NULL),
(1023, 2, 0, '10-05-04', 10, 5, 4, 3, 6, 0, 1, '', '2020-04-16 07:51:33', NULL),
(1024, 2, 0, '10-06-01', 10, 6, 1, 3, 6, 0, 1, '', '2020-04-16 07:51:33', NULL),
(1025, 2, 0, '10-06-02', 10, 6, 2, 3, 6, 0, 1, '', '2020-04-16 07:51:33', NULL),
(1026, 2, 0, '10-06-03', 10, 6, 3, 3, 6, 0, 1, '', '2020-04-16 07:51:33', NULL),
(1027, 2, 0, '10-06-04', 10, 6, 4, 3, 6, 0, 1, '', '2020-04-16 07:51:33', NULL),
(1028, 2, 0, '10-07-01', 10, 7, 1, 3, 6, 0, 1, '', '2020-04-16 07:51:33', NULL),
(1029, 2, 0, '10-07-02', 10, 7, 2, 3, 6, 0, 1, '', '2020-04-16 07:51:33', NULL),
(1030, 2, 0, '10-07-03', 10, 7, 3, 3, 6, 0, 1, '', '2020-04-16 07:51:33', NULL),
(1031, 2, 0, '10-07-04', 10, 7, 4, 3, 6, 0, 1, '', '2020-04-16 07:51:33', NULL),
(1032, 2, 0, '10-08-01', 10, 8, 1, 3, 6, 0, 1, '', '2020-04-16 07:51:33', NULL),
(1033, 2, 0, '10-08-02', 10, 8, 2, 3, 6, 0, 1, '', '2020-04-16 07:51:33', NULL),
(1034, 2, 0, '10-08-03', 10, 8, 3, 3, 6, 0, 1, '', '2020-04-16 07:51:33', NULL),
(1035, 2, 0, '10-08-04', 10, 8, 4, 3, 6, 0, 1, '', '2020-04-16 07:51:33', NULL),
(1036, 2, 0, '10-09-01', 10, 9, 1, 3, 6, 0, 1, '', '2020-04-16 07:51:33', NULL),
(1037, 2, 0, '10-09-02', 10, 9, 2, 3, 6, 0, 1, '', '2020-04-16 07:51:33', NULL),
(1038, 2, 0, '10-09-03', 10, 9, 3, 3, 6, 0, 1, '', '2020-04-16 07:51:33', NULL),
(1039, 2, 0, '10-09-04', 10, 9, 4, 3, 6, 0, 1, '', '2020-04-16 07:51:33', NULL),
(1040, 2, 0, '10-10-01', 10, 10, 1, 3, 6, 0, 1, '', '2020-04-16 07:51:33', NULL),
(1041, 2, 0, '10-10-02', 10, 10, 2, 3, 6, 0, 1, '', '2020-04-16 07:51:33', NULL),
(1042, 2, 0, '10-10-03', 10, 10, 3, 3, 6, 0, 1, '', '2020-04-16 07:51:33', NULL),
(1043, 2, 0, '10-10-04', 10, 10, 4, 3, 6, 0, 1, '', '2020-04-16 07:51:33', NULL),
(1044, 2, 0, '10-11-01', 10, 11, 1, 3, 6, 0, 1, '', '2020-04-16 07:51:33', NULL),
(1045, 2, 0, '10-11-02', 10, 11, 2, 3, 6, 0, 1, '', '2020-04-16 07:51:33', NULL),
(1046, 2, 0, '10-11-03', 10, 11, 3, 3, 6, 0, 1, '', '2020-04-16 07:51:33', NULL),
(1047, 2, 0, '10-11-04', 10, 11, 4, 3, 6, 0, 1, '', '2020-04-16 07:51:33', NULL),
(1048, 2, 0, '10-12-01', 10, 12, 1, 3, 6, 0, 1, '', '2020-04-16 07:51:33', NULL),
(1049, 2, 0, '10-12-02', 10, 12, 2, 3, 6, 0, 1, '', '2020-04-16 07:51:33', NULL),
(1050, 2, 0, '10-12-03', 10, 12, 3, 3, 6, 0, 1, '', '2020-04-16 07:51:33', NULL),
(1051, 2, 0, '10-12-04', 10, 12, 4, 3, 6, 0, 1, '', '2020-04-16 07:51:33', NULL),
(1052, 2, 0, '10-13-01', 10, 13, 1, 3, 6, 0, 1, '', '2020-04-16 07:51:33', NULL),
(1053, 2, 0, '10-13-02', 10, 13, 2, 3, 6, 0, 1, '', '2020-04-16 07:51:33', NULL),
(1054, 2, 0, '11-01-01', 11, 1, 1, 3, 6, 0, 1, '', '2020-04-16 07:51:33', NULL),
(1055, 2, 0, '11-01-02', 11, 1, 2, 3, 6, 0, 1, '', '2020-04-16 07:51:33', NULL),
(1056, 2, 0, '11-01-03', 11, 1, 3, 3, 6, 0, 1, '', '2020-04-16 07:51:33', NULL),
(1057, 2, 0, '11-01-04', 11, 1, 4, 3, 6, 0, 1, '', '2020-04-16 07:51:33', NULL),
(1058, 2, 0, '11-02-01', 11, 2, 1, 3, 6, 0, 1, '', '2020-04-16 07:51:33', NULL),
(1059, 2, 0, '11-02-02', 11, 2, 2, 3, 6, 0, 1, '', '2020-04-16 07:51:33', NULL),
(1060, 2, 0, '11-02-03', 11, 2, 3, 3, 6, 0, 1, '', '2020-04-16 07:51:33', NULL),
(1061, 2, 0, '11-02-04', 11, 2, 4, 3, 6, 0, 1, '', '2020-04-16 07:51:33', NULL),
(1062, 2, 0, '11-03-01', 11, 3, 1, 3, 6, 0, 1, '', '2020-04-16 07:51:33', NULL),
(1063, 2, 0, '11-03-02', 11, 3, 2, 3, 6, 0, 1, '', '2020-04-16 07:51:33', NULL),
(1064, 2, 0, '11-03-03', 11, 3, 3, 3, 6, 0, 1, '', '2020-04-16 07:51:33', NULL),
(1065, 2, 0, '11-03-04', 11, 3, 4, 3, 6, 0, 1, '', '2020-04-16 07:51:33', NULL),
(1066, 2, 0, '11-04-01', 11, 4, 1, 3, 6, 0, 1, '', '2020-04-16 07:51:33', NULL),
(1067, 2, 0, '11-04-02', 11, 4, 2, 3, 6, 0, 1, '', '2020-04-16 07:51:33', NULL),
(1068, 2, 0, '11-04-03', 11, 4, 3, 3, 6, 0, 1, '', '2020-04-16 07:51:33', NULL),
(1069, 2, 0, '11-04-04', 11, 4, 4, 3, 6, 0, 1, '', '2020-04-16 07:51:33', NULL),
(1070, 2, 0, '11-05-01', 11, 5, 1, 3, 6, 0, 1, '', '2020-04-16 07:51:33', NULL),
(1071, 2, 0, '11-05-02', 11, 5, 2, 3, 6, 0, 1, '', '2020-04-16 07:51:33', NULL),
(1072, 2, 0, '11-05-03', 11, 5, 3, 3, 6, 0, 1, '', '2020-04-16 07:51:33', NULL),
(1073, 2, 0, '11-05-04', 11, 5, 4, 3, 6, 0, 1, '', '2020-04-16 07:51:33', NULL),
(1074, 2, 0, '11-06-01', 11, 6, 1, 3, 6, 0, 1, '', '2020-04-16 07:51:33', NULL),
(1075, 2, 0, '11-06-02', 11, 6, 2, 3, 6, 0, 1, '', '2020-04-16 07:51:33', NULL),
(1076, 2, 0, '11-06-03', 11, 6, 3, 3, 6, 0, 1, '', '2020-04-16 07:51:33', NULL),
(1077, 2, 0, '11-06-04', 11, 6, 4, 3, 6, 0, 1, '', '2020-04-16 07:51:33', NULL),
(1078, 2, 0, '11-07-01', 11, 7, 1, 3, 6, 0, 1, '', '2020-04-16 07:51:33', NULL),
(1079, 2, 0, '11-07-02', 11, 7, 2, 3, 6, 0, 1, '', '2020-04-16 07:51:33', NULL),
(1080, 2, 0, '11-07-03', 11, 7, 3, 3, 6, 0, 1, '', '2020-04-16 07:51:33', NULL),
(1081, 2, 0, '11-07-04', 11, 7, 4, 3, 6, 0, 1, '', '2020-04-16 07:51:33', NULL),
(1082, 2, 0, '11-08-01', 11, 8, 1, 3, 6, 0, 1, '', '2020-04-16 07:51:33', NULL),
(1083, 2, 0, '11-08-02', 11, 8, 2, 3, 6, 0, 1, '', '2020-04-16 07:51:33', NULL),
(1084, 2, 0, '11-08-03', 11, 8, 3, 3, 6, 0, 1, '', '2020-04-16 07:51:33', NULL),
(1085, 2, 0, '11-08-04', 11, 8, 4, 3, 6, 0, 1, '', '2020-04-16 07:51:33', NULL),
(1086, 2, 0, '11-09-01', 11, 9, 1, 3, 6, 0, 1, '', '2020-04-16 07:51:33', NULL),
(1087, 2, 0, '11-09-02', 11, 9, 2, 3, 6, 0, 1, '', '2020-04-16 07:51:33', NULL),
(1088, 2, 0, '11-09-03', 11, 9, 3, 3, 6, 0, 1, '', '2020-04-16 07:51:33', NULL),
(1089, 2, 0, '11-09-04', 11, 9, 4, 3, 6, 0, 1, '', '2020-04-16 07:51:33', NULL),
(1090, 2, 0, '11-10-01', 11, 10, 1, 3, 6, 0, 1, '', '2020-04-16 07:51:33', NULL),
(1091, 2, 0, '11-10-02', 11, 10, 2, 3, 6, 0, 1, '', '2020-04-16 07:51:33', NULL),
(1092, 2, 0, '11-10-03', 11, 10, 3, 3, 6, 0, 1, '', '2020-04-16 07:51:33', NULL),
(1093, 2, 0, '11-10-04', 11, 10, 4, 3, 6, 0, 1, '', '2020-04-16 07:51:33', NULL),
(1094, 2, 0, '11-11-01', 11, 11, 1, 3, 6, 0, 1, '', '2020-04-16 07:51:33', NULL),
(1095, 2, 0, '11-11-02', 11, 11, 2, 3, 6, 0, 1, '', '2020-04-16 07:51:33', NULL),
(1096, 2, 0, '11-11-03', 11, 11, 3, 3, 6, 0, 1, '', '2020-04-16 07:51:33', NULL),
(1097, 2, 0, '11-11-04', 11, 11, 4, 3, 6, 0, 1, '', '2020-04-16 07:51:33', NULL),
(1098, 2, 0, '11-12-01', 11, 12, 1, 3, 6, 0, 1, '', '2020-04-16 07:51:33', NULL),
(1099, 2, 0, '11-12-02', 11, 12, 2, 3, 6, 0, 1, '', '2020-04-16 07:51:33', NULL),
(1100, 2, 0, '11-12-03', 11, 12, 3, 3, 6, 0, 1, '', '2020-04-16 07:51:33', NULL),
(1101, 2, 0, '11-12-04', 11, 12, 4, 3, 6, 0, 1, '', '2020-04-16 07:51:33', NULL),
(1102, 2, 0, '11-13-01', 11, 13, 1, 3, 6, 0, 1, '', '2020-04-16 07:51:33', NULL),
(1103, 2, 0, '11-13-02', 11, 13, 2, 3, 6, 0, 1, '', '2020-04-16 07:51:33', NULL),
(1104, 2, 0, '12-01-01', 12, 1, 1, 3, 6, 0, 1, '', '2020-04-16 07:51:33', NULL),
(1105, 2, 0, '12-01-02', 12, 1, 2, 3, 6, 0, 1, '', '2020-04-16 07:51:33', NULL),
(1106, 2, 0, '12-01-03', 12, 1, 3, 3, 6, 0, 1, '', '2020-04-16 07:51:33', NULL),
(1107, 2, 0, '12-01-04', 12, 1, 4, 3, 6, 0, 1, '', '2020-04-16 07:51:33', NULL),
(1108, 2, 0, '12-02-01', 12, 2, 1, 3, 6, 0, 1, '', '2020-04-16 07:51:33', NULL),
(1109, 2, 0, '12-02-02', 12, 2, 2, 3, 6, 0, 1, '', '2020-04-16 07:51:33', NULL),
(1110, 2, 0, '12-02-03', 12, 2, 3, 3, 6, 0, 1, '', '2020-04-16 07:51:33', NULL),
(1111, 2, 0, '12-02-04', 12, 2, 4, 3, 6, 0, 1, '', '2020-04-16 07:51:33', NULL),
(1112, 2, 0, '12-03-01', 12, 3, 1, 3, 6, 0, 1, '', '2020-04-16 07:51:33', NULL),
(1113, 2, 0, '12-03-02', 12, 3, 2, 3, 6, 0, 1, '', '2020-04-16 07:51:33', NULL),
(1114, 2, 0, '12-03-03', 12, 3, 3, 3, 6, 0, 1, '', '2020-04-16 07:51:33', NULL),
(1115, 2, 0, '12-03-04', 12, 3, 4, 3, 6, 0, 1, '', '2020-04-16 07:51:33', NULL),
(1116, 2, 0, '12-04-01', 12, 4, 1, 3, 6, 0, 1, '', '2020-04-16 07:51:33', NULL),
(1117, 2, 0, '12-04-02', 12, 4, 2, 3, 6, 0, 1, '', '2020-04-16 07:51:33', NULL),
(1118, 2, 0, '12-04-03', 12, 4, 3, 3, 6, 0, 1, '', '2020-04-16 07:51:33', NULL),
(1119, 2, 0, '12-04-04', 12, 4, 4, 3, 6, 0, 1, '', '2020-04-16 07:51:33', NULL),
(1120, 2, 0, '12-05-01', 12, 5, 1, 3, 6, 0, 1, '', '2020-04-16 07:51:33', NULL),
(1121, 2, 0, '12-05-02', 12, 5, 2, 3, 6, 0, 1, '', '2020-04-16 07:51:33', NULL),
(1122, 2, 0, '12-05-03', 12, 5, 3, 3, 6, 0, 1, '', '2020-04-16 07:51:33', NULL),
(1123, 2, 0, '12-05-04', 12, 5, 4, 3, 6, 0, 1, '', '2020-04-16 07:51:33', NULL),
(1124, 2, 0, '12-06-01', 12, 6, 1, 3, 6, 0, 1, '', '2020-04-16 07:51:33', NULL),
(1125, 2, 0, '12-06-02', 12, 6, 2, 3, 6, 0, 1, '', '2020-04-16 07:51:33', NULL),
(1126, 2, 0, '12-06-03', 12, 6, 3, 3, 6, 0, 1, '', '2020-04-16 07:51:33', NULL),
(1127, 2, 0, '12-06-04', 12, 6, 4, 3, 6, 0, 1, '', '2020-04-16 07:51:33', NULL),
(1128, 2, 0, '12-07-01', 12, 7, 1, 3, 6, 0, 1, '', '2020-04-16 07:51:33', NULL),
(1129, 2, 0, '12-07-02', 12, 7, 2, 3, 6, 0, 1, '', '2020-04-16 07:51:33', NULL),
(1130, 2, 0, '12-07-03', 12, 7, 3, 3, 6, 0, 1, '', '2020-04-16 07:51:33', NULL),
(1131, 2, 0, '12-07-04', 12, 7, 4, 3, 6, 0, 1, '', '2020-04-16 07:51:33', NULL),
(1132, 2, 0, '12-08-01', 12, 8, 1, 3, 6, 0, 1, '', '2020-04-16 07:51:33', NULL),
(1133, 2, 0, '12-08-02', 12, 8, 2, 3, 6, 0, 1, '', '2020-04-16 07:51:33', NULL),
(1134, 2, 0, '12-08-03', 12, 8, 3, 3, 6, 0, 1, '', '2020-04-16 07:51:33', NULL),
(1135, 2, 0, '12-08-04', 12, 8, 4, 3, 6, 0, 1, '', '2020-04-16 07:51:33', NULL),
(1136, 2, 0, '12-09-01', 12, 9, 1, 3, 6, 0, 1, '', '2020-04-16 07:51:33', NULL),
(1137, 2, 0, '12-09-02', 12, 9, 2, 3, 6, 0, 1, '', '2020-04-16 07:51:33', NULL),
(1138, 2, 0, '12-09-03', 12, 9, 3, 3, 6, 0, 1, '', '2020-04-16 07:51:33', NULL),
(1139, 2, 0, '12-09-04', 12, 9, 4, 3, 6, 0, 1, '', '2020-04-16 07:51:33', NULL),
(1140, 2, 0, '12-10-01', 12, 10, 1, 3, 6, 0, 1, '', '2020-04-16 07:51:33', NULL),
(1141, 2, 0, '12-10-02', 12, 10, 2, 3, 6, 0, 1, '', '2020-04-16 07:51:33', NULL),
(1142, 2, 0, '12-10-03', 12, 10, 3, 3, 6, 0, 1, '', '2020-04-16 07:51:33', NULL),
(1143, 2, 0, '12-10-04', 12, 10, 4, 3, 6, 0, 1, '', '2020-04-16 07:51:33', NULL),
(1144, 2, 0, '12-11-01', 12, 11, 1, 3, 6, 0, 1, '', '2020-04-16 07:51:33', NULL),
(1145, 2, 0, '12-11-02', 12, 11, 2, 3, 6, 0, 1, '', '2020-04-16 07:51:33', NULL),
(1146, 2, 0, '12-11-03', 12, 11, 3, 3, 6, 0, 1, '', '2020-04-16 07:51:33', NULL),
(1147, 2, 0, '12-11-04', 12, 11, 4, 3, 6, 0, 1, '', '2020-04-16 07:51:33', NULL),
(1148, 2, 0, '12-12-01', 12, 12, 1, 3, 6, 0, 1, '', '2020-04-16 07:51:33', NULL),
(1149, 2, 0, '12-12-02', 12, 12, 2, 3, 6, 0, 1, '', '2020-04-16 07:51:33', NULL),
(1150, 2, 0, '12-12-03', 12, 12, 3, 3, 6, 0, 1, '', '2020-04-16 07:51:33', NULL),
(1151, 2, 0, '12-12-04', 12, 12, 4, 3, 6, 0, 1, '', '2020-04-16 07:51:33', NULL),
(1152, 2, 0, '12-13-01', 12, 13, 1, 3, 6, 0, 1, '', '2020-04-16 07:51:33', NULL),
(1153, 2, 0, '12-13-02', 12, 13, 2, 3, 6, 0, 1, '', '2020-04-16 07:51:33', NULL),
(1154, 2, 0, '13-01-01', 13, 1, 1, 3, 6, 0, 1, '', '2020-04-16 07:51:33', NULL),
(1155, 2, 0, '13-01-02', 13, 1, 2, 3, 6, 0, 1, '', '2020-04-16 07:51:33', NULL),
(1156, 2, 0, '13-01-03', 13, 1, 3, 3, 6, 0, 1, '', '2020-04-16 07:51:33', NULL),
(1157, 2, 0, '13-01-04', 13, 1, 4, 3, 6, 0, 1, '', '2020-04-16 07:51:33', NULL),
(1158, 2, 0, '13-02-01', 13, 2, 1, 3, 6, 0, 1, '', '2020-04-16 07:51:33', NULL),
(1159, 2, 0, '13-02-02', 13, 2, 2, 3, 6, 0, 1, '', '2020-04-16 07:51:33', NULL),
(1160, 2, 0, '13-02-03', 13, 2, 3, 3, 6, 0, 1, '', '2020-04-16 07:51:33', NULL),
(1161, 2, 0, '13-02-04', 13, 2, 4, 3, 6, 0, 1, '', '2020-04-16 07:51:33', NULL),
(1162, 2, 0, '13-03-01', 13, 3, 1, 3, 6, 0, 1, '', '2020-04-16 07:51:33', NULL),
(1163, 2, 0, '13-03-02', 13, 3, 2, 3, 6, 0, 1, '', '2020-04-16 07:51:33', NULL),
(1164, 2, 0, '13-03-03', 13, 3, 3, 3, 6, 0, 1, '', '2020-04-16 07:51:33', NULL),
(1165, 2, 0, '13-03-04', 13, 3, 4, 3, 6, 0, 1, '', '2020-04-16 07:51:33', NULL),
(1166, 2, 0, '13-04-01', 13, 4, 1, 3, 6, 0, 1, '', '2020-04-16 07:51:33', NULL),
(1167, 2, 0, '13-04-02', 13, 4, 2, 3, 6, 0, 1, '', '2020-04-16 07:51:33', NULL),
(1168, 2, 0, '13-04-03', 13, 4, 3, 3, 6, 0, 1, '', '2020-04-16 07:51:33', NULL),
(1169, 2, 0, '13-04-04', 13, 4, 4, 3, 6, 0, 1, '', '2020-04-16 07:51:33', NULL),
(1170, 2, 0, '13-05-01', 13, 5, 1, 3, 6, 0, 1, '', '2020-04-16 07:51:33', NULL),
(1171, 2, 0, '13-05-02', 13, 5, 2, 3, 6, 0, 1, '', '2020-04-16 07:51:33', NULL),
(1172, 2, 0, '13-05-03', 13, 5, 3, 3, 6, 0, 1, '', '2020-04-16 07:51:33', NULL),
(1173, 2, 0, '13-05-04', 13, 5, 4, 3, 6, 0, 1, '', '2020-04-16 07:51:33', NULL),
(1174, 2, 0, '13-06-01', 13, 6, 1, 3, 6, 0, 1, '', '2020-04-16 07:51:33', NULL),
(1175, 2, 0, '13-06-02', 13, 6, 2, 3, 6, 0, 1, '', '2020-04-16 07:51:33', NULL),
(1176, 2, 0, '13-06-03', 13, 6, 3, 3, 6, 0, 1, '', '2020-04-16 07:51:33', NULL),
(1177, 2, 0, '13-06-04', 13, 6, 4, 3, 6, 0, 1, '', '2020-04-16 07:51:33', NULL),
(1178, 2, 0, '13-07-01', 13, 7, 1, 3, 6, 0, 1, '', '2020-04-16 07:51:33', NULL),
(1179, 2, 0, '13-07-02', 13, 7, 2, 3, 6, 0, 1, '', '2020-04-16 07:51:33', NULL),
(1180, 2, 0, '13-07-03', 13, 7, 3, 3, 6, 0, 1, '', '2020-04-16 07:51:33', NULL),
(1181, 2, 0, '13-07-04', 13, 7, 4, 3, 6, 0, 1, '', '2020-04-16 07:51:33', NULL),
(1182, 2, 0, '13-08-01', 13, 8, 1, 3, 6, 0, 1, '', '2020-04-16 07:51:33', NULL),
(1183, 2, 0, '13-08-02', 13, 8, 2, 3, 6, 0, 1, '', '2020-04-16 07:51:33', NULL),
(1184, 2, 0, '13-08-03', 13, 8, 3, 3, 6, 0, 1, '', '2020-04-16 07:51:33', NULL),
(1185, 2, 0, '13-08-04', 13, 8, 4, 3, 6, 0, 1, '', '2020-04-16 07:51:33', NULL),
(1186, 2, 0, '13-09-01', 13, 9, 1, 3, 6, 0, 1, '', '2020-04-16 07:51:33', NULL),
(1187, 2, 0, '13-09-02', 13, 9, 2, 3, 6, 0, 1, '', '2020-04-16 07:51:33', NULL),
(1188, 2, 0, '13-09-03', 13, 9, 3, 3, 6, 0, 1, '', '2020-04-16 07:51:33', NULL),
(1189, 2, 0, '13-09-04', 13, 9, 4, 3, 6, 0, 1, '', '2020-04-16 07:51:33', NULL),
(1190, 2, 0, '13-10-01', 13, 10, 1, 3, 6, 0, 1, '', '2020-04-16 07:51:33', NULL),
(1191, 2, 0, '13-10-02', 13, 10, 2, 3, 6, 0, 1, '', '2020-04-16 07:51:33', NULL),
(1192, 2, 0, '13-10-03', 13, 10, 3, 3, 6, 0, 1, '', '2020-04-16 07:51:33', NULL),
(1193, 2, 0, '13-10-04', 13, 10, 4, 3, 6, 0, 1, '', '2020-04-16 07:51:33', NULL),
(1194, 2, 0, '13-11-01', 13, 11, 1, 3, 6, 0, 1, '', '2020-04-16 07:51:33', NULL),
(1195, 2, 0, '13-11-02', 13, 11, 2, 3, 6, 0, 1, '', '2020-04-16 07:51:33', NULL),
(1196, 2, 0, '13-11-03', 13, 11, 3, 3, 6, 0, 1, '', '2020-04-16 07:51:33', NULL),
(1197, 2, 0, '13-11-04', 13, 11, 4, 3, 6, 0, 1, '', '2020-04-16 07:51:33', NULL),
(1198, 2, 0, '13-12-01', 13, 12, 1, 3, 6, 0, 1, '', '2020-04-16 07:51:33', NULL),
(1199, 2, 0, '13-12-02', 13, 12, 2, 3, 6, 0, 1, '', '2020-04-16 07:51:33', NULL),
(1200, 2, 0, '13-12-03', 13, 12, 3, 3, 6, 0, 1, '', '2020-04-16 07:51:33', NULL),
(1201, 2, 0, '13-12-04', 13, 12, 4, 3, 6, 0, 1, '', '2020-04-16 07:51:33', NULL),
(1202, 2, 0, '13-13-01', 13, 13, 1, 3, 6, 0, 1, '', '2020-04-16 07:51:33', NULL),
(1203, 2, 0, '13-13-02', 13, 13, 2, 3, 6, 0, 1, '', '2020-04-16 07:51:33', NULL),
(1204, 2, 0, '14-01-01', 14, 1, 1, 3, 6, 0, 1, '', '2020-04-16 07:51:33', NULL),
(1205, 2, 0, '14-01-02', 14, 1, 2, 3, 6, 0, 1, '', '2020-04-16 07:51:33', NULL),
(1206, 2, 0, '14-01-03', 14, 1, 3, 3, 6, 0, 1, '', '2020-04-16 07:51:33', NULL),
(1207, 2, 0, '14-01-04', 14, 1, 4, 3, 6, 0, 1, '', '2020-04-16 07:51:33', NULL),
(1208, 2, 0, '14-02-01', 14, 2, 1, 3, 6, 0, 1, '', '2020-04-16 07:51:33', NULL),
(1209, 2, 0, '14-02-02', 14, 2, 2, 3, 6, 0, 1, '', '2020-04-16 07:51:33', NULL),
(1210, 2, 0, '14-02-03', 14, 2, 3, 3, 6, 0, 1, '', '2020-04-16 07:51:33', NULL),
(1211, 2, 0, '14-02-04', 14, 2, 4, 3, 6, 0, 1, '', '2020-04-16 07:51:33', NULL),
(1212, 2, 0, '14-03-01', 14, 3, 1, 3, 6, 0, 1, '', '2020-04-16 07:51:33', NULL),
(1213, 2, 0, '14-03-02', 14, 3, 2, 3, 6, 0, 1, '', '2020-04-16 07:51:33', NULL),
(1214, 2, 0, '14-03-03', 14, 3, 3, 3, 6, 0, 1, '', '2020-04-16 07:51:33', NULL),
(1215, 2, 0, '14-03-04', 14, 3, 4, 3, 6, 0, 1, '', '2020-04-16 07:51:33', NULL),
(1216, 2, 0, '14-04-01', 14, 4, 1, 3, 6, 0, 1, '', '2020-04-16 07:51:33', NULL),
(1217, 2, 0, '14-04-02', 14, 4, 2, 3, 6, 0, 1, '', '2020-04-16 07:51:33', NULL),
(1218, 2, 0, '14-04-03', 14, 4, 3, 3, 6, 0, 1, '', '2020-04-16 07:51:33', NULL),
(1219, 2, 0, '14-04-04', 14, 4, 4, 3, 6, 0, 1, '', '2020-04-16 07:51:33', NULL),
(1220, 2, 0, '14-05-01', 14, 5, 1, 3, 6, 0, 1, '', '2020-04-16 07:51:33', NULL),
(1221, 2, 0, '14-05-02', 14, 5, 2, 3, 6, 0, 1, '', '2020-04-16 07:51:33', NULL),
(1222, 2, 0, '14-05-03', 14, 5, 3, 3, 6, 0, 1, '', '2020-04-16 07:51:33', NULL),
(1223, 2, 0, '14-05-04', 14, 5, 4, 3, 6, 0, 1, '', '2020-04-16 07:51:33', NULL),
(1224, 2, 0, '14-06-01', 14, 6, 1, 3, 6, 0, 1, '', '2020-04-16 07:51:33', NULL),
(1225, 2, 0, '14-06-02', 14, 6, 2, 3, 6, 0, 1, '', '2020-04-16 07:51:33', NULL),
(1226, 2, 0, '14-06-03', 14, 6, 3, 3, 6, 0, 1, '', '2020-04-16 07:51:33', NULL),
(1227, 2, 0, '14-06-04', 14, 6, 4, 3, 6, 0, 1, '', '2020-04-16 07:51:33', NULL),
(1228, 2, 0, '14-07-01', 14, 7, 1, 3, 6, 0, 1, '', '2020-04-16 07:51:33', NULL),
(1229, 2, 0, '14-07-02', 14, 7, 2, 3, 6, 0, 1, '', '2020-04-16 07:51:33', NULL),
(1230, 2, 0, '14-07-03', 14, 7, 3, 3, 6, 0, 1, '', '2020-04-16 07:51:33', NULL),
(1231, 2, 0, '14-07-04', 14, 7, 4, 3, 6, 0, 1, '', '2020-04-16 07:51:33', NULL),
(1232, 2, 0, '14-08-01', 14, 8, 1, 3, 6, 0, 1, '', '2020-04-16 07:51:33', NULL),
(1233, 2, 0, '14-08-02', 14, 8, 2, 3, 6, 0, 1, '', '2020-04-16 07:51:33', NULL),
(1234, 2, 0, '14-08-03', 14, 8, 3, 3, 6, 0, 1, '', '2020-04-16 07:51:33', NULL),
(1235, 2, 0, '14-08-04', 14, 8, 4, 3, 6, 0, 1, '', '2020-04-16 07:51:33', NULL),
(1236, 2, 0, '14-09-01', 14, 9, 1, 3, 6, 0, 1, '', '2020-04-16 07:51:33', NULL),
(1237, 2, 0, '14-09-02', 14, 9, 2, 3, 6, 0, 1, '', '2020-04-16 07:51:33', NULL),
(1238, 2, 0, '14-09-03', 14, 9, 3, 3, 6, 0, 1, '', '2020-04-16 07:51:33', NULL),
(1239, 2, 0, '14-09-04', 14, 9, 4, 3, 6, 0, 1, '', '2020-04-16 07:51:33', NULL),
(1240, 2, 0, '14-10-01', 14, 10, 1, 3, 6, 0, 1, '', '2020-04-16 07:51:33', NULL),
(1241, 2, 0, '14-10-02', 14, 10, 2, 3, 6, 0, 1, '', '2020-04-16 07:51:33', NULL),
(1242, 2, 0, '14-10-03', 14, 10, 3, 3, 6, 0, 1, '', '2020-04-16 07:51:33', NULL),
(1243, 2, 0, '14-10-04', 14, 10, 4, 3, 6, 0, 1, '', '2020-04-16 07:51:33', NULL),
(1244, 2, 0, '14-11-01', 14, 11, 1, 3, 6, 0, 1, '', '2020-04-16 07:51:33', NULL),
(1245, 2, 0, '14-11-02', 14, 11, 2, 3, 6, 0, 1, '', '2020-04-16 07:51:33', NULL),
(1246, 2, 0, '14-11-03', 14, 11, 3, 3, 6, 0, 1, '', '2020-04-16 07:51:33', NULL),
(1247, 2, 0, '14-11-04', 14, 11, 4, 3, 6, 0, 1, '', '2020-04-16 07:51:33', NULL),
(1248, 2, 0, '14-12-01', 14, 12, 1, 3, 6, 0, 1, '', '2020-04-16 07:51:33', NULL),
(1249, 2, 0, '14-12-02', 14, 12, 2, 3, 6, 0, 1, '', '2020-04-16 07:51:33', NULL),
(1250, 2, 0, '14-12-03', 14, 12, 3, 3, 6, 0, 1, '', '2020-04-16 07:51:33', NULL),
(1251, 2, 0, '14-12-04', 14, 12, 4, 3, 6, 0, 1, '', '2020-04-16 07:51:33', NULL),
(1252, 2, 0, '14-13-01', 14, 13, 1, 3, 6, 0, 1, '', '2020-04-16 07:51:33', NULL),
(1253, 2, 0, '14-13-02', 14, 13, 2, 3, 6, 0, 1, '', '2020-04-16 07:51:33', NULL),
(1254, 2, 0, '15-01-01', 15, 1, 1, 3, 6, 0, 1, '', '2020-04-16 07:51:33', NULL),
(1255, 2, 0, '15-01-02', 15, 1, 2, 3, 6, 0, 1, '', '2020-04-16 07:51:33', NULL),
(1256, 2, 0, '15-01-03', 15, 1, 3, 3, 6, 0, 1, '', '2020-04-16 07:51:33', NULL),
(1257, 2, 0, '15-01-04', 15, 1, 4, 3, 6, 0, 1, '', '2020-04-16 07:51:33', NULL),
(1258, 2, 0, '15-02-01', 15, 2, 1, 3, 6, 0, 1, '', '2020-04-16 07:51:33', NULL),
(1259, 2, 0, '15-02-02', 15, 2, 2, 3, 6, 0, 1, '', '2020-04-16 07:51:33', NULL),
(1260, 2, 0, '15-02-03', 15, 2, 3, 3, 6, 0, 1, '', '2020-04-16 07:51:33', NULL),
(1261, 2, 0, '15-02-04', 15, 2, 4, 3, 6, 0, 1, '', '2020-04-16 07:51:33', NULL),
(1262, 2, 0, '15-03-01', 15, 3, 1, 3, 6, 0, 1, '', '2020-04-16 07:51:33', NULL),
(1263, 2, 0, '15-03-02', 15, 3, 2, 3, 6, 0, 1, '', '2020-04-16 07:51:33', NULL),
(1264, 2, 0, '15-03-03', 15, 3, 3, 3, 6, 0, 1, '', '2020-04-16 07:51:33', NULL),
(1265, 2, 0, '15-03-04', 15, 3, 4, 3, 6, 0, 1, '', '2020-04-16 07:51:33', NULL),
(1266, 2, 0, '15-04-01', 15, 4, 1, 3, 6, 0, 1, '', '2020-04-16 07:51:33', NULL),
(1267, 2, 0, '15-04-02', 15, 4, 2, 3, 6, 0, 1, '', '2020-04-16 07:51:33', NULL),
(1268, 2, 0, '15-04-03', 15, 4, 3, 3, 6, 0, 1, '', '2020-04-16 07:51:33', NULL),
(1269, 2, 0, '15-04-04', 15, 4, 4, 3, 6, 0, 1, '', '2020-04-16 07:51:33', NULL),
(1270, 2, 0, '15-05-01', 15, 5, 1, 3, 6, 0, 1, '', '2020-04-16 07:51:33', NULL),
(1271, 2, 0, '15-05-02', 15, 5, 2, 3, 6, 0, 1, '', '2020-04-16 07:51:33', NULL),
(1272, 2, 0, '15-05-03', 15, 5, 3, 3, 6, 0, 1, '', '2020-04-16 07:51:33', NULL),
(1273, 2, 0, '15-05-04', 15, 5, 4, 3, 6, 0, 1, '', '2020-04-16 07:51:33', NULL),
(1274, 2, 0, '15-06-01', 15, 6, 1, 3, 6, 0, 1, '', '2020-04-16 07:51:33', NULL),
(1275, 2, 0, '15-06-02', 15, 6, 2, 3, 6, 0, 1, '', '2020-04-16 07:51:33', NULL),
(1276, 2, 0, '15-06-03', 15, 6, 3, 3, 6, 0, 1, '', '2020-04-16 07:51:33', NULL),
(1277, 2, 0, '15-06-04', 15, 6, 4, 3, 6, 0, 1, '', '2020-04-16 07:51:33', NULL),
(1278, 2, 0, '15-07-01', 15, 7, 1, 3, 6, 0, 1, '', '2020-04-16 07:51:33', NULL),
(1279, 2, 0, '15-07-02', 15, 7, 2, 3, 6, 0, 1, '', '2020-04-16 07:51:33', NULL),
(1280, 2, 0, '15-07-03', 15, 7, 3, 3, 6, 0, 1, '', '2020-04-16 07:51:33', NULL),
(1281, 2, 0, '15-07-04', 15, 7, 4, 3, 6, 0, 1, '', '2020-04-16 07:51:33', NULL),
(1282, 2, 0, '15-08-01', 15, 8, 1, 3, 6, 0, 1, '', '2020-04-16 07:51:33', NULL),
(1283, 2, 0, '15-08-02', 15, 8, 2, 3, 6, 0, 1, '', '2020-04-16 07:51:33', NULL),
(1284, 2, 0, '15-08-03', 15, 8, 3, 3, 6, 0, 1, '', '2020-04-16 07:51:33', NULL),
(1285, 2, 0, '15-08-04', 15, 8, 4, 3, 6, 0, 1, '', '2020-04-16 07:51:33', NULL),
(1286, 2, 0, '15-09-01', 15, 9, 1, 3, 6, 0, 1, '', '2020-04-16 07:51:33', NULL),
(1287, 2, 0, '15-09-02', 15, 9, 2, 3, 6, 0, 1, '', '2020-04-16 07:51:33', NULL),
(1288, 2, 0, '15-09-03', 15, 9, 3, 3, 6, 0, 1, '', '2020-04-16 07:51:33', NULL),
(1289, 2, 0, '15-09-04', 15, 9, 4, 3, 6, 0, 1, '', '2020-04-16 07:51:33', NULL),
(1290, 2, 0, '15-10-01', 15, 10, 1, 3, 6, 0, 1, '', '2020-04-16 07:51:33', NULL),
(1291, 2, 0, '15-10-02', 15, 10, 2, 3, 6, 0, 1, '', '2020-04-16 07:51:33', NULL),
(1292, 2, 0, '15-10-03', 15, 10, 3, 3, 6, 0, 1, '', '2020-04-16 07:51:33', NULL),
(1293, 2, 0, '15-10-04', 15, 10, 4, 3, 6, 0, 1, '', '2020-04-16 07:51:33', NULL),
(1294, 2, 0, '15-11-01', 15, 11, 1, 3, 6, 0, 1, '', '2020-04-16 07:51:33', NULL),
(1295, 2, 0, '15-11-02', 15, 11, 2, 3, 6, 0, 1, '', '2020-04-16 07:51:33', NULL),
(1296, 2, 0, '15-11-03', 15, 11, 3, 3, 6, 0, 1, '', '2020-04-16 07:51:33', NULL),
(1297, 2, 0, '15-11-04', 15, 11, 4, 3, 6, 0, 1, '', '2020-04-16 07:51:33', NULL),
(1298, 2, 0, '15-12-01', 15, 12, 1, 3, 6, 0, 1, '', '2020-04-16 07:51:33', NULL),
(1299, 2, 0, '15-12-02', 15, 12, 2, 3, 6, 0, 1, '', '2020-04-16 07:51:33', NULL),
(1300, 2, 0, '15-12-03', 15, 12, 3, 3, 6, 0, 1, '', '2020-04-16 07:51:33', NULL);
INSERT INTO `ms_unit_bin` (`id`, `id_unit`, `id_bin_group`, `code`, `shelf`, `compartment`, `depth`, `id_capacity`, `capacity`, `id_current_item`, `is_active`, `note`, `created_at`, `updated_at`) VALUES
(1301, 2, 0, '15-12-04', 15, 12, 4, 3, 6, 0, 1, '', '2020-04-16 07:51:33', NULL),
(1302, 2, 0, '15-13-01', 15, 13, 1, 3, 6, 0, 1, '', '2020-04-16 07:51:33', NULL),
(1303, 2, 0, '15-13-02', 15, 13, 2, 3, 6, 0, 1, '', '2020-04-16 07:51:33', NULL),
(1304, 2, 0, '16-01-01', 16, 1, 1, 3, 6, 0, 1, '', '2020-04-16 07:51:33', NULL),
(1305, 2, 0, '16-01-02', 16, 1, 2, 3, 6, 0, 1, '', '2020-04-16 07:51:33', NULL),
(1306, 2, 0, '16-01-03', 16, 1, 3, 3, 6, 0, 1, '', '2020-04-16 07:51:33', NULL),
(1307, 2, 0, '16-01-04', 16, 1, 4, 3, 6, 0, 1, '', '2020-04-16 07:51:33', NULL),
(1308, 2, 0, '16-02-01', 16, 2, 1, 3, 6, 0, 1, '', '2020-04-16 07:51:33', NULL),
(1309, 2, 0, '16-02-02', 16, 2, 2, 3, 6, 0, 1, '', '2020-04-16 07:51:33', NULL),
(1310, 2, 0, '16-02-03', 16, 2, 3, 3, 6, 0, 1, '', '2020-04-16 07:51:33', NULL),
(1311, 2, 0, '16-02-04', 16, 2, 4, 3, 6, 0, 1, '', '2020-04-16 07:51:33', NULL),
(1312, 2, 0, '16-03-01', 16, 3, 1, 3, 6, 0, 1, '', '2020-04-16 07:51:33', NULL),
(1313, 2, 0, '16-03-02', 16, 3, 2, 3, 6, 0, 1, '', '2020-04-16 07:51:33', NULL),
(1314, 2, 0, '16-03-03', 16, 3, 3, 3, 6, 0, 1, '', '2020-04-16 07:51:33', NULL),
(1315, 2, 0, '16-03-04', 16, 3, 4, 3, 6, 0, 1, '', '2020-04-16 07:51:33', NULL),
(1316, 2, 0, '16-04-01', 16, 4, 1, 3, 6, 0, 1, '', '2020-04-16 07:51:33', NULL),
(1317, 2, 0, '16-04-02', 16, 4, 2, 3, 6, 0, 1, '', '2020-04-16 07:51:33', NULL),
(1318, 2, 0, '16-04-03', 16, 4, 3, 3, 6, 0, 1, '', '2020-04-16 07:51:33', NULL),
(1319, 2, 0, '16-04-04', 16, 4, 4, 3, 6, 0, 1, '', '2020-04-16 07:51:33', NULL),
(1320, 2, 0, '16-05-01', 16, 5, 1, 3, 6, 0, 1, '', '2020-04-16 07:51:33', NULL),
(1321, 2, 0, '16-05-02', 16, 5, 2, 3, 6, 0, 1, '', '2020-04-16 07:51:33', NULL),
(1322, 2, 0, '16-05-03', 16, 5, 3, 3, 6, 0, 1, '', '2020-04-16 07:51:33', NULL),
(1323, 2, 0, '16-05-04', 16, 5, 4, 3, 6, 0, 1, '', '2020-04-16 07:51:33', NULL),
(1324, 2, 0, '16-06-01', 16, 6, 1, 3, 6, 0, 1, '', '2020-04-16 07:51:33', NULL),
(1325, 2, 0, '16-06-02', 16, 6, 2, 3, 6, 0, 1, '', '2020-04-16 07:51:33', NULL),
(1326, 2, 0, '16-06-03', 16, 6, 3, 3, 6, 0, 1, '', '2020-04-16 07:51:33', NULL),
(1327, 2, 0, '16-06-04', 16, 6, 4, 3, 6, 0, 1, '', '2020-04-16 07:51:33', NULL),
(1328, 2, 0, '16-07-01', 16, 7, 1, 3, 6, 0, 1, '', '2020-04-16 07:51:33', NULL),
(1329, 2, 0, '16-07-02', 16, 7, 2, 3, 6, 0, 1, '', '2020-04-16 07:51:33', NULL),
(1330, 2, 0, '16-07-03', 16, 7, 3, 3, 6, 0, 1, '', '2020-04-16 07:51:33', NULL),
(1331, 2, 0, '16-07-04', 16, 7, 4, 3, 6, 0, 1, '', '2020-04-16 07:51:33', NULL),
(1332, 2, 0, '16-08-01', 16, 8, 1, 3, 6, 0, 1, '', '2020-04-16 07:51:33', NULL),
(1333, 2, 0, '16-08-02', 16, 8, 2, 3, 6, 0, 1, '', '2020-04-16 07:51:33', NULL),
(1334, 2, 0, '16-08-03', 16, 8, 3, 3, 6, 0, 1, '', '2020-04-16 07:51:33', NULL),
(1335, 2, 0, '16-08-04', 16, 8, 4, 3, 6, 0, 1, '', '2020-04-16 07:51:33', NULL),
(1336, 2, 0, '16-09-01', 16, 9, 1, 3, 6, 0, 1, '', '2020-04-16 07:51:33', NULL),
(1337, 2, 0, '16-09-02', 16, 9, 2, 3, 6, 0, 1, '', '2020-04-16 07:51:33', NULL),
(1338, 2, 0, '16-09-03', 16, 9, 3, 3, 6, 0, 1, '', '2020-04-16 07:51:33', NULL),
(1339, 2, 0, '16-09-04', 16, 9, 4, 3, 6, 0, 1, '', '2020-04-16 07:51:33', NULL),
(1340, 2, 0, '16-10-01', 16, 10, 1, 3, 6, 0, 1, '', '2020-04-16 07:51:33', NULL),
(1341, 2, 0, '16-10-02', 16, 10, 2, 3, 6, 0, 1, '', '2020-04-16 07:51:33', NULL),
(1342, 2, 0, '16-10-03', 16, 10, 3, 3, 6, 0, 1, '', '2020-04-16 07:51:33', NULL),
(1343, 2, 0, '16-10-04', 16, 10, 4, 3, 6, 0, 1, '', '2020-04-16 07:51:33', NULL),
(1344, 2, 0, '16-11-01', 16, 11, 1, 3, 6, 0, 1, '', '2020-04-16 07:51:33', NULL),
(1345, 2, 0, '16-11-02', 16, 11, 2, 3, 6, 0, 1, '', '2020-04-16 07:51:33', NULL),
(1346, 2, 0, '16-11-03', 16, 11, 3, 3, 6, 0, 1, '', '2020-04-16 07:51:33', NULL),
(1347, 2, 0, '16-11-04', 16, 11, 4, 3, 6, 0, 1, '', '2020-04-16 07:51:33', NULL),
(1348, 2, 0, '16-12-01', 16, 12, 1, 3, 6, 0, 1, '', '2020-04-16 07:51:33', NULL),
(1349, 2, 0, '16-12-02', 16, 12, 2, 3, 6, 0, 1, '', '2020-04-16 07:51:33', NULL),
(1350, 2, 0, '16-12-03', 16, 12, 3, 3, 6, 0, 1, '', '2020-04-16 07:51:33', NULL),
(1351, 2, 0, '16-12-04', 16, 12, 4, 3, 6, 0, 1, '', '2020-04-16 07:51:33', NULL),
(1352, 2, 0, '16-13-01', 16, 13, 1, 3, 6, 0, 1, '', '2020-04-16 07:51:33', NULL),
(1353, 2, 0, '16-13-02', 16, 13, 2, 3, 6, 0, 1, '', '2020-04-16 07:51:33', NULL),
(1354, 2, 0, '17-01-01', 17, 1, 1, 3, 6, 0, 1, '', '2020-04-16 07:51:33', NULL),
(1355, 2, 0, '17-01-02', 17, 1, 2, 3, 6, 0, 1, '', '2020-04-16 07:51:33', NULL),
(1356, 2, 0, '17-01-03', 17, 1, 3, 3, 6, 0, 1, '', '2020-04-16 07:51:33', NULL),
(1357, 2, 0, '17-01-04', 17, 1, 4, 3, 6, 0, 1, '', '2020-04-16 07:51:33', NULL),
(1358, 2, 0, '17-02-01', 17, 2, 1, 3, 6, 0, 1, '', '2020-04-16 07:51:33', NULL),
(1359, 2, 0, '17-02-02', 17, 2, 2, 3, 6, 0, 1, '', '2020-04-16 07:51:33', NULL),
(1360, 2, 0, '17-02-03', 17, 2, 3, 3, 6, 0, 1, '', '2020-04-16 07:51:33', NULL),
(1361, 2, 0, '17-02-04', 17, 2, 4, 3, 6, 0, 1, '', '2020-04-16 07:51:33', NULL),
(1362, 2, 0, '17-03-01', 17, 3, 1, 3, 6, 0, 1, '', '2020-04-16 07:51:33', NULL),
(1363, 2, 0, '17-03-02', 17, 3, 2, 3, 6, 0, 1, '', '2020-04-16 07:51:33', NULL),
(1364, 2, 0, '17-03-03', 17, 3, 3, 3, 6, 0, 1, '', '2020-04-16 07:51:33', NULL),
(1365, 2, 0, '17-03-04', 17, 3, 4, 3, 6, 0, 1, '', '2020-04-16 07:51:33', NULL),
(1366, 2, 0, '17-04-01', 17, 4, 1, 3, 6, 0, 1, '', '2020-04-16 07:51:33', NULL),
(1367, 2, 0, '17-04-02', 17, 4, 2, 3, 6, 0, 1, '', '2020-04-16 07:51:33', NULL),
(1368, 2, 0, '17-04-03', 17, 4, 3, 3, 6, 0, 1, '', '2020-04-16 07:51:33', NULL),
(1369, 2, 0, '17-04-04', 17, 4, 4, 3, 6, 0, 1, '', '2020-04-16 07:51:33', NULL),
(1370, 2, 0, '17-05-01', 17, 5, 1, 3, 6, 0, 1, '', '2020-04-16 07:51:33', NULL),
(1371, 2, 0, '17-05-02', 17, 5, 2, 3, 6, 0, 1, '', '2020-04-16 07:51:33', NULL),
(1372, 2, 0, '17-05-03', 17, 5, 3, 3, 6, 0, 1, '', '2020-04-16 07:51:33', NULL),
(1373, 2, 0, '17-05-04', 17, 5, 4, 3, 6, 0, 1, '', '2020-04-16 07:51:33', NULL),
(1374, 2, 0, '17-06-01', 17, 6, 1, 3, 6, 0, 1, '', '2020-04-16 07:51:33', NULL),
(1375, 2, 0, '17-06-02', 17, 6, 2, 3, 6, 0, 1, '', '2020-04-16 07:51:33', NULL),
(1376, 2, 0, '17-06-03', 17, 6, 3, 3, 6, 0, 1, '', '2020-04-16 07:51:33', NULL),
(1377, 2, 0, '17-06-04', 17, 6, 4, 3, 6, 0, 1, '', '2020-04-16 07:51:33', NULL),
(1378, 2, 0, '17-07-01', 17, 7, 1, 3, 6, 0, 1, '', '2020-04-16 07:51:33', NULL),
(1379, 2, 0, '17-07-02', 17, 7, 2, 3, 6, 0, 1, '', '2020-04-16 07:51:33', NULL),
(1380, 2, 0, '17-07-03', 17, 7, 3, 3, 6, 0, 1, '', '2020-04-16 07:51:33', NULL),
(1381, 2, 0, '17-07-04', 17, 7, 4, 3, 6, 0, 1, '', '2020-04-16 07:51:33', NULL),
(1382, 2, 0, '17-08-01', 17, 8, 1, 3, 6, 0, 1, '', '2020-04-16 07:51:33', NULL),
(1383, 2, 0, '17-08-02', 17, 8, 2, 3, 6, 0, 1, '', '2020-04-16 07:51:33', NULL),
(1384, 2, 0, '17-08-03', 17, 8, 3, 3, 6, 0, 1, '', '2020-04-16 07:51:33', NULL),
(1385, 2, 0, '17-08-04', 17, 8, 4, 3, 6, 0, 1, '', '2020-04-16 07:51:33', NULL),
(1386, 2, 0, '17-09-01', 17, 9, 1, 3, 6, 0, 1, '', '2020-04-16 07:51:33', NULL),
(1387, 2, 0, '17-09-02', 17, 9, 2, 3, 6, 0, 1, '', '2020-04-16 07:51:33', NULL),
(1388, 2, 0, '17-09-03', 17, 9, 3, 3, 6, 0, 1, '', '2020-04-16 07:51:33', NULL),
(1389, 2, 0, '17-09-04', 17, 9, 4, 3, 6, 0, 1, '', '2020-04-16 07:51:33', NULL),
(1390, 2, 0, '17-10-01', 17, 10, 1, 3, 6, 0, 1, '', '2020-04-16 07:51:33', NULL),
(1391, 2, 0, '17-10-02', 17, 10, 2, 3, 6, 0, 1, '', '2020-04-16 07:51:33', NULL),
(1392, 2, 0, '17-10-03', 17, 10, 3, 3, 6, 0, 1, '', '2020-04-16 07:51:33', NULL),
(1393, 2, 0, '17-10-04', 17, 10, 4, 3, 6, 0, 1, '', '2020-04-16 07:51:33', NULL),
(1394, 2, 0, '17-11-01', 17, 11, 1, 3, 6, 0, 1, '', '2020-04-16 07:51:33', NULL),
(1395, 2, 0, '17-11-02', 17, 11, 2, 3, 6, 0, 1, '', '2020-04-16 07:51:33', NULL),
(1396, 2, 0, '17-11-03', 17, 11, 3, 3, 6, 0, 1, '', '2020-04-16 07:51:33', NULL),
(1397, 2, 0, '17-11-04', 17, 11, 4, 3, 6, 0, 1, '', '2020-04-16 07:51:33', NULL),
(1398, 2, 0, '17-12-01', 17, 12, 1, 3, 6, 0, 1, '', '2020-04-16 07:51:33', NULL),
(1399, 2, 0, '17-12-02', 17, 12, 2, 3, 6, 0, 1, '', '2020-04-16 07:51:33', NULL),
(1400, 2, 0, '17-12-03', 17, 12, 3, 3, 6, 0, 1, '', '2020-04-16 07:51:33', NULL),
(1401, 2, 0, '17-12-04', 17, 12, 4, 3, 6, 0, 1, '', '2020-04-16 07:51:33', NULL),
(1402, 2, 0, '17-13-01', 17, 13, 1, 3, 6, 0, 1, '', '2020-04-16 07:51:33', NULL),
(1403, 2, 0, '17-13-02', 17, 13, 2, 3, 6, 0, 1, '', '2020-04-16 07:51:33', NULL),
(1404, 2, 0, '18-01-01', 18, 1, 1, 3, 6, 0, 1, '', '2020-04-16 07:51:33', NULL),
(1405, 2, 0, '18-01-02', 18, 1, 2, 3, 6, 0, 1, '', '2020-04-16 07:51:33', NULL),
(1406, 2, 0, '18-01-03', 18, 1, 3, 3, 6, 0, 1, '', '2020-04-16 07:51:33', NULL),
(1407, 2, 0, '18-01-04', 18, 1, 4, 3, 6, 0, 1, '', '2020-04-16 07:51:33', NULL),
(1408, 2, 0, '18-02-01', 18, 2, 1, 3, 6, 0, 1, '', '2020-04-16 07:51:33', NULL),
(1409, 2, 0, '18-02-02', 18, 2, 2, 3, 6, 0, 1, '', '2020-04-16 07:51:33', NULL),
(1410, 2, 0, '18-02-03', 18, 2, 3, 3, 6, 0, 1, '', '2020-04-16 07:51:33', NULL),
(1411, 2, 0, '18-02-04', 18, 2, 4, 3, 6, 0, 1, '', '2020-04-16 07:51:33', NULL),
(1412, 2, 0, '18-03-01', 18, 3, 1, 3, 6, 0, 1, '', '2020-04-16 07:51:33', NULL),
(1413, 2, 0, '18-03-02', 18, 3, 2, 3, 6, 0, 1, '', '2020-04-16 07:51:33', NULL),
(1414, 2, 0, '18-03-03', 18, 3, 3, 3, 6, 0, 1, '', '2020-04-16 07:51:33', NULL),
(1415, 2, 0, '18-03-04', 18, 3, 4, 3, 6, 0, 1, '', '2020-04-16 07:51:33', NULL),
(1416, 2, 0, '18-04-01', 18, 4, 1, 3, 6, 0, 1, '', '2020-04-16 07:51:33', NULL),
(1417, 2, 0, '18-04-02', 18, 4, 2, 3, 6, 0, 1, '', '2020-04-16 07:51:33', NULL),
(1418, 2, 0, '18-04-03', 18, 4, 3, 3, 6, 0, 1, '', '2020-04-16 07:51:33', NULL),
(1419, 2, 0, '18-04-04', 18, 4, 4, 3, 6, 0, 1, '', '2020-04-16 07:51:33', NULL),
(1420, 2, 0, '18-05-01', 18, 5, 1, 3, 6, 0, 1, '', '2020-04-16 07:51:33', NULL),
(1421, 2, 0, '18-05-02', 18, 5, 2, 3, 6, 0, 1, '', '2020-04-16 07:51:33', NULL),
(1422, 2, 0, '18-05-03', 18, 5, 3, 3, 6, 0, 1, '', '2020-04-16 07:51:33', NULL),
(1423, 2, 0, '18-05-04', 18, 5, 4, 3, 6, 0, 1, '', '2020-04-16 07:51:33', NULL),
(1424, 2, 0, '18-06-01', 18, 6, 1, 3, 6, 0, 1, '', '2020-04-16 07:51:33', NULL),
(1425, 2, 0, '18-06-02', 18, 6, 2, 3, 6, 0, 1, '', '2020-04-16 07:51:33', NULL),
(1426, 2, 0, '18-06-03', 18, 6, 3, 3, 6, 0, 1, '', '2020-04-16 07:51:33', NULL),
(1427, 2, 0, '18-06-04', 18, 6, 4, 3, 6, 0, 1, '', '2020-04-16 07:51:33', NULL),
(1428, 2, 0, '18-07-01', 18, 7, 1, 3, 6, 0, 1, '', '2020-04-16 07:51:33', NULL),
(1429, 2, 0, '18-07-02', 18, 7, 2, 3, 6, 0, 1, '', '2020-04-16 07:51:33', NULL),
(1430, 2, 0, '18-07-03', 18, 7, 3, 3, 6, 0, 1, '', '2020-04-16 07:51:33', NULL),
(1431, 2, 0, '18-07-04', 18, 7, 4, 3, 6, 0, 1, '', '2020-04-16 07:51:33', NULL),
(1432, 2, 0, '18-08-01', 18, 8, 1, 3, 6, 0, 1, '', '2020-04-16 07:51:33', NULL),
(1433, 2, 0, '18-08-02', 18, 8, 2, 3, 6, 0, 1, '', '2020-04-16 07:51:33', NULL),
(1434, 2, 0, '18-08-03', 18, 8, 3, 3, 6, 0, 1, '', '2020-04-16 07:51:33', NULL),
(1435, 2, 0, '18-08-04', 18, 8, 4, 3, 6, 0, 1, '', '2020-04-16 07:51:33', NULL),
(1436, 2, 0, '18-09-01', 18, 9, 1, 3, 6, 0, 1, '', '2020-04-16 07:51:33', NULL),
(1437, 2, 0, '18-09-02', 18, 9, 2, 3, 6, 0, 1, '', '2020-04-16 07:51:33', NULL),
(1438, 2, 0, '18-09-03', 18, 9, 3, 3, 6, 0, 1, '', '2020-04-16 07:51:33', NULL),
(1439, 2, 0, '18-09-04', 18, 9, 4, 3, 6, 0, 1, '', '2020-04-16 07:51:33', NULL),
(1440, 2, 0, '18-10-01', 18, 10, 1, 3, 6, 0, 1, '', '2020-04-16 07:51:33', NULL),
(1441, 2, 0, '18-10-02', 18, 10, 2, 3, 6, 0, 1, '', '2020-04-16 07:51:33', NULL),
(1442, 2, 0, '18-10-03', 18, 10, 3, 3, 6, 0, 1, '', '2020-04-16 07:51:33', NULL),
(1443, 2, 0, '18-10-04', 18, 10, 4, 3, 6, 0, 1, '', '2020-04-16 07:51:33', NULL),
(1444, 2, 0, '18-11-01', 18, 11, 1, 3, 6, 0, 1, '', '2020-04-16 07:51:33', NULL),
(1445, 2, 0, '18-11-02', 18, 11, 2, 3, 6, 0, 1, '', '2020-04-16 07:51:33', NULL),
(1446, 2, 0, '18-11-03', 18, 11, 3, 3, 6, 0, 1, '', '2020-04-16 07:51:33', NULL),
(1447, 2, 0, '18-11-04', 18, 11, 4, 3, 6, 0, 1, '', '2020-04-16 07:51:33', NULL),
(1448, 2, 0, '18-12-01', 18, 12, 1, 3, 6, 0, 1, '', '2020-04-16 07:51:33', NULL),
(1449, 2, 0, '18-12-02', 18, 12, 2, 3, 6, 0, 1, '', '2020-04-16 07:51:33', NULL),
(1450, 2, 0, '18-12-03', 18, 12, 3, 3, 6, 0, 1, '', '2020-04-16 07:51:33', NULL),
(1451, 2, 0, '18-12-04', 18, 12, 4, 3, 6, 0, 1, '', '2020-04-16 07:51:33', NULL),
(1452, 2, 0, '18-13-01', 18, 13, 1, 3, 6, 0, 1, '', '2020-04-16 07:51:33', NULL),
(1453, 2, 0, '18-13-02', 18, 13, 2, 3, 6, 0, 1, '', '2020-04-16 07:51:33', NULL),
(1454, 2, 0, '19-01-01', 19, 1, 1, 3, 6, 0, 1, '', '2020-04-16 07:51:33', NULL),
(1455, 2, 0, '19-01-02', 19, 1, 2, 3, 6, 0, 1, '', '2020-04-16 07:51:33', NULL),
(1456, 2, 0, '19-01-03', 19, 1, 3, 3, 6, 0, 1, '', '2020-04-16 07:51:33', NULL),
(1457, 2, 0, '19-01-04', 19, 1, 4, 3, 6, 0, 1, '', '2020-04-16 07:51:33', NULL),
(1458, 2, 0, '19-02-01', 19, 2, 1, 3, 6, 0, 1, '', '2020-04-16 07:51:33', NULL),
(1459, 2, 0, '19-02-02', 19, 2, 2, 3, 6, 0, 1, '', '2020-04-16 07:51:33', NULL),
(1460, 2, 0, '19-02-03', 19, 2, 3, 3, 6, 0, 1, '', '2020-04-16 07:51:33', NULL),
(1461, 2, 0, '19-02-04', 19, 2, 4, 3, 6, 0, 1, '', '2020-04-16 07:51:33', NULL),
(1462, 2, 0, '19-03-01', 19, 3, 1, 3, 6, 0, 1, '', '2020-04-16 07:51:33', NULL),
(1463, 2, 0, '19-03-02', 19, 3, 2, 3, 6, 0, 1, '', '2020-04-16 07:51:33', NULL),
(1464, 2, 0, '19-03-03', 19, 3, 3, 3, 6, 0, 1, '', '2020-04-16 07:51:33', NULL),
(1465, 2, 0, '19-03-04', 19, 3, 4, 3, 6, 0, 1, '', '2020-04-16 07:51:33', NULL),
(1466, 2, 0, '19-04-01', 19, 4, 1, 3, 6, 0, 1, '', '2020-04-16 07:51:33', NULL),
(1467, 2, 0, '19-04-02', 19, 4, 2, 3, 6, 0, 1, '', '2020-04-16 07:51:33', NULL),
(1468, 2, 0, '19-04-03', 19, 4, 3, 3, 6, 0, 1, '', '2020-04-16 07:51:33', NULL),
(1469, 2, 0, '19-04-04', 19, 4, 4, 3, 6, 0, 1, '', '2020-04-16 07:51:33', NULL),
(1470, 2, 0, '19-05-01', 19, 5, 1, 3, 6, 0, 1, '', '2020-04-16 07:51:33', NULL),
(1471, 2, 0, '19-05-02', 19, 5, 2, 3, 6, 0, 1, '', '2020-04-16 07:51:33', NULL),
(1472, 2, 0, '19-05-03', 19, 5, 3, 3, 6, 0, 1, '', '2020-04-16 07:51:33', NULL),
(1473, 2, 0, '19-05-04', 19, 5, 4, 3, 6, 0, 1, '', '2020-04-16 07:51:33', NULL),
(1474, 2, 0, '19-06-01', 19, 6, 1, 3, 6, 0, 1, '', '2020-04-16 07:51:33', NULL),
(1475, 2, 0, '19-06-02', 19, 6, 2, 3, 6, 0, 1, '', '2020-04-16 07:51:33', NULL),
(1476, 2, 0, '19-06-03', 19, 6, 3, 3, 6, 0, 1, '', '2020-04-16 07:51:33', NULL),
(1477, 2, 0, '19-06-04', 19, 6, 4, 3, 6, 0, 1, '', '2020-04-16 07:51:33', NULL),
(1478, 2, 0, '19-07-01', 19, 7, 1, 3, 6, 0, 1, '', '2020-04-16 07:51:33', NULL),
(1479, 2, 0, '19-07-02', 19, 7, 2, 3, 6, 0, 1, '', '2020-04-16 07:51:33', NULL),
(1480, 2, 0, '19-07-03', 19, 7, 3, 3, 6, 0, 1, '', '2020-04-16 07:51:33', NULL),
(1481, 2, 0, '19-07-04', 19, 7, 4, 3, 6, 0, 1, '', '2020-04-16 07:51:33', NULL),
(1482, 2, 0, '19-08-01', 19, 8, 1, 3, 6, 0, 1, '', '2020-04-16 07:51:33', NULL),
(1483, 2, 0, '19-08-02', 19, 8, 2, 3, 6, 0, 1, '', '2020-04-16 07:51:33', NULL),
(1484, 2, 0, '19-08-03', 19, 8, 3, 3, 6, 0, 1, '', '2020-04-16 07:51:33', NULL),
(1485, 2, 0, '19-08-04', 19, 8, 4, 3, 6, 0, 1, '', '2020-04-16 07:51:33', NULL),
(1486, 2, 0, '19-09-01', 19, 9, 1, 3, 6, 0, 1, '', '2020-04-16 07:51:33', NULL),
(1487, 2, 0, '19-09-02', 19, 9, 2, 3, 6, 0, 1, '', '2020-04-16 07:51:33', NULL),
(1488, 2, 0, '19-09-03', 19, 9, 3, 3, 6, 0, 1, '', '2020-04-16 07:51:33', NULL),
(1489, 2, 0, '19-09-04', 19, 9, 4, 3, 6, 0, 1, '', '2020-04-16 07:51:33', NULL),
(1490, 2, 0, '19-10-01', 19, 10, 1, 3, 6, 0, 1, '', '2020-04-16 07:51:33', NULL),
(1491, 2, 0, '19-10-02', 19, 10, 2, 3, 6, 0, 1, '', '2020-04-16 07:51:33', NULL),
(1492, 2, 0, '19-10-03', 19, 10, 3, 3, 6, 0, 1, '', '2020-04-16 07:51:33', NULL),
(1493, 2, 0, '19-10-04', 19, 10, 4, 3, 6, 0, 1, '', '2020-04-16 07:51:33', NULL),
(1494, 2, 0, '19-11-01', 19, 11, 1, 3, 6, 0, 1, '', '2020-04-16 07:51:33', NULL),
(1495, 2, 0, '19-11-02', 19, 11, 2, 3, 6, 0, 1, '', '2020-04-16 07:51:33', NULL),
(1496, 2, 0, '19-11-03', 19, 11, 3, 3, 6, 0, 1, '', '2020-04-16 07:51:33', NULL),
(1497, 2, 0, '19-11-04', 19, 11, 4, 3, 6, 0, 1, '', '2020-04-16 07:51:33', NULL),
(1498, 2, 0, '19-12-01', 19, 12, 1, 3, 6, 0, 1, '', '2020-04-16 07:51:33', NULL),
(1499, 2, 0, '19-12-02', 19, 12, 2, 3, 6, 0, 1, '', '2020-04-16 07:51:33', NULL),
(1500, 2, 0, '19-12-03', 19, 12, 3, 3, 6, 0, 1, '', '2020-04-16 07:51:33', NULL),
(1501, 2, 0, '19-12-04', 19, 12, 4, 3, 6, 0, 1, '', '2020-04-16 07:51:33', NULL),
(1502, 2, 0, '19-13-01', 19, 13, 1, 3, 6, 0, 1, '', '2020-04-16 07:51:33', NULL),
(1503, 2, 0, '19-13-02', 19, 13, 2, 3, 6, 0, 1, '', '2020-04-16 07:51:33', NULL),
(1504, 2, 0, '20-01-01', 20, 1, 1, 3, 6, 0, 1, '', '2020-04-16 07:51:33', NULL),
(1505, 2, 0, '20-01-02', 20, 1, 2, 3, 6, 0, 1, '', '2020-04-16 07:51:33', NULL),
(1506, 2, 0, '20-01-03', 20, 1, 3, 3, 6, 0, 1, '', '2020-04-16 07:51:33', NULL),
(1507, 2, 0, '20-01-04', 20, 1, 4, 3, 6, 0, 1, '', '2020-04-16 07:51:33', NULL),
(1508, 2, 0, '20-02-01', 20, 2, 1, 3, 6, 0, 1, '', '2020-04-16 07:51:33', NULL),
(1509, 2, 0, '20-02-02', 20, 2, 2, 3, 6, 0, 1, '', '2020-04-16 07:51:33', NULL),
(1510, 2, 0, '20-02-03', 20, 2, 3, 3, 6, 0, 1, '', '2020-04-16 07:51:33', NULL),
(1511, 2, 0, '20-02-04', 20, 2, 4, 3, 6, 0, 1, '', '2020-04-16 07:51:33', NULL),
(1512, 2, 0, '20-03-01', 20, 3, 1, 3, 6, 0, 1, '', '2020-04-16 07:51:33', NULL),
(1513, 2, 0, '20-03-02', 20, 3, 2, 3, 6, 0, 1, '', '2020-04-16 07:51:33', NULL),
(1514, 2, 0, '20-03-03', 20, 3, 3, 3, 6, 0, 1, '', '2020-04-16 07:51:33', NULL),
(1515, 2, 0, '20-03-04', 20, 3, 4, 3, 6, 0, 1, '', '2020-04-16 07:51:33', NULL),
(1516, 2, 0, '20-04-01', 20, 4, 1, 3, 6, 0, 1, '', '2020-04-16 07:51:33', NULL),
(1517, 2, 0, '20-04-02', 20, 4, 2, 3, 6, 0, 1, '', '2020-04-16 07:51:33', NULL),
(1518, 2, 0, '20-04-03', 20, 4, 3, 3, 6, 0, 1, '', '2020-04-16 07:51:33', NULL),
(1519, 2, 0, '20-04-04', 20, 4, 4, 3, 6, 0, 1, '', '2020-04-16 07:51:33', NULL),
(1520, 2, 0, '20-05-01', 20, 5, 1, 3, 6, 0, 1, '', '2020-04-16 07:51:33', NULL),
(1521, 2, 0, '20-05-02', 20, 5, 2, 3, 6, 0, 1, '', '2020-04-16 07:51:33', NULL),
(1522, 2, 0, '20-05-03', 20, 5, 3, 3, 6, 0, 1, '', '2020-04-16 07:51:33', NULL),
(1523, 2, 0, '20-05-04', 20, 5, 4, 3, 6, 0, 1, '', '2020-04-16 07:51:33', NULL),
(1524, 2, 0, '20-06-01', 20, 6, 1, 3, 6, 0, 1, '', '2020-04-16 07:51:33', NULL),
(1525, 2, 0, '20-06-02', 20, 6, 2, 3, 6, 0, 1, '', '2020-04-16 07:51:33', NULL),
(1526, 2, 0, '20-06-03', 20, 6, 3, 3, 6, 0, 1, '', '2020-04-16 07:51:33', NULL),
(1527, 2, 0, '20-06-04', 20, 6, 4, 3, 6, 0, 1, '', '2020-04-16 07:51:33', NULL),
(1528, 2, 0, '20-07-01', 20, 7, 1, 3, 6, 0, 1, '', '2020-04-16 07:51:33', NULL),
(1529, 2, 0, '20-07-02', 20, 7, 2, 3, 6, 0, 1, '', '2020-04-16 07:51:33', NULL),
(1530, 2, 0, '20-07-03', 20, 7, 3, 3, 6, 0, 1, '', '2020-04-16 07:51:33', NULL),
(1531, 2, 0, '20-07-04', 20, 7, 4, 3, 6, 0, 1, '', '2020-04-16 07:51:33', NULL),
(1532, 2, 0, '20-08-01', 20, 8, 1, 3, 6, 0, 1, '', '2020-04-16 07:51:33', NULL),
(1533, 2, 0, '20-08-02', 20, 8, 2, 3, 6, 0, 1, '', '2020-04-16 07:51:33', NULL),
(1534, 2, 0, '20-08-03', 20, 8, 3, 3, 6, 0, 1, '', '2020-04-16 07:51:33', NULL),
(1535, 2, 0, '20-08-04', 20, 8, 4, 3, 6, 0, 1, '', '2020-04-16 07:51:33', NULL),
(1536, 2, 0, '20-09-01', 20, 9, 1, 3, 6, 0, 1, '', '2020-04-16 07:51:33', NULL),
(1537, 2, 0, '20-09-02', 20, 9, 2, 3, 6, 0, 1, '', '2020-04-16 07:51:33', NULL),
(1538, 2, 0, '20-09-03', 20, 9, 3, 3, 6, 0, 1, '', '2020-04-16 07:51:33', NULL),
(1539, 2, 0, '20-09-04', 20, 9, 4, 3, 6, 0, 1, '', '2020-04-16 07:51:33', NULL),
(1540, 2, 0, '20-10-01', 20, 10, 1, 3, 6, 0, 1, '', '2020-04-16 07:51:33', NULL),
(1541, 2, 0, '20-10-02', 20, 10, 2, 3, 6, 0, 1, '', '2020-04-16 07:51:33', NULL),
(1542, 2, 0, '20-10-03', 20, 10, 3, 3, 6, 0, 1, '', '2020-04-16 07:51:33', NULL),
(1543, 2, 0, '20-10-04', 20, 10, 4, 3, 6, 0, 1, '', '2020-04-16 07:51:33', NULL),
(1544, 2, 0, '20-11-01', 20, 11, 1, 3, 6, 0, 1, '', '2020-04-16 07:51:33', NULL),
(1545, 2, 0, '20-11-02', 20, 11, 2, 3, 6, 0, 1, '', '2020-04-16 07:51:33', NULL),
(1546, 2, 0, '20-11-03', 20, 11, 3, 3, 6, 0, 1, '', '2020-04-16 07:51:33', NULL),
(1547, 2, 0, '20-11-04', 20, 11, 4, 3, 6, 0, 1, '', '2020-04-16 07:51:33', NULL),
(1548, 2, 0, '20-12-01', 20, 12, 1, 3, 6, 0, 1, '', '2020-04-16 07:51:33', NULL),
(1549, 2, 0, '20-12-02', 20, 12, 2, 3, 6, 0, 1, '', '2020-04-16 07:51:33', NULL),
(1550, 2, 0, '20-12-03', 20, 12, 3, 3, 6, 0, 1, '', '2020-04-16 07:51:33', NULL),
(1551, 2, 0, '20-12-04', 20, 12, 4, 3, 6, 0, 1, '', '2020-04-16 07:51:33', NULL),
(1552, 2, 0, '20-13-01', 20, 13, 1, 3, 6, 0, 1, '', '2020-04-16 07:51:33', NULL),
(1553, 2, 0, '20-13-02', 20, 13, 2, 3, 6, 0, 1, '', '2020-04-16 07:51:33', NULL),
(1554, 2, 0, '21-01-01', 21, 1, 1, 3, 6, 0, 1, '', '2120-04-16 07:51:33', NULL),
(1555, 2, 0, '21-01-02', 21, 1, 2, 3, 6, 0, 1, '', '2120-04-16 07:51:33', NULL),
(1556, 2, 0, '21-01-03', 21, 1, 3, 3, 6, 0, 1, '', '2120-04-16 07:51:33', NULL),
(1557, 2, 0, '21-01-04', 21, 1, 4, 3, 6, 0, 1, '', '2120-04-16 07:51:33', NULL),
(1558, 2, 0, '21-02-01', 21, 2, 1, 3, 6, 0, 1, '', '2120-04-16 07:51:33', NULL),
(1559, 2, 0, '21-02-02', 21, 2, 2, 3, 6, 0, 1, '', '2120-04-16 07:51:33', NULL),
(1560, 2, 0, '21-02-03', 21, 2, 3, 3, 6, 0, 1, '', '2120-04-16 07:51:33', NULL),
(1561, 2, 0, '21-02-04', 21, 2, 4, 3, 6, 0, 1, '', '2120-04-16 07:51:33', NULL),
(1562, 2, 0, '21-03-01', 21, 3, 1, 3, 6, 0, 1, '', '2120-04-16 07:51:33', NULL),
(1563, 2, 0, '21-03-02', 21, 3, 2, 3, 6, 0, 1, '', '2120-04-16 07:51:33', NULL),
(1564, 2, 0, '21-03-03', 21, 3, 3, 3, 6, 0, 1, '', '2120-04-16 07:51:33', NULL),
(1565, 2, 0, '21-03-04', 21, 3, 4, 3, 6, 0, 1, '', '2120-04-16 07:51:33', NULL),
(1566, 2, 0, '21-04-01', 21, 4, 1, 3, 6, 0, 1, '', '2120-04-16 07:51:33', NULL),
(1567, 2, 0, '21-04-02', 21, 4, 2, 3, 6, 0, 1, '', '2120-04-16 07:51:33', NULL),
(1568, 2, 0, '21-04-03', 21, 4, 3, 3, 6, 0, 1, '', '2120-04-16 07:51:33', NULL),
(1569, 2, 0, '21-04-04', 21, 4, 4, 3, 6, 0, 1, '', '2120-04-16 07:51:33', NULL),
(1570, 2, 0, '21-05-01', 21, 5, 1, 3, 6, 0, 1, '', '2120-04-16 07:51:33', NULL),
(1571, 2, 0, '21-05-02', 21, 5, 2, 3, 6, 0, 1, '', '2120-04-16 07:51:33', NULL),
(1572, 2, 0, '21-05-03', 21, 5, 3, 3, 6, 0, 1, '', '2120-04-16 07:51:33', NULL),
(1573, 2, 0, '21-05-04', 21, 5, 4, 3, 6, 0, 1, '', '2120-04-16 07:51:33', NULL),
(1574, 2, 0, '21-06-01', 21, 6, 1, 3, 6, 0, 1, '', '2120-04-16 07:51:33', NULL),
(1575, 2, 0, '21-06-02', 21, 6, 2, 3, 6, 0, 1, '', '2120-04-16 07:51:33', NULL),
(1576, 2, 0, '21-06-03', 21, 6, 3, 3, 6, 0, 1, '', '2120-04-16 07:51:33', NULL),
(1577, 2, 0, '21-06-04', 21, 6, 4, 3, 6, 0, 1, '', '2120-04-16 07:51:33', NULL),
(1578, 2, 0, '21-07-01', 21, 7, 1, 3, 6, 0, 1, '', '2120-04-16 07:51:33', NULL),
(1579, 2, 0, '21-07-02', 21, 7, 2, 3, 6, 0, 1, '', '2120-04-16 07:51:33', NULL),
(1580, 2, 0, '21-07-03', 21, 7, 3, 3, 6, 0, 1, '', '2120-04-16 07:51:33', NULL),
(1581, 2, 0, '21-07-04', 21, 7, 4, 3, 6, 0, 1, '', '2120-04-16 07:51:33', NULL),
(1582, 2, 0, '21-08-01', 21, 8, 1, 3, 6, 0, 1, '', '2120-04-16 07:51:33', NULL),
(1583, 2, 0, '21-08-02', 21, 8, 2, 3, 6, 0, 1, '', '2120-04-16 07:51:33', NULL),
(1584, 2, 0, '21-08-03', 21, 8, 3, 3, 6, 0, 1, '', '2120-04-16 07:51:33', NULL),
(1585, 2, 0, '21-08-04', 21, 8, 4, 3, 6, 0, 1, '', '2120-04-16 07:51:33', NULL),
(1586, 2, 0, '21-09-01', 21, 9, 1, 3, 6, 0, 1, '', '2120-04-16 07:51:33', NULL),
(1587, 2, 0, '21-09-02', 21, 9, 2, 3, 6, 0, 1, '', '2120-04-16 07:51:33', NULL),
(1588, 2, 0, '21-09-03', 21, 9, 3, 3, 6, 0, 1, '', '2120-04-16 07:51:33', NULL),
(1589, 2, 0, '21-09-04', 21, 9, 4, 3, 6, 0, 1, '', '2120-04-16 07:51:33', NULL),
(1590, 2, 0, '21-10-01', 21, 10, 1, 3, 6, 0, 1, '', '2120-04-16 07:51:33', NULL),
(1591, 2, 0, '21-10-02', 21, 10, 2, 3, 6, 0, 1, '', '2120-04-16 07:51:33', NULL),
(1592, 2, 0, '21-10-03', 21, 10, 3, 3, 6, 0, 1, '', '2120-04-16 07:51:33', NULL),
(1593, 2, 0, '21-10-04', 21, 10, 4, 3, 6, 0, 1, '', '2120-04-16 07:51:33', NULL),
(1594, 2, 0, '21-11-01', 21, 11, 1, 3, 6, 0, 1, '', '2120-04-16 07:51:33', NULL),
(1595, 2, 0, '21-11-02', 21, 11, 2, 3, 6, 0, 1, '', '2120-04-16 07:51:33', NULL),
(1596, 2, 0, '21-11-03', 21, 11, 3, 3, 6, 0, 1, '', '2120-04-16 07:51:33', NULL),
(1597, 2, 0, '21-11-04', 21, 11, 4, 3, 6, 0, 1, '', '2120-04-16 07:51:33', NULL),
(1598, 2, 0, '21-12-01', 21, 12, 1, 3, 6, 0, 1, '', '2120-04-16 07:51:33', NULL),
(1599, 2, 0, '21-12-02', 21, 12, 2, 3, 6, 0, 1, '', '2120-04-16 07:51:33', NULL),
(1600, 2, 0, '21-12-03', 21, 12, 3, 3, 6, 0, 1, '', '2120-04-16 07:51:33', NULL),
(1601, 2, 0, '21-12-04', 21, 12, 4, 3, 6, 0, 1, '', '2120-04-16 07:51:33', NULL),
(1602, 2, 0, '21-13-01', 21, 13, 1, 3, 6, 0, 1, '', '2120-04-16 07:51:33', NULL),
(1603, 2, 0, '21-13-02', 21, 13, 2, 3, 6, 0, 1, '', '2120-04-16 07:51:33', NULL),
(1604, 2, 0, '22-01-01', 22, 1, 1, 3, 6, 0, 1, '', '2220-04-16 07:51:33', NULL),
(1605, 2, 0, '22-01-02', 22, 1, 2, 3, 6, 0, 1, '', '2220-04-16 07:51:33', NULL),
(1606, 2, 0, '22-01-03', 22, 1, 3, 3, 6, 0, 1, '', '2220-04-16 07:51:33', NULL),
(1607, 2, 0, '22-01-04', 22, 1, 4, 3, 6, 0, 1, '', '2220-04-16 07:51:33', NULL),
(1608, 2, 0, '22-02-01', 22, 2, 1, 3, 6, 0, 1, '', '2220-04-16 07:51:33', NULL),
(1609, 2, 0, '22-02-02', 22, 2, 2, 3, 6, 0, 1, '', '2220-04-16 07:51:33', NULL),
(1610, 2, 0, '22-02-03', 22, 2, 3, 3, 6, 0, 1, '', '2220-04-16 07:51:33', NULL),
(1611, 2, 0, '22-02-04', 22, 2, 4, 3, 6, 0, 1, '', '2220-04-16 07:51:33', NULL),
(1612, 2, 0, '22-03-01', 22, 3, 1, 3, 6, 0, 1, '', '2220-04-16 07:51:33', NULL),
(1613, 2, 0, '22-03-02', 22, 3, 2, 3, 6, 0, 1, '', '2220-04-16 07:51:33', NULL),
(1614, 2, 0, '22-03-03', 22, 3, 3, 3, 6, 0, 1, '', '2220-04-16 07:51:33', NULL),
(1615, 2, 0, '22-03-04', 22, 3, 4, 3, 6, 0, 1, '', '2220-04-16 07:51:33', NULL),
(1616, 2, 0, '22-04-01', 22, 4, 1, 3, 6, 0, 1, '', '2220-04-16 07:51:33', NULL),
(1617, 2, 0, '22-04-02', 22, 4, 2, 3, 6, 0, 1, '', '2220-04-16 07:51:33', NULL),
(1618, 2, 0, '22-04-03', 22, 4, 3, 3, 6, 0, 1, '', '2220-04-16 07:51:33', NULL),
(1619, 2, 0, '22-04-04', 22, 4, 4, 3, 6, 0, 1, '', '2220-04-16 07:51:33', NULL),
(1620, 2, 0, '22-05-01', 22, 5, 1, 3, 6, 0, 1, '', '2220-04-16 07:51:33', NULL),
(1621, 2, 0, '22-05-02', 22, 5, 2, 3, 6, 0, 1, '', '2220-04-16 07:51:33', NULL),
(1622, 2, 0, '22-05-03', 22, 5, 3, 3, 6, 0, 1, '', '2220-04-16 07:51:33', NULL),
(1623, 2, 0, '22-05-04', 22, 5, 4, 3, 6, 0, 1, '', '2220-04-16 07:51:33', NULL),
(1624, 2, 0, '22-06-01', 22, 6, 1, 3, 6, 0, 1, '', '2220-04-16 07:51:33', NULL),
(1625, 2, 0, '22-06-02', 22, 6, 2, 3, 6, 0, 1, '', '2220-04-16 07:51:33', NULL),
(1626, 2, 0, '22-06-03', 22, 6, 3, 3, 6, 0, 1, '', '2220-04-16 07:51:33', NULL),
(1627, 2, 0, '22-06-04', 22, 6, 4, 3, 6, 0, 1, '', '2220-04-16 07:51:33', NULL),
(1628, 2, 0, '22-07-01', 22, 7, 1, 3, 6, 0, 1, '', '2220-04-16 07:51:33', NULL),
(1629, 2, 0, '22-07-02', 22, 7, 2, 3, 6, 0, 1, '', '2220-04-16 07:51:33', NULL),
(1630, 2, 0, '22-07-03', 22, 7, 3, 3, 6, 0, 1, '', '2220-04-16 07:51:33', NULL),
(1631, 2, 0, '22-07-04', 22, 7, 4, 3, 6, 0, 1, '', '2220-04-16 07:51:33', NULL),
(1632, 2, 0, '22-08-01', 22, 8, 1, 3, 6, 0, 1, '', '2220-04-16 07:51:33', NULL),
(1633, 2, 0, '22-08-02', 22, 8, 2, 3, 6, 0, 1, '', '2220-04-16 07:51:33', NULL),
(1634, 2, 0, '22-08-03', 22, 8, 3, 3, 6, 0, 1, '', '2220-04-16 07:51:33', NULL),
(1635, 2, 0, '22-08-04', 22, 8, 4, 3, 6, 0, 1, '', '2220-04-16 07:51:33', NULL),
(1636, 2, 0, '22-09-01', 22, 9, 1, 3, 6, 0, 1, '', '2220-04-16 07:51:33', NULL),
(1637, 2, 0, '22-09-02', 22, 9, 2, 3, 6, 0, 1, '', '2220-04-16 07:51:33', NULL),
(1638, 2, 0, '22-09-03', 22, 9, 3, 3, 6, 0, 1, '', '2220-04-16 07:51:33', NULL),
(1639, 2, 0, '22-09-04', 22, 9, 4, 3, 6, 0, 1, '', '2220-04-16 07:51:33', NULL),
(1640, 2, 0, '22-10-01', 22, 10, 1, 3, 6, 0, 1, '', '2220-04-16 07:51:33', NULL),
(1641, 2, 0, '22-10-02', 22, 10, 2, 3, 6, 0, 1, '', '2220-04-16 07:51:33', NULL),
(1642, 2, 0, '22-10-03', 22, 10, 3, 3, 6, 0, 1, '', '2220-04-16 07:51:33', NULL),
(1643, 2, 0, '22-10-04', 22, 10, 4, 3, 6, 0, 1, '', '2220-04-16 07:51:33', NULL),
(1644, 2, 0, '22-11-01', 22, 11, 1, 3, 6, 0, 1, '', '2220-04-16 07:51:33', NULL),
(1645, 2, 0, '22-11-02', 22, 11, 2, 3, 6, 0, 1, '', '2220-04-16 07:51:33', NULL),
(1646, 2, 0, '22-11-03', 22, 11, 3, 3, 6, 0, 1, '', '2220-04-16 07:51:33', NULL),
(1647, 2, 0, '22-11-04', 22, 11, 4, 3, 6, 0, 1, '', '2220-04-16 07:51:33', NULL),
(1648, 2, 0, '22-12-01', 22, 12, 1, 3, 6, 0, 1, '', '2220-04-16 07:51:33', NULL),
(1649, 2, 0, '22-12-02', 22, 12, 2, 3, 6, 0, 1, '', '2220-04-16 07:51:33', NULL),
(1650, 2, 0, '22-12-03', 22, 12, 3, 3, 6, 0, 1, '', '2220-04-16 07:51:33', NULL),
(1651, 2, 0, '22-12-04', 22, 12, 4, 3, 6, 0, 1, '', '2220-04-16 07:51:33', NULL),
(1652, 2, 0, '22-13-01', 22, 13, 1, 3, 6, 0, 1, '', '2220-04-16 07:51:33', NULL),
(1653, 2, 0, '22-13-02', 22, 13, 2, 3, 6, 0, 1, '', '2220-04-16 07:51:33', NULL),
(1654, 2, 0, '23-01-01', 23, 1, 1, 3, 6, 0, 1, '', '2320-04-16 07:51:33', NULL),
(1655, 2, 0, '23-01-02', 23, 1, 2, 3, 6, 0, 1, '', '2320-04-16 07:51:33', NULL),
(1656, 2, 0, '23-01-03', 23, 1, 3, 3, 6, 0, 1, '', '2320-04-16 07:51:33', NULL),
(1657, 2, 0, '23-01-04', 23, 1, 4, 3, 6, 0, 1, '', '2320-04-16 07:51:33', NULL),
(1658, 2, 0, '23-02-01', 23, 2, 1, 3, 6, 0, 1, '', '2320-04-16 07:51:33', NULL),
(1659, 2, 0, '23-02-02', 23, 2, 2, 3, 6, 0, 1, '', '2320-04-16 07:51:33', NULL),
(1660, 2, 0, '23-02-03', 23, 2, 3, 3, 6, 0, 1, '', '2320-04-16 07:51:33', NULL),
(1661, 2, 0, '23-02-04', 23, 2, 4, 3, 6, 0, 1, '', '2320-04-16 07:51:33', NULL),
(1662, 2, 0, '23-03-01', 23, 3, 1, 3, 6, 0, 1, '', '2320-04-16 07:51:33', NULL),
(1663, 2, 0, '23-03-02', 23, 3, 2, 3, 6, 0, 1, '', '2320-04-16 07:51:33', NULL),
(1664, 2, 0, '23-03-03', 23, 3, 3, 3, 6, 0, 1, '', '2320-04-16 07:51:33', NULL),
(1665, 2, 0, '23-03-04', 23, 3, 4, 3, 6, 0, 1, '', '2320-04-16 07:51:33', NULL),
(1666, 2, 0, '23-04-01', 23, 4, 1, 3, 6, 0, 1, '', '2320-04-16 07:51:33', NULL),
(1667, 2, 0, '23-04-02', 23, 4, 2, 3, 6, 0, 1, '', '2320-04-16 07:51:33', NULL),
(1668, 2, 0, '23-04-03', 23, 4, 3, 3, 6, 0, 1, '', '2320-04-16 07:51:33', NULL),
(1669, 2, 0, '23-04-04', 23, 4, 4, 3, 6, 0, 1, '', '2320-04-16 07:51:33', NULL),
(1670, 2, 0, '23-05-01', 23, 5, 1, 3, 6, 0, 1, '', '2320-04-16 07:51:33', NULL),
(1671, 2, 0, '23-05-02', 23, 5, 2, 3, 6, 0, 1, '', '2320-04-16 07:51:33', NULL),
(1672, 2, 0, '23-05-03', 23, 5, 3, 3, 6, 0, 1, '', '2320-04-16 07:51:33', NULL),
(1673, 2, 0, '23-05-04', 23, 5, 4, 3, 6, 0, 1, '', '2320-04-16 07:51:33', NULL),
(1674, 2, 0, '23-06-01', 23, 6, 1, 3, 6, 0, 1, '', '2320-04-16 07:51:33', NULL),
(1675, 2, 0, '23-06-02', 23, 6, 2, 3, 6, 0, 1, '', '2320-04-16 07:51:33', NULL),
(1676, 2, 0, '23-06-03', 23, 6, 3, 3, 6, 0, 1, '', '2320-04-16 07:51:33', NULL),
(1677, 2, 0, '23-06-04', 23, 6, 4, 3, 6, 0, 1, '', '2320-04-16 07:51:33', NULL),
(1678, 2, 0, '23-07-01', 23, 7, 1, 3, 6, 0, 1, '', '2320-04-16 07:51:33', NULL),
(1679, 2, 0, '23-07-02', 23, 7, 2, 3, 6, 0, 1, '', '2320-04-16 07:51:33', NULL),
(1680, 2, 0, '23-07-03', 23, 7, 3, 3, 6, 0, 1, '', '2320-04-16 07:51:33', NULL),
(1681, 2, 0, '23-07-04', 23, 7, 4, 3, 6, 0, 1, '', '2320-04-16 07:51:33', NULL),
(1682, 2, 0, '23-08-01', 23, 8, 1, 3, 6, 0, 1, '', '2320-04-16 07:51:33', NULL),
(1683, 2, 0, '23-08-02', 23, 8, 2, 3, 6, 0, 1, '', '2320-04-16 07:51:33', NULL),
(1684, 2, 0, '23-08-03', 23, 8, 3, 3, 6, 0, 1, '', '2320-04-16 07:51:33', NULL),
(1685, 2, 0, '23-08-04', 23, 8, 4, 3, 6, 0, 1, '', '2320-04-16 07:51:33', NULL),
(1686, 2, 0, '23-09-01', 23, 9, 1, 3, 6, 0, 1, '', '2320-04-16 07:51:33', NULL),
(1687, 2, 0, '23-09-02', 23, 9, 2, 3, 6, 0, 1, '', '2320-04-16 07:51:33', NULL),
(1688, 2, 0, '23-09-03', 23, 9, 3, 3, 6, 0, 1, '', '2320-04-16 07:51:33', NULL),
(1689, 2, 0, '23-09-04', 23, 9, 4, 3, 6, 0, 1, '', '2320-04-16 07:51:33', NULL),
(1690, 2, 0, '23-10-01', 23, 10, 1, 3, 6, 0, 1, '', '2320-04-16 07:51:33', NULL),
(1691, 2, 0, '23-10-02', 23, 10, 2, 3, 6, 0, 1, '', '2320-04-16 07:51:33', NULL),
(1692, 2, 0, '23-10-03', 23, 10, 3, 3, 6, 0, 1, '', '2320-04-16 07:51:33', NULL),
(1693, 2, 0, '23-10-04', 23, 10, 4, 3, 6, 0, 1, '', '2320-04-16 07:51:33', NULL),
(1694, 2, 0, '23-11-01', 23, 11, 1, 3, 6, 0, 1, '', '2320-04-16 07:51:33', NULL),
(1695, 2, 0, '23-11-02', 23, 11, 2, 3, 6, 0, 1, '', '2320-04-16 07:51:33', NULL),
(1696, 2, 0, '23-11-03', 23, 11, 3, 3, 6, 0, 1, '', '2320-04-16 07:51:33', NULL),
(1697, 2, 0, '23-11-04', 23, 11, 4, 3, 6, 0, 1, '', '2320-04-16 07:51:33', NULL),
(1698, 2, 0, '23-12-01', 23, 12, 1, 3, 6, 0, 1, '', '2320-04-16 07:51:33', NULL),
(1699, 2, 0, '23-12-02', 23, 12, 2, 3, 6, 0, 1, '', '2320-04-16 07:51:33', NULL),
(1700, 2, 0, '23-12-03', 23, 12, 3, 3, 6, 0, 1, '', '2320-04-16 07:51:33', NULL),
(1701, 2, 0, '23-12-04', 23, 12, 4, 3, 6, 0, 1, '', '2320-04-16 07:51:33', NULL),
(1702, 2, 0, '23-13-01', 23, 13, 1, 3, 6, 0, 1, '', '2320-04-16 07:51:33', NULL),
(1703, 2, 0, '23-13-02', 23, 13, 2, 3, 6, 0, 1, '', '2320-04-16 07:51:33', NULL),
(1704, 2, 0, '24-01-01', 24, 1, 1, 3, 6, 0, 1, '', '2420-04-16 07:51:33', NULL),
(1705, 2, 0, '24-01-02', 24, 1, 2, 3, 6, 0, 1, '', '2420-04-16 07:51:33', NULL),
(1706, 2, 0, '24-01-03', 24, 1, 3, 3, 6, 0, 1, '', '2420-04-16 07:51:33', NULL),
(1707, 2, 0, '24-01-04', 24, 1, 4, 3, 6, 0, 1, '', '2420-04-16 07:51:33', NULL),
(1708, 2, 0, '24-02-01', 24, 2, 1, 3, 6, 0, 1, '', '2420-04-16 07:51:33', NULL),
(1709, 2, 0, '24-02-02', 24, 2, 2, 3, 6, 0, 1, '', '2420-04-16 07:51:33', NULL),
(1710, 2, 0, '24-02-03', 24, 2, 3, 3, 6, 0, 1, '', '2420-04-16 07:51:33', NULL),
(1711, 2, 0, '24-02-04', 24, 2, 4, 3, 6, 0, 1, '', '2420-04-16 07:51:33', NULL),
(1712, 2, 0, '24-03-01', 24, 3, 1, 3, 6, 0, 1, '', '2420-04-16 07:51:33', NULL),
(1713, 2, 0, '24-03-02', 24, 3, 2, 3, 6, 0, 1, '', '2420-04-16 07:51:33', NULL),
(1714, 2, 0, '24-03-03', 24, 3, 3, 3, 6, 0, 1, '', '2420-04-16 07:51:33', NULL),
(1715, 2, 0, '24-03-04', 24, 3, 4, 3, 6, 0, 1, '', '2420-04-16 07:51:33', NULL),
(1716, 2, 0, '24-04-01', 24, 4, 1, 3, 6, 0, 1, '', '2420-04-16 07:51:33', NULL),
(1717, 2, 0, '24-04-02', 24, 4, 2, 3, 6, 0, 1, '', '2420-04-16 07:51:33', NULL),
(1718, 2, 0, '24-04-03', 24, 4, 3, 3, 6, 0, 1, '', '2420-04-16 07:51:33', NULL),
(1719, 2, 0, '24-04-04', 24, 4, 4, 3, 6, 0, 1, '', '2420-04-16 07:51:33', NULL),
(1720, 2, 0, '24-05-01', 24, 5, 1, 3, 6, 0, 1, '', '2420-04-16 07:51:33', NULL),
(1721, 2, 0, '24-05-02', 24, 5, 2, 3, 6, 0, 1, '', '2420-04-16 07:51:33', NULL),
(1722, 2, 0, '24-05-03', 24, 5, 3, 3, 6, 0, 1, '', '2420-04-16 07:51:33', NULL),
(1723, 2, 0, '24-05-04', 24, 5, 4, 3, 6, 0, 1, '', '2420-04-16 07:51:33', NULL),
(1724, 2, 0, '24-06-01', 24, 6, 1, 3, 6, 0, 1, '', '2420-04-16 07:51:33', NULL),
(1725, 2, 0, '24-06-02', 24, 6, 2, 3, 6, 0, 1, '', '2420-04-16 07:51:33', NULL),
(1726, 2, 0, '24-06-03', 24, 6, 3, 3, 6, 0, 1, '', '2420-04-16 07:51:33', NULL),
(1727, 2, 0, '24-06-04', 24, 6, 4, 3, 6, 0, 1, '', '2420-04-16 07:51:33', NULL),
(1728, 2, 0, '24-07-01', 24, 7, 1, 3, 6, 0, 1, '', '2420-04-16 07:51:33', NULL),
(1729, 2, 0, '24-07-02', 24, 7, 2, 3, 6, 0, 1, '', '2420-04-16 07:51:33', NULL),
(1730, 2, 0, '24-07-03', 24, 7, 3, 3, 6, 0, 1, '', '2420-04-16 07:51:33', NULL),
(1731, 2, 0, '24-07-04', 24, 7, 4, 3, 6, 0, 1, '', '2420-04-16 07:51:33', NULL),
(1732, 2, 0, '24-08-01', 24, 8, 1, 3, 6, 0, 1, '', '2420-04-16 07:51:33', NULL),
(1733, 2, 0, '24-08-02', 24, 8, 2, 3, 6, 0, 1, '', '2420-04-16 07:51:33', NULL),
(1734, 2, 0, '24-08-03', 24, 8, 3, 3, 6, 0, 1, '', '2420-04-16 07:51:33', NULL),
(1735, 2, 0, '24-08-04', 24, 8, 4, 3, 6, 0, 1, '', '2420-04-16 07:51:33', NULL),
(1736, 2, 0, '24-09-01', 24, 9, 1, 3, 6, 0, 1, '', '2420-04-16 07:51:33', NULL),
(1737, 2, 0, '24-09-02', 24, 9, 2, 3, 6, 0, 1, '', '2420-04-16 07:51:33', NULL),
(1738, 2, 0, '24-09-03', 24, 9, 3, 3, 6, 0, 1, '', '2420-04-16 07:51:33', NULL),
(1739, 2, 0, '24-09-04', 24, 9, 4, 3, 6, 0, 1, '', '2420-04-16 07:51:33', NULL),
(1740, 2, 0, '24-10-01', 24, 10, 1, 3, 6, 0, 1, '', '2420-04-16 07:51:33', NULL),
(1741, 2, 0, '24-10-02', 24, 10, 2, 3, 6, 0, 1, '', '2420-04-16 07:51:33', NULL),
(1742, 2, 0, '24-10-03', 24, 10, 3, 3, 6, 0, 1, '', '2420-04-16 07:51:33', NULL),
(1743, 2, 0, '24-10-04', 24, 10, 4, 3, 6, 0, 1, '', '2420-04-16 07:51:33', NULL),
(1744, 2, 0, '24-11-01', 24, 11, 1, 3, 6, 0, 1, '', '2420-04-16 07:51:33', NULL),
(1745, 2, 0, '24-11-02', 24, 11, 2, 3, 6, 0, 1, '', '2420-04-16 07:51:33', NULL),
(1746, 2, 0, '24-11-03', 24, 11, 3, 3, 6, 0, 1, '', '2420-04-16 07:51:33', NULL),
(1747, 2, 0, '24-11-04', 24, 11, 4, 3, 6, 0, 1, '', '2420-04-16 07:51:33', NULL),
(1748, 2, 0, '24-12-01', 24, 12, 1, 3, 6, 0, 1, '', '2420-04-16 07:51:33', NULL),
(1749, 2, 0, '24-12-02', 24, 12, 2, 3, 6, 0, 1, '', '2420-04-16 07:51:33', NULL),
(1750, 2, 0, '24-12-03', 24, 12, 3, 3, 6, 0, 1, '', '2420-04-16 07:51:33', NULL),
(1751, 2, 0, '24-12-04', 24, 12, 4, 3, 6, 0, 1, '', '2420-04-16 07:51:33', NULL),
(1752, 2, 0, '24-13-01', 24, 13, 1, 3, 6, 0, 1, '', '2420-04-16 07:51:33', NULL),
(1753, 2, 0, '24-13-02', 24, 13, 2, 3, 6, 0, 1, '', '2420-04-16 07:51:33', NULL),
(1754, 2, 0, '25-01-01', 25, 1, 1, 3, 6, 0, 1, '', '2020-04-16 07:51:33', '2020-04-20 12:33:06'),
(1755, 2, 0, '25-01-02', 25, 1, 2, 3, 6, 0, 1, '', '2020-04-16 07:51:33', '2020-04-20 12:33:06'),
(1756, 2, 0, '25-01-03', 25, 1, 3, 3, 6, 0, 1, '', '2020-04-16 07:51:33', '2020-04-20 12:33:06'),
(1757, 2, 0, '25-01-04', 25, 1, 4, 3, 6, 0, 1, '', '2020-04-16 07:51:33', '2020-04-20 12:33:06'),
(1758, 2, 0, '25-02-01', 25, 2, 1, 3, 6, 0, 1, '', '2020-04-16 07:51:33', '2020-04-20 12:33:06'),
(1759, 2, 0, '25-02-02', 25, 2, 2, 3, 6, 0, 1, '', '2020-04-16 07:51:33', '2020-04-20 12:33:06'),
(1760, 2, 0, '25-02-03', 25, 2, 3, 3, 6, 0, 1, '', '2020-04-16 07:51:33', '2020-04-20 12:33:06'),
(1761, 2, 0, '25-02-04', 25, 2, 4, 3, 6, 0, 1, '', '2020-04-16 07:51:33', '2020-04-20 12:33:06'),
(1762, 2, 0, '25-03-01', 25, 3, 1, 3, 6, 0, 1, '', '2020-04-16 07:51:33', '2020-04-20 12:33:06'),
(1763, 2, 0, '25-03-02', 25, 3, 2, 3, 6, 0, 1, '', '2020-04-16 07:51:33', '2020-04-20 12:33:06'),
(1764, 2, 0, '25-03-03', 25, 3, 3, 3, 6, 0, 1, '', '2020-04-16 07:51:33', '2020-04-20 12:33:06'),
(1765, 2, 0, '25-03-04', 25, 3, 4, 3, 6, 0, 1, '', '2020-04-16 07:51:33', '2020-04-20 12:33:06'),
(1766, 2, 0, '25-04-01', 25, 4, 1, 3, 6, 0, 1, '', '2020-04-16 07:51:33', '2020-04-20 12:33:06'),
(1767, 2, 0, '25-04-02', 25, 4, 2, 3, 6, 0, 1, '', '2020-04-16 07:51:33', '2020-04-20 12:33:06'),
(1768, 2, 0, '25-04-03', 25, 4, 3, 3, 6, 0, 1, '', '2020-04-16 07:51:33', '2020-04-20 12:33:06'),
(1769, 2, 0, '25-04-04', 25, 4, 4, 3, 6, 0, 1, '', '2020-04-16 07:51:33', '2020-04-20 12:33:06'),
(1770, 2, 0, '25-05-01', 25, 5, 1, 3, 6, 0, 1, '', '2020-04-16 07:51:33', '2020-04-20 12:33:06'),
(1771, 2, 0, '25-05-02', 25, 5, 2, 3, 6, 0, 1, '', '2020-04-16 07:51:33', '2020-04-20 12:33:06'),
(1772, 2, 0, '25-05-03', 25, 5, 3, 3, 6, 0, 1, '', '2020-04-16 07:51:33', '2020-04-20 12:33:06'),
(1773, 2, 0, '25-05-04', 25, 5, 4, 3, 6, 0, 1, '', '2020-04-16 07:51:33', '2020-04-20 12:33:06'),
(1774, 2, 0, '25-06-01', 25, 6, 1, 3, 6, 0, 1, '', '2020-04-16 07:51:33', '2020-04-20 12:33:06'),
(1775, 2, 0, '25-06-02', 25, 6, 2, 3, 6, 0, 1, '', '2020-04-16 07:51:33', '2020-04-20 12:33:06'),
(1776, 2, 0, '25-06-03', 25, 6, 3, 3, 6, 0, 1, '', '2020-04-16 07:51:33', '2020-04-20 12:33:06'),
(1777, 2, 0, '25-06-04', 25, 6, 4, 3, 6, 0, 1, '', '2020-04-16 07:51:33', '2020-04-20 12:33:06'),
(1778, 2, 0, '25-07-01', 25, 7, 1, 3, 6, 0, 1, '', '2020-04-16 07:51:33', '2020-04-20 12:33:06'),
(1779, 2, 0, '25-07-02', 25, 7, 2, 3, 6, 0, 1, '', '2020-04-16 07:51:33', '2020-04-20 12:33:06'),
(1780, 2, 0, '25-07-03', 25, 7, 3, 3, 6, 0, 1, '', '2020-04-16 07:51:33', '2020-04-20 12:33:06'),
(1781, 2, 0, '25-07-04', 25, 7, 4, 3, 6, 0, 1, '', '2020-04-16 07:51:33', '2020-04-20 12:33:06'),
(1782, 2, 0, '25-08-01', 25, 8, 1, 3, 6, 0, 1, '', '2020-04-16 07:51:33', '2020-04-20 12:33:06'),
(1783, 2, 0, '25-08-02', 25, 8, 2, 3, 6, 0, 1, '', '2020-04-16 07:51:33', '2020-04-20 12:33:06'),
(1784, 2, 0, '25-08-03', 25, 8, 3, 3, 6, 0, 1, '', '2020-04-16 07:51:33', '2020-04-20 12:33:06'),
(1785, 2, 0, '25-08-04', 25, 8, 4, 3, 6, 0, 1, '', '2020-04-16 07:51:33', '2020-04-20 12:33:06'),
(1786, 2, 0, '25-09-01', 25, 9, 1, 3, 6, 0, 1, '', '2020-04-16 07:51:33', '2020-04-20 12:33:06'),
(1787, 2, 0, '25-09-02', 25, 9, 2, 3, 6, 0, 1, '', '2020-04-16 07:51:33', '2020-04-20 12:33:06'),
(1788, 2, 0, '25-09-03', 25, 9, 3, 3, 6, 0, 1, '', '2020-04-16 07:51:33', '2020-04-20 12:33:06'),
(1789, 2, 0, '25-09-04', 25, 9, 4, 3, 6, 0, 1, '', '2020-04-16 07:51:33', '2020-04-20 12:33:06'),
(1790, 2, 0, '25-10-01', 25, 10, 1, 3, 6, 0, 1, '', '2020-04-16 07:51:33', '2020-04-20 12:33:06'),
(1791, 2, 0, '25-10-02', 25, 10, 2, 3, 6, 0, 1, '', '2020-04-16 07:51:33', '2020-04-20 12:33:06'),
(1792, 2, 0, '25-10-03', 25, 10, 3, 3, 6, 0, 1, '', '2020-04-16 07:51:33', '2020-04-20 12:33:06'),
(1793, 2, 0, '25-10-04', 25, 10, 4, 3, 6, 0, 1, '', '2020-04-16 07:51:33', '2020-04-20 12:33:06'),
(1794, 2, 0, '25-11-01', 25, 11, 1, 3, 6, 0, 1, '', '2020-04-16 07:51:33', '2020-04-20 12:33:06'),
(1795, 2, 0, '25-11-02', 25, 11, 2, 3, 6, 0, 1, '', '2020-04-16 07:51:33', '2020-04-20 12:33:06'),
(1796, 2, 0, '25-11-03', 25, 11, 3, 3, 6, 0, 1, '', '2020-04-16 07:51:33', '2020-04-20 12:33:06'),
(1797, 2, 0, '25-11-04', 25, 11, 4, 3, 6, 0, 1, '', '2020-04-16 07:51:33', '2020-04-20 12:33:06'),
(1798, 2, 0, '25-12-01', 25, 12, 1, 3, 6, 0, 1, '', '2020-04-16 07:51:33', '2020-04-20 12:33:06'),
(1799, 2, 0, '25-12-02', 25, 12, 2, 3, 6, 0, 1, '', '2020-04-16 07:51:33', '2020-04-20 12:33:06'),
(1800, 2, 0, '25-12-03', 25, 12, 3, 3, 6, 0, 1, '', '2020-04-16 07:51:33', '2020-04-20 12:33:06'),
(1801, 2, 0, '25-12-04', 25, 12, 4, 3, 6, 0, 1, '', '2020-04-16 07:51:33', '2020-04-20 12:33:06'),
(1802, 2, 0, '25-13-01', 25, 13, 1, 3, 6, 0, 1, '', '2020-04-16 07:51:33', '2020-04-20 12:33:06'),
(1803, 2, 0, '25-13-02', 25, 13, 2, 3, 6, 0, 1, '', '2020-04-16 07:51:33', '2020-04-20 12:33:06'),
(1804, 2, 0, '25-13-03', 25, 13, 3, 3, 6, 0, 1, '', '2020-04-16 07:51:33', '2020-04-20 12:33:06'),
(1805, 2, 0, '25-13-04', 25, 13, 4, 3, 6, 0, 1, '', '2020-04-16 07:51:33', '2020-04-20 12:33:06'),
(1806, 2, 0, '26-13-03', 26, 13, 3, 3, 6, 0, 1, '', '2020-04-16 07:51:33', '2020-04-20 12:33:06'),
(1807, 2, 0, '26-13-04', 26, 13, 4, 3, 6, 0, 1, '', '2020-04-16 07:51:33', '2020-04-20 12:33:06'),
(1808, 2, 0, '27-13-03', 27, 13, 3, 3, 6, 0, 1, '', '2020-04-16 07:51:33', '2020-04-20 12:33:06'),
(1809, 2, 0, '27-13-04', 27, 13, 4, 3, 6, 0, 1, '', '2020-04-16 07:51:33', '2020-04-20 12:33:06'),
(1812, 2, 0, '28-13-03', 28, 13, 3, 3, 6, 0, 1, '', '2020-04-16 07:51:33', '2020-04-20 12:33:06'),
(1813, 2, 0, '28-13-04', 28, 13, 4, 3, 6, 0, 1, '', '2020-04-16 07:51:33', '2020-04-20 12:33:06'),
(1814, 2, 0, '26-01-01', 26, 1, 1, 3, 6, 0, 1, '', '2020-04-16 07:51:33', '2020-04-20 12:33:06'),
(1815, 2, 0, '26-01-02', 26, 1, 2, 3, 6, 0, 1, '', '2020-04-16 07:51:33', '2020-04-20 12:33:06'),
(1816, 2, 0, '26-01-03', 26, 1, 3, 3, 6, 0, 1, '', '2020-04-16 07:51:33', '2020-04-20 12:33:06'),
(1817, 2, 0, '26-01-04', 26, 1, 4, 3, 6, 0, 1, '', '2020-04-16 07:51:33', '2020-04-20 12:33:06'),
(1818, 2, 0, '26-02-01', 26, 2, 1, 3, 6, 0, 1, '', '2020-04-16 07:51:33', '2020-04-20 12:33:06'),
(1819, 2, 0, '26-02-02', 26, 2, 2, 3, 6, 0, 1, '', '2020-04-16 07:51:33', '2020-04-20 12:33:06'),
(1820, 2, 0, '26-02-03', 26, 2, 3, 3, 6, 0, 1, '', '2020-04-16 07:51:33', '2020-04-20 12:33:06'),
(1821, 2, 0, '26-02-04', 26, 2, 4, 3, 6, 0, 1, '', '2020-04-16 07:51:33', '2020-04-20 12:33:06'),
(1822, 2, 0, '26-03-01', 26, 3, 1, 3, 6, 0, 1, '', '2020-04-16 07:51:33', '2020-04-20 12:33:06'),
(1823, 2, 0, '26-03-02', 26, 3, 2, 3, 6, 0, 1, '', '2020-04-16 07:51:33', '2020-04-20 12:33:06'),
(1824, 2, 0, '26-03-03', 26, 3, 3, 3, 6, 0, 1, '', '2020-04-16 07:51:33', '2020-04-20 12:33:06'),
(1825, 2, 0, '26-03-04', 26, 3, 4, 3, 6, 0, 1, '', '2020-04-16 07:51:33', '2020-04-20 12:33:06'),
(1826, 2, 0, '26-04-01', 26, 4, 1, 3, 6, 0, 1, '', '2020-04-16 07:51:33', '2020-04-20 12:33:06'),
(1827, 2, 0, '26-04-02', 26, 4, 2, 3, 6, 0, 1, '', '2020-04-16 07:51:33', '2020-04-20 12:33:06'),
(1828, 2, 0, '26-04-03', 26, 4, 3, 3, 6, 0, 1, '', '2020-04-16 07:51:33', '2020-04-20 12:33:06'),
(1829, 2, 0, '26-04-04', 26, 4, 4, 3, 6, 0, 1, '', '2020-04-16 07:51:33', '2020-04-20 12:33:06'),
(1830, 2, 0, '26-05-01', 26, 5, 1, 3, 6, 0, 1, '', '2020-04-16 07:51:33', '2020-04-20 12:33:06'),
(1831, 2, 0, '26-05-02', 26, 5, 2, 3, 6, 0, 1, '', '2020-04-16 07:51:33', '2020-04-20 12:33:06'),
(1832, 2, 0, '26-05-03', 26, 5, 3, 3, 6, 0, 1, '', '2020-04-16 07:51:33', '2020-04-20 12:33:06'),
(1833, 2, 0, '26-05-04', 26, 5, 4, 3, 6, 0, 1, '', '2020-04-16 07:51:33', '2020-04-20 12:33:06'),
(1834, 2, 0, '26-06-01', 26, 6, 1, 3, 6, 0, 1, '', '2020-04-16 07:51:33', '2020-04-20 12:33:06'),
(1835, 2, 0, '26-06-02', 26, 6, 2, 3, 6, 0, 1, '', '2020-04-16 07:51:33', '2020-04-20 12:33:06'),
(1836, 2, 0, '26-06-03', 26, 6, 3, 3, 6, 0, 1, '', '2020-04-16 07:51:33', '2020-04-20 12:33:06'),
(1837, 2, 0, '26-06-04', 26, 6, 4, 3, 6, 0, 1, '', '2020-04-16 07:51:33', '2020-04-20 12:33:06'),
(1838, 2, 0, '26-07-01', 26, 7, 1, 3, 6, 0, 1, '', '2020-04-16 07:51:33', '2020-04-20 12:33:06'),
(1839, 2, 0, '26-07-02', 26, 7, 2, 3, 6, 0, 1, '', '2020-04-16 07:51:33', '2020-04-20 12:33:06'),
(1840, 2, 0, '26-07-03', 26, 7, 3, 3, 6, 0, 1, '', '2020-04-16 07:51:33', '2020-04-20 12:33:06'),
(1841, 2, 0, '26-07-04', 26, 7, 4, 3, 6, 0, 1, '', '2020-04-16 07:51:33', '2020-04-20 12:33:06'),
(1842, 2, 0, '26-08-01', 26, 8, 1, 3, 6, 0, 1, '', '2020-04-16 07:51:33', '2020-04-20 12:33:06'),
(1843, 2, 0, '26-08-02', 26, 8, 2, 3, 6, 0, 1, '', '2020-04-16 07:51:33', '2020-04-20 12:33:06'),
(1844, 2, 0, '26-08-03', 26, 8, 3, 3, 6, 0, 1, '', '2020-04-16 07:51:33', '2020-04-20 12:33:06'),
(1845, 2, 0, '26-08-04', 26, 8, 4, 3, 6, 0, 1, '', '2020-04-16 07:51:33', '2020-04-20 12:33:06'),
(1846, 2, 0, '26-09-01', 26, 9, 1, 3, 6, 0, 1, '', '2020-04-16 07:51:33', '2020-04-20 12:33:06'),
(1847, 2, 0, '26-09-02', 26, 9, 2, 3, 6, 0, 1, '', '2020-04-16 07:51:33', '2020-04-20 12:33:06'),
(1848, 2, 0, '26-09-03', 26, 9, 3, 3, 6, 0, 1, '', '2020-04-16 07:51:33', '2020-04-20 12:33:06'),
(1849, 2, 0, '26-09-04', 26, 9, 4, 3, 6, 0, 1, '', '2020-04-16 07:51:33', '2020-04-20 12:33:06'),
(1850, 2, 0, '26-10-01', 26, 10, 1, 3, 6, 0, 1, '', '2020-04-16 07:51:33', '2020-04-20 12:33:06'),
(1851, 2, 0, '26-10-02', 26, 10, 2, 3, 6, 0, 1, '', '2020-04-16 07:51:33', '2020-04-20 12:33:06'),
(1852, 2, 0, '26-10-03', 26, 10, 3, 3, 6, 0, 1, '', '2020-04-16 07:51:33', '2020-04-20 12:33:06'),
(1853, 2, 0, '26-10-04', 26, 10, 4, 3, 6, 0, 1, '', '2020-04-16 07:51:33', '2020-04-20 12:33:06'),
(1854, 2, 0, '26-11-01', 26, 11, 1, 3, 6, 0, 1, '', '2020-04-16 07:51:33', '2020-04-20 12:33:06'),
(1855, 2, 0, '26-11-02', 26, 11, 2, 3, 6, 0, 1, '', '2020-04-16 07:51:33', '2020-04-20 12:33:06'),
(1856, 2, 0, '26-11-03', 26, 11, 3, 3, 6, 0, 1, '', '2020-04-16 07:51:33', '2020-04-20 12:33:06'),
(1857, 2, 0, '26-11-04', 26, 11, 4, 3, 6, 0, 1, '', '2020-04-16 07:51:33', '2020-04-20 12:33:06'),
(1858, 2, 0, '26-12-01', 26, 12, 1, 3, 6, 0, 1, '', '2020-04-16 07:51:33', '2020-04-20 12:33:06'),
(1859, 2, 0, '26-12-02', 26, 12, 2, 3, 6, 0, 1, '', '2020-04-16 07:51:33', '2020-04-20 12:33:06'),
(1860, 2, 0, '26-12-03', 26, 12, 3, 3, 6, 0, 1, '', '2020-04-16 07:51:33', '2020-04-20 12:33:06'),
(1861, 2, 0, '26-12-04', 26, 12, 4, 3, 6, 0, 1, '', '2020-04-16 07:51:33', '2020-04-20 12:33:06'),
(1862, 2, 0, '26-13-01', 26, 13, 1, 3, 6, 0, 1, '', '2020-04-16 07:51:33', '2020-04-20 12:33:06'),
(1863, 2, 0, '26-13-02', 26, 13, 2, 3, 6, 0, 1, '', '2020-04-16 07:51:33', '2020-04-20 12:33:06'),
(1864, 2, 0, '27-01-01', 27, 1, 1, 3, 6, 0, 1, '', '2020-04-16 07:51:33', '2020-04-20 12:33:06'),
(1865, 2, 0, '27-01-02', 27, 1, 2, 3, 6, 0, 1, '', '2020-04-16 07:51:33', '2020-04-20 12:33:06'),
(1866, 2, 0, '27-01-03', 27, 1, 3, 3, 6, 0, 1, '', '2020-04-16 07:51:33', '2020-04-20 12:33:06'),
(1867, 2, 0, '27-01-04', 27, 1, 4, 3, 6, 0, 1, '', '2020-04-16 07:51:33', '2020-04-20 12:33:06'),
(1868, 2, 0, '27-02-01', 27, 2, 1, 3, 6, 0, 1, '', '2020-04-16 07:51:33', '2020-04-20 12:33:06'),
(1869, 2, 0, '27-02-02', 27, 2, 2, 3, 6, 0, 1, '', '2020-04-16 07:51:33', '2020-04-20 12:33:06'),
(1870, 2, 0, '27-02-03', 27, 2, 3, 3, 6, 0, 1, '', '2020-04-16 07:51:33', '2020-04-20 12:33:06'),
(1871, 2, 0, '27-02-04', 27, 2, 4, 3, 6, 0, 1, '', '2020-04-16 07:51:33', '2020-04-20 12:33:06'),
(1872, 2, 0, '27-03-01', 27, 3, 1, 3, 6, 0, 1, '', '2020-04-16 07:51:33', '2020-04-20 12:33:06'),
(1873, 2, 0, '27-03-02', 27, 3, 2, 3, 6, 0, 1, '', '2020-04-16 07:51:33', '2020-04-20 12:33:06'),
(1874, 2, 0, '27-03-03', 27, 3, 3, 3, 6, 0, 1, '', '2020-04-16 07:51:33', '2020-04-20 12:33:06'),
(1875, 2, 0, '27-03-04', 27, 3, 4, 3, 6, 0, 1, '', '2020-04-16 07:51:33', '2020-04-20 12:33:06'),
(1876, 2, 0, '27-04-01', 27, 4, 1, 3, 6, 0, 1, '', '2020-04-16 07:51:33', '2020-04-20 12:33:06'),
(1877, 2, 0, '27-04-02', 27, 4, 2, 3, 6, 0, 1, '', '2020-04-16 07:51:33', '2020-04-20 12:33:06'),
(1878, 2, 0, '27-04-03', 27, 4, 3, 3, 6, 0, 1, '', '2020-04-16 07:51:33', '2020-04-20 12:33:06'),
(1879, 2, 0, '27-04-04', 27, 4, 4, 3, 6, 0, 1, '', '2020-04-16 07:51:33', '2020-04-20 12:33:06'),
(1880, 2, 0, '27-05-01', 27, 5, 1, 3, 6, 0, 1, '', '2020-04-16 07:51:33', '2020-04-20 12:33:06'),
(1881, 2, 0, '27-05-02', 27, 5, 2, 3, 6, 0, 1, '', '2020-04-16 07:51:33', '2020-04-20 12:33:06'),
(1882, 2, 0, '27-05-03', 27, 5, 3, 3, 6, 0, 1, '', '2020-04-16 07:51:33', '2020-04-20 12:33:06'),
(1883, 2, 0, '27-05-04', 27, 5, 4, 3, 6, 0, 1, '', '2020-04-16 07:51:33', '2020-04-20 12:33:06'),
(1884, 2, 0, '27-06-01', 27, 6, 1, 3, 6, 0, 1, '', '2020-04-16 07:51:33', '2020-04-20 12:33:06'),
(1885, 2, 0, '27-06-02', 27, 6, 2, 3, 6, 0, 1, '', '2020-04-16 07:51:33', '2020-04-20 12:33:06'),
(1886, 2, 0, '27-06-03', 27, 6, 3, 3, 6, 0, 1, '', '2020-04-16 07:51:33', '2020-04-20 12:33:06'),
(1887, 2, 0, '27-06-04', 27, 6, 4, 3, 6, 0, 1, '', '2020-04-16 07:51:33', '2020-04-20 12:33:06'),
(1888, 2, 0, '27-07-01', 27, 7, 1, 3, 6, 0, 1, '', '2020-04-16 07:51:33', '2020-04-20 12:33:06'),
(1889, 2, 0, '27-07-02', 27, 7, 2, 3, 6, 0, 1, '', '2020-04-16 07:51:33', '2020-04-20 12:33:06'),
(1890, 2, 0, '27-07-03', 27, 7, 3, 3, 6, 0, 1, '', '2020-04-16 07:51:33', '2020-04-20 12:33:06'),
(1891, 2, 0, '27-07-04', 27, 7, 4, 3, 6, 0, 1, '', '2020-04-16 07:51:33', '2020-04-20 12:33:06'),
(1892, 2, 0, '27-08-01', 27, 8, 1, 3, 6, 0, 1, '', '2020-04-16 07:51:33', '2020-04-20 12:33:06'),
(1893, 2, 0, '27-08-02', 27, 8, 2, 3, 6, 0, 1, '', '2020-04-16 07:51:33', '2020-04-20 12:33:06'),
(1894, 2, 0, '27-08-03', 27, 8, 3, 3, 6, 0, 1, '', '2020-04-16 07:51:33', '2020-04-20 12:33:06'),
(1895, 2, 0, '27-08-04', 27, 8, 4, 3, 6, 0, 1, '', '2020-04-16 07:51:33', '2020-04-20 12:33:06'),
(1896, 2, 0, '27-09-01', 27, 9, 1, 3, 6, 0, 1, '', '2020-04-16 07:51:33', '2020-04-20 12:33:06'),
(1897, 2, 0, '27-09-02', 27, 9, 2, 3, 6, 0, 1, '', '2020-04-16 07:51:33', '2020-04-20 12:33:06'),
(1898, 2, 0, '27-09-03', 27, 9, 3, 3, 6, 0, 1, '', '2020-04-16 07:51:33', '2020-04-20 12:33:06'),
(1899, 2, 0, '27-09-04', 27, 9, 4, 3, 6, 0, 1, '', '2020-04-16 07:51:33', '2020-04-20 12:33:06');
INSERT INTO `ms_unit_bin` (`id`, `id_unit`, `id_bin_group`, `code`, `shelf`, `compartment`, `depth`, `id_capacity`, `capacity`, `id_current_item`, `is_active`, `note`, `created_at`, `updated_at`) VALUES
(1900, 2, 0, '27-10-01', 27, 10, 1, 3, 6, 0, 1, '', '2020-04-16 07:51:33', '2020-04-20 12:33:06'),
(1901, 2, 0, '27-10-02', 27, 10, 2, 3, 6, 0, 1, '', '2020-04-16 07:51:33', '2020-04-20 12:33:06'),
(1902, 2, 0, '27-10-03', 27, 10, 3, 3, 6, 0, 1, '', '2020-04-16 07:51:33', '2020-04-20 12:33:06'),
(1903, 2, 0, '27-10-04', 27, 10, 4, 3, 6, 0, 1, '', '2020-04-16 07:51:33', '2020-04-20 12:33:06'),
(1904, 2, 0, '27-11-01', 27, 11, 1, 3, 6, 0, 1, '', '2020-04-16 07:51:33', '2020-04-20 12:33:06'),
(1905, 2, 0, '27-11-02', 27, 11, 2, 3, 6, 0, 1, '', '2020-04-16 07:51:33', '2020-04-20 12:33:06'),
(1906, 2, 0, '27-11-03', 27, 11, 3, 3, 6, 0, 1, '', '2020-04-16 07:51:33', '2020-04-20 12:33:06'),
(1907, 2, 0, '27-11-04', 27, 11, 4, 3, 6, 0, 1, '', '2020-04-16 07:51:33', '2020-04-20 12:33:06'),
(1908, 2, 0, '27-12-01', 27, 12, 1, 3, 6, 0, 1, '', '2020-04-16 07:51:33', '2020-04-20 12:33:06'),
(1909, 2, 0, '27-12-02', 27, 12, 2, 3, 6, 0, 1, '', '2020-04-16 07:51:33', '2020-04-20 12:33:06'),
(1910, 2, 0, '27-12-03', 27, 12, 3, 3, 6, 0, 1, '', '2020-04-16 07:51:33', '2020-04-20 12:33:06'),
(1911, 2, 0, '27-12-04', 27, 12, 4, 3, 6, 0, 1, '', '2020-04-16 07:51:33', '2020-04-20 12:33:06'),
(1912, 2, 0, '27-13-01', 27, 13, 1, 3, 6, 0, 1, '', '2020-04-16 07:51:33', '2020-04-20 12:33:06'),
(1913, 2, 0, '27-13-02', 27, 13, 2, 3, 6, 0, 1, '', '2020-04-16 07:51:33', '2020-04-20 12:33:06'),
(1914, 2, 0, '28-01-01', 28, 1, 1, 3, 6, 0, 1, '', '2020-04-16 07:51:33', '2020-04-20 12:33:06'),
(1915, 2, 0, '28-01-02', 28, 1, 2, 3, 6, 0, 1, '', '2020-04-16 07:51:33', '2020-04-20 12:33:06'),
(1916, 2, 0, '28-01-03', 28, 1, 3, 3, 6, 0, 1, '', '2020-04-16 07:51:33', '2020-04-20 12:33:06'),
(1917, 2, 0, '28-01-04', 28, 1, 4, 3, 6, 0, 1, '', '2020-04-16 07:51:33', '2020-04-20 12:33:06'),
(1918, 2, 0, '28-02-01', 28, 2, 1, 3, 6, 0, 1, '', '2020-04-16 07:51:33', '2020-04-20 12:33:06'),
(1919, 2, 0, '28-02-02', 28, 2, 2, 3, 6, 0, 1, '', '2020-04-16 07:51:33', '2020-04-20 12:33:06'),
(1920, 2, 0, '28-02-03', 28, 2, 3, 3, 6, 0, 1, '', '2020-04-16 07:51:33', '2020-04-20 12:33:06'),
(1921, 2, 0, '28-02-04', 28, 2, 4, 3, 6, 0, 1, '', '2020-04-16 07:51:33', '2020-04-20 12:33:06'),
(1922, 2, 0, '28-03-01', 28, 3, 1, 3, 6, 0, 1, '', '2020-04-16 07:51:33', '2020-04-20 12:33:06'),
(1923, 2, 0, '28-03-02', 28, 3, 2, 3, 6, 0, 1, '', '2020-04-16 07:51:33', '2020-04-20 12:33:06'),
(1924, 2, 0, '28-03-03', 28, 3, 3, 3, 6, 0, 1, '', '2020-04-16 07:51:33', '2020-04-20 12:33:06'),
(1925, 2, 0, '28-03-04', 28, 3, 4, 3, 6, 0, 1, '', '2020-04-16 07:51:33', '2020-04-20 12:33:06'),
(1926, 2, 0, '28-04-01', 28, 4, 1, 3, 6, 0, 1, '', '2020-04-16 07:51:33', '2020-04-20 12:33:06'),
(1927, 2, 0, '28-04-02', 28, 4, 2, 3, 6, 0, 1, '', '2020-04-16 07:51:33', '2020-04-20 12:33:06'),
(1928, 2, 0, '28-04-03', 28, 4, 3, 3, 6, 0, 1, '', '2020-04-16 07:51:33', '2020-04-20 12:33:06'),
(1929, 2, 0, '28-04-04', 28, 4, 4, 3, 6, 0, 1, '', '2020-04-16 07:51:33', '2020-04-20 12:33:06'),
(1930, 2, 0, '28-05-01', 28, 5, 1, 3, 6, 0, 1, '', '2020-04-16 07:51:33', '2020-04-20 12:33:06'),
(1931, 2, 0, '28-05-02', 28, 5, 2, 3, 6, 0, 1, '', '2020-04-16 07:51:33', '2020-04-20 12:33:06'),
(1932, 2, 0, '28-05-03', 28, 5, 3, 3, 6, 0, 1, '', '2020-04-16 07:51:33', '2020-04-20 12:33:06'),
(1933, 2, 0, '28-05-04', 28, 5, 4, 3, 6, 0, 1, '', '2020-04-16 07:51:33', '2020-04-20 12:33:06'),
(1934, 2, 0, '28-06-01', 28, 6, 1, 3, 6, 0, 1, '', '2020-04-16 07:51:33', '2020-04-20 12:33:06'),
(1935, 2, 0, '28-06-02', 28, 6, 2, 3, 6, 0, 1, '', '2020-04-16 07:51:33', '2020-04-20 12:33:06'),
(1936, 2, 0, '28-06-03', 28, 6, 3, 3, 6, 0, 1, '', '2020-04-16 07:51:33', '2020-04-20 12:33:06'),
(1937, 2, 0, '28-06-04', 28, 6, 4, 3, 6, 0, 1, '', '2020-04-16 07:51:33', '2020-04-20 12:33:06'),
(1938, 2, 0, '28-07-01', 28, 7, 1, 3, 6, 0, 1, '', '2020-04-16 07:51:33', '2020-04-20 12:33:06'),
(1939, 2, 0, '28-09-04', 28, 9, 4, 3, 6, 0, 1, '', '2020-04-16 07:51:33', '2020-04-20 12:33:06'),
(1940, 2, 0, '28-07-03', 28, 7, 3, 3, 6, 0, 1, '', '2020-04-16 07:51:33', '2020-04-20 12:33:06'),
(1941, 2, 0, '28-07-04', 28, 7, 4, 3, 6, 0, 1, '', '2020-04-16 07:51:33', '2020-04-20 12:33:06'),
(1942, 2, 0, '28-08-01', 28, 8, 1, 3, 6, 0, 1, '', '2020-04-16 07:51:33', '2020-04-20 12:33:06'),
(1943, 2, 0, '28-08-02', 28, 8, 2, 3, 6, 0, 1, '', '2020-04-16 07:51:33', '2020-04-20 12:33:06'),
(1944, 2, 0, '28-08-03', 28, 8, 3, 3, 6, 0, 1, '', '2020-04-16 07:51:33', '2020-04-20 12:33:06'),
(1945, 2, 0, '28-08-04', 28, 8, 4, 3, 6, 0, 1, '', '2020-04-16 07:51:33', '2020-04-20 12:33:06'),
(1946, 2, 0, '28-09-01', 28, 9, 1, 3, 6, 0, 1, '', '2020-04-16 07:51:33', '2020-04-20 12:33:06'),
(1947, 2, 0, '28-09-02', 28, 9, 2, 3, 6, 0, 1, '', '2020-04-16 07:51:33', '2020-04-20 12:33:06'),
(1948, 2, 0, '28-09-03', 28, 9, 3, 3, 6, 0, 1, '', '2020-04-16 07:51:33', '2020-04-20 12:33:06'),
(1949, 2, 0, '28-07-02', 28, 7, 2, 3, 6, 0, 1, '', '2020-04-16 07:51:33', '2020-04-20 12:33:06'),
(1950, 2, 0, '28-10-01', 28, 10, 1, 3, 6, 0, 1, '', '2020-04-16 07:51:33', '2020-04-20 12:33:06'),
(1951, 2, 0, '28-10-02', 28, 10, 2, 3, 6, 0, 1, '', '2020-04-16 07:51:33', '2020-04-20 12:33:06'),
(1952, 2, 0, '28-10-03', 28, 10, 3, 3, 6, 0, 1, '', '2020-04-16 07:51:33', '2020-04-20 12:33:06'),
(1953, 2, 0, '28-10-04', 28, 10, 4, 3, 6, 0, 1, '', '2020-04-16 07:51:33', '2020-04-20 12:33:06'),
(1954, 2, 0, '28-11-01', 28, 11, 1, 3, 6, 0, 1, '', '2020-04-16 07:51:33', '2020-04-20 12:33:06'),
(1955, 2, 0, '28-11-02', 28, 11, 2, 3, 6, 0, 1, '', '2020-04-16 07:51:33', '2020-04-20 12:33:06'),
(1956, 2, 0, '28-11-03', 28, 11, 3, 3, 6, 0, 1, '', '2020-04-16 07:51:33', '2020-04-20 12:33:06'),
(1957, 2, 0, '28-11-04', 28, 11, 4, 3, 6, 0, 1, '', '2020-04-16 07:51:33', '2020-04-20 12:33:06'),
(1958, 2, 0, '28-12-01', 28, 12, 1, 3, 6, 0, 1, '', '2020-04-16 07:51:33', '2020-04-20 12:33:06'),
(1959, 2, 0, '28-12-02', 28, 12, 2, 3, 6, 0, 1, '', '2020-04-16 07:51:33', '2020-04-20 12:33:06'),
(1960, 2, 0, '28-12-03', 28, 12, 3, 3, 6, 0, 1, '', '2020-04-16 07:51:33', '2020-04-20 12:33:06'),
(1961, 2, 0, '28-12-04', 28, 12, 4, 3, 6, 0, 1, '', '2020-04-16 07:51:33', '2020-04-20 12:33:06'),
(1962, 2, 0, '28-13-01', 28, 13, 1, 3, 6, 0, 1, '', '2020-04-16 07:51:33', '2020-04-20 12:33:06'),
(1963, 2, 0, '28-13-02', 28, 13, 2, 3, 6, 0, 1, '', '2020-04-16 07:51:33', '2020-04-20 12:33:06'),
(1964, 2, 0, '29-13-03', 29, 13, 3, 3, 6, 0, 1, '', '2020-04-16 07:51:33', '2020-04-20 12:33:06'),
(1965, 2, 0, '29-13-04', 29, 13, 4, 3, 6, 0, 1, '', '2020-04-16 07:51:33', '2020-04-20 12:33:06'),
(1966, 2, 0, '30-13-03', 30, 13, 3, 3, 6, 0, 1, '', '2020-04-16 07:51:33', '2020-04-20 12:33:06'),
(1967, 2, 0, '30-13-04', 30, 13, 4, 3, 6, 0, 1, '', '2020-04-16 07:51:33', '2020-04-20 12:33:06'),
(1974, 2, 0, '29-01-01', 29, 1, 1, 3, 6, 0, 1, '', '2020-04-16 07:51:33', '2020-04-20 12:33:06'),
(1975, 2, 0, '29-01-02', 29, 1, 2, 3, 6, 0, 1, '', '2020-04-16 07:51:33', '2020-04-20 12:33:06'),
(1976, 2, 0, '29-01-03', 29, 1, 3, 3, 6, 0, 1, '', '2020-04-16 07:51:33', '2020-04-20 12:33:06'),
(1977, 2, 0, '29-01-04', 29, 1, 4, 3, 6, 0, 1, '', '2020-04-16 07:51:33', '2020-04-20 12:33:06'),
(1978, 2, 0, '29-02-01', 29, 2, 1, 3, 6, 0, 1, '', '2020-04-16 07:51:33', '2020-04-20 12:33:06'),
(1979, 2, 0, '29-02-02', 29, 2, 2, 3, 6, 0, 1, '', '2020-04-16 07:51:33', '2020-04-20 12:33:06'),
(1980, 2, 0, '29-02-03', 29, 2, 3, 3, 6, 0, 1, '', '2020-04-16 07:51:33', '2020-04-20 12:33:06'),
(1981, 2, 0, '29-02-04', 29, 2, 4, 3, 6, 0, 1, '', '2020-04-16 07:51:33', '2020-04-20 12:33:06'),
(1982, 2, 0, '29-03-01', 29, 3, 1, 3, 6, 0, 1, '', '2020-04-16 07:51:33', '2020-04-20 12:33:06'),
(1983, 2, 0, '29-03-02', 29, 3, 2, 3, 6, 0, 1, '', '2020-04-16 07:51:33', '2020-04-20 12:33:06'),
(1984, 2, 0, '29-03-03', 29, 3, 3, 3, 6, 0, 1, '', '2020-04-16 07:51:33', '2020-04-20 12:33:06'),
(1985, 2, 0, '29-03-04', 29, 3, 4, 3, 6, 0, 1, '', '2020-04-16 07:51:33', '2020-04-20 12:33:06'),
(1986, 2, 0, '29-04-01', 29, 4, 1, 3, 6, 0, 1, '', '2020-04-16 07:51:33', '2020-04-20 12:33:06'),
(1987, 2, 0, '29-04-02', 29, 4, 2, 3, 6, 0, 1, '', '2020-04-16 07:51:33', '2020-04-20 12:33:06'),
(1988, 2, 0, '29-04-03', 29, 4, 3, 3, 6, 0, 1, '', '2020-04-16 07:51:33', '2020-04-20 12:33:06'),
(1989, 2, 0, '29-04-04', 29, 4, 4, 3, 6, 0, 1, '', '2020-04-16 07:51:33', '2020-04-20 12:33:06'),
(1990, 2, 0, '29-05-01', 29, 5, 1, 3, 6, 0, 1, '', '2020-04-16 07:51:33', '2020-04-20 12:33:06'),
(1991, 2, 0, '29-05-02', 29, 5, 2, 3, 6, 0, 1, '', '2020-04-16 07:51:33', '2020-04-20 12:33:06'),
(1992, 2, 0, '29-05-03', 29, 5, 3, 3, 6, 0, 1, '', '2020-04-16 07:51:33', '2020-04-20 12:33:06'),
(1993, 2, 0, '29-05-04', 29, 5, 4, 3, 6, 0, 1, '', '2020-04-16 07:51:33', '2020-04-20 12:33:06'),
(1994, 2, 0, '29-06-01', 29, 6, 1, 3, 6, 0, 1, '', '2020-04-16 07:51:33', '2020-04-20 12:33:06'),
(1995, 2, 0, '29-06-02', 29, 6, 2, 3, 6, 0, 1, '', '2020-04-16 07:51:33', '2020-04-20 12:33:06'),
(1996, 2, 0, '29-06-03', 29, 6, 3, 3, 6, 0, 1, '', '2020-04-16 07:51:33', '2020-04-20 12:33:06'),
(1997, 2, 0, '29-06-04', 29, 6, 4, 3, 6, 0, 1, '', '2020-04-16 07:51:33', '2020-04-20 12:33:06'),
(1998, 2, 0, '29-07-01', 29, 7, 1, 3, 6, 0, 1, '', '2020-04-16 07:51:33', '2020-04-20 12:33:06'),
(1999, 2, 0, '29-07-02', 29, 7, 2, 3, 6, 0, 1, '', '2020-04-16 07:51:33', '2020-04-20 12:33:06'),
(2000, 2, 0, '29-07-03', 29, 7, 3, 3, 6, 0, 1, '', '2020-04-16 07:51:33', '2020-04-20 12:33:06'),
(2001, 2, 0, '29-07-04', 29, 7, 4, 3, 6, 0, 1, '', '2020-04-16 07:51:33', '2020-04-20 12:33:06'),
(2002, 2, 0, '29-08-01', 29, 8, 1, 3, 6, 0, 1, '', '2020-04-16 07:51:33', '2020-04-20 12:33:06'),
(2003, 2, 0, '29-08-02', 29, 8, 2, 3, 6, 0, 1, '', '2020-04-16 07:51:33', '2020-04-20 12:33:06'),
(2004, 2, 0, '29-08-03', 29, 8, 3, 3, 6, 0, 1, '', '2020-04-16 07:51:33', '2020-04-20 12:33:06'),
(2005, 2, 0, '29-08-04', 29, 8, 4, 3, 6, 0, 1, '', '2020-04-16 07:51:33', '2020-04-20 12:33:06'),
(2006, 2, 0, '29-09-01', 29, 9, 1, 3, 6, 0, 1, '', '2020-04-16 07:51:33', '2020-04-20 12:33:06'),
(2007, 2, 0, '29-09-02', 29, 9, 2, 3, 6, 0, 1, '', '2020-04-16 07:51:33', '2020-04-20 12:33:06'),
(2008, 2, 0, '29-09-03', 29, 9, 3, 3, 6, 0, 1, '', '2020-04-16 07:51:33', '2020-04-20 12:33:06'),
(2009, 2, 0, '29-09-04', 29, 9, 4, 3, 6, 0, 1, '', '2020-04-16 07:51:33', '2020-04-20 12:33:06'),
(2010, 2, 0, '29-10-01', 29, 10, 1, 3, 6, 0, 1, '', '2020-04-16 07:51:33', '2020-04-20 12:33:06'),
(2011, 2, 0, '29-10-02', 29, 10, 2, 3, 6, 0, 1, '', '2020-04-16 07:51:33', '2020-04-20 12:33:06'),
(2012, 2, 0, '29-10-03', 29, 10, 3, 3, 6, 0, 1, '', '2020-04-16 07:51:33', '2020-04-20 12:33:06'),
(2013, 2, 0, '29-10-04', 29, 10, 4, 3, 6, 0, 1, '', '2020-04-16 07:51:33', '2020-04-20 12:33:06'),
(2014, 2, 0, '29-11-01', 29, 11, 1, 3, 6, 0, 1, '', '2020-04-16 07:51:33', '2020-04-20 12:33:06'),
(2015, 2, 0, '29-11-02', 29, 11, 2, 3, 6, 0, 1, '', '2020-04-16 07:51:33', '2020-04-20 12:33:06'),
(2016, 2, 0, '29-11-03', 29, 11, 3, 3, 6, 0, 1, '', '2020-04-16 07:51:33', '2020-04-20 12:33:06'),
(2017, 2, 0, '29-11-04', 29, 11, 4, 3, 6, 0, 1, '', '2020-04-16 07:51:33', '2020-04-20 12:33:06'),
(2018, 2, 0, '29-12-01', 29, 12, 1, 3, 6, 0, 1, '', '2020-04-16 07:51:33', '2020-04-20 12:33:06'),
(2019, 2, 0, '29-12-02', 29, 12, 2, 3, 6, 0, 1, '', '2020-04-16 07:51:33', '2020-04-20 12:33:06'),
(2020, 2, 0, '29-12-03', 29, 12, 3, 3, 6, 0, 1, '', '2020-04-16 07:51:33', '2020-04-20 12:33:06'),
(2021, 2, 0, '29-12-04', 29, 12, 4, 3, 6, 0, 1, '', '2020-04-16 07:51:33', '2020-04-20 12:33:06'),
(2022, 2, 0, '29-13-01', 29, 13, 1, 3, 6, 0, 1, '', '2020-04-16 07:51:33', '2020-04-20 12:33:06'),
(2023, 2, 0, '29-13-02', 29, 13, 2, 3, 6, 0, 1, '', '2020-04-16 07:51:33', '2020-04-20 12:33:06'),
(2024, 2, 0, '30-01-01', 30, 1, 1, 3, 6, 0, 1, '', '2020-04-16 07:51:33', '2020-04-20 12:33:06'),
(2025, 2, 0, '30-01-02', 30, 1, 2, 3, 6, 0, 1, '', '2020-04-16 07:51:33', '2020-04-20 12:33:06'),
(2026, 2, 0, '30-01-03', 30, 1, 3, 3, 6, 0, 1, '', '2020-04-16 07:51:33', '2020-04-20 12:33:06'),
(2027, 2, 0, '30-01-04', 30, 1, 4, 3, 6, 0, 1, '', '2020-04-16 07:51:33', '2020-04-20 12:33:06'),
(2028, 2, 0, '30-02-01', 30, 2, 1, 3, 6, 0, 1, '', '2020-04-16 07:51:33', '2020-04-20 12:33:06'),
(2029, 2, 0, '30-02-02', 30, 2, 2, 3, 6, 0, 1, '', '2020-04-16 07:51:33', '2020-04-20 12:33:06'),
(2030, 2, 0, '30-02-03', 30, 2, 3, 3, 6, 0, 1, '', '2020-04-16 07:51:33', '2020-04-20 12:33:06'),
(2031, 2, 0, '30-02-04', 30, 2, 4, 3, 6, 0, 1, '', '2020-04-16 07:51:33', '2020-04-20 12:33:06'),
(2032, 2, 0, '30-03-01', 30, 3, 1, 3, 6, 0, 1, '', '2020-04-16 07:51:33', '2020-04-20 12:33:06'),
(2033, 2, 0, '30-03-02', 30, 3, 2, 3, 6, 0, 1, '', '2020-04-16 07:51:33', '2020-04-20 12:33:06'),
(2034, 2, 0, '30-03-03', 30, 3, 3, 3, 6, 0, 1, '', '2020-04-16 07:51:33', '2020-04-20 12:33:06'),
(2035, 2, 0, '30-03-04', 30, 3, 4, 3, 6, 0, 1, '', '2020-04-16 07:51:33', '2020-04-20 12:33:06'),
(2036, 2, 0, '30-04-01', 30, 4, 1, 3, 6, 0, 1, '', '2020-04-16 07:51:33', '2020-04-20 12:33:06'),
(2037, 2, 0, '30-04-02', 30, 4, 2, 3, 6, 0, 1, '', '2020-04-16 07:51:33', '2020-04-20 12:33:06'),
(2038, 2, 0, '30-04-03', 30, 4, 3, 3, 6, 0, 1, '', '2020-04-16 07:51:33', '2020-04-20 12:33:06'),
(2039, 2, 0, '30-04-04', 30, 4, 4, 3, 6, 0, 1, '', '2020-04-16 07:51:33', '2020-04-20 12:33:06'),
(2040, 2, 0, '30-05-01', 30, 5, 1, 3, 6, 0, 1, '', '2020-04-16 07:51:33', '2020-04-20 12:33:06'),
(2041, 2, 0, '30-05-02', 30, 5, 2, 3, 6, 0, 1, '', '2020-04-16 07:51:33', '2020-04-20 12:33:06'),
(2042, 2, 0, '30-05-03', 30, 5, 3, 3, 6, 0, 1, '', '2020-04-16 07:51:33', '2020-04-20 12:33:06'),
(2043, 2, 0, '30-05-04', 30, 5, 4, 3, 6, 0, 1, '', '2020-04-16 07:51:33', '2020-04-20 12:33:06'),
(2044, 2, 0, '30-06-01', 30, 6, 1, 3, 6, 0, 1, '', '2020-04-16 07:51:33', '2020-04-20 12:33:06'),
(2045, 2, 0, '30-06-02', 30, 6, 2, 3, 6, 0, 1, '', '2020-04-16 07:51:33', '2020-04-20 12:33:06'),
(2046, 2, 0, '30-06-03', 30, 6, 3, 3, 6, 0, 1, '', '2020-04-16 07:51:33', '2020-04-20 12:33:06'),
(2047, 2, 0, '30-06-04', 30, 6, 4, 3, 6, 0, 1, '', '2020-04-16 07:51:33', '2020-04-20 12:33:06'),
(2048, 2, 0, '30-07-01', 30, 7, 1, 3, 6, 0, 1, '', '2020-04-16 07:51:33', '2020-04-20 12:33:06'),
(2049, 2, 0, '30-07-02', 30, 7, 2, 3, 6, 0, 1, '', '2020-04-16 07:51:33', '2020-04-20 12:33:06'),
(2050, 2, 0, '30-07-03', 30, 7, 3, 3, 6, 0, 1, '', '2020-04-16 07:51:33', '2020-04-20 12:33:06'),
(2051, 2, 0, '30-07-04', 30, 7, 4, 3, 6, 0, 1, '', '2020-04-16 07:51:33', '2020-04-20 12:33:06'),
(2052, 2, 0, '30-08-01', 30, 8, 1, 3, 6, 0, 1, '', '2020-04-16 07:51:33', '2020-04-20 12:33:06'),
(2053, 2, 0, '30-08-02', 30, 8, 2, 3, 6, 0, 1, '', '2020-04-16 07:51:33', '2020-04-20 12:33:06'),
(2054, 2, 0, '30-08-03', 30, 8, 3, 3, 6, 0, 1, '', '2020-04-16 07:51:33', '2020-04-20 12:33:06'),
(2055, 2, 0, '30-08-04', 30, 8, 4, 3, 6, 0, 1, '', '2020-04-16 07:51:33', '2020-04-20 12:33:06'),
(2056, 2, 0, '30-09-01', 30, 9, 1, 3, 6, 0, 1, '', '2020-04-16 07:51:33', '2020-04-20 12:33:06'),
(2057, 2, 0, '30-09-02', 30, 9, 2, 3, 6, 0, 1, '', '2020-04-16 07:51:33', '2020-04-20 12:33:06'),
(2058, 2, 0, '30-09-03', 30, 9, 3, 3, 6, 0, 1, '', '2020-04-16 07:51:33', '2020-04-20 12:33:06'),
(2059, 2, 0, '30-09-04', 30, 9, 4, 3, 6, 0, 1, '', '2020-04-16 07:51:33', '2020-04-20 12:33:06'),
(2060, 2, 0, '30-10-01', 30, 10, 1, 3, 6, 0, 1, '', '2020-04-16 07:51:33', '2020-04-20 12:33:06'),
(2061, 2, 0, '30-10-02', 30, 10, 2, 3, 6, 0, 1, '', '2020-04-16 07:51:33', '2020-04-20 12:33:06'),
(2062, 2, 0, '30-10-03', 30, 10, 3, 3, 6, 0, 1, '', '2020-04-16 07:51:33', '2020-04-20 12:33:06'),
(2063, 2, 0, '30-10-04', 30, 10, 4, 3, 6, 0, 1, '', '2020-04-16 07:51:33', '2020-04-20 12:33:06'),
(2064, 2, 0, '30-11-01', 30, 11, 1, 3, 6, 0, 1, '', '2020-04-16 07:51:33', '2020-04-20 12:33:06'),
(2065, 2, 0, '30-11-02', 30, 11, 2, 3, 6, 0, 1, '', '2020-04-16 07:51:33', '2020-04-20 12:33:06'),
(2066, 2, 0, '30-11-03', 30, 11, 3, 3, 6, 0, 1, '', '2020-04-16 07:51:33', '2020-04-20 12:33:06'),
(2067, 2, 0, '30-11-04', 30, 11, 4, 3, 6, 0, 1, '', '2020-04-16 07:51:33', '2020-04-20 12:33:06'),
(2068, 2, 0, '30-12-01', 30, 12, 1, 3, 6, 0, 1, '', '2020-04-16 07:51:33', '2020-04-20 12:33:06'),
(2069, 2, 0, '30-12-02', 30, 12, 2, 3, 6, 0, 1, '', '2020-04-16 07:51:33', '2020-04-20 12:33:06'),
(2070, 2, 0, '30-12-03', 30, 12, 3, 3, 6, 0, 1, '', '2020-04-16 07:51:33', '2020-04-20 12:33:06'),
(2071, 2, 0, '30-12-04', 30, 12, 4, 3, 6, 0, 1, '', '2020-04-16 07:51:33', '2020-04-20 12:33:06'),
(2072, 2, 0, '30-13-01', 30, 13, 1, 3, 6, 0, 1, '', '2020-04-16 07:51:33', '2020-04-20 12:33:06'),
(2073, 2, 0, '30-13-02', 30, 13, 2, 3, 6, 0, 1, '', '2020-04-16 07:51:33', '2020-04-20 12:33:06'),
(2074, 2, 0, '31-01-01', 31, 1, 1, 3, 6, 0, 1, '', '2020-04-16 07:51:33', '2020-04-20 12:33:06'),
(2075, 2, 0, '31-01-02', 31, 1, 2, 3, 6, 0, 1, '', '2020-04-16 07:51:33', '2020-04-20 12:33:06'),
(2076, 2, 0, '31-01-03', 31, 1, 3, 3, 6, 0, 1, '', '2020-04-16 07:51:33', '2020-04-20 12:33:06'),
(2077, 2, 0, '31-01-04', 31, 1, 4, 3, 6, 0, 1, '', '2020-04-16 07:51:33', '2020-04-20 12:33:06'),
(2078, 2, 0, '31-02-01', 31, 2, 1, 3, 6, 0, 1, '', '2020-04-16 07:51:33', '2020-04-20 12:33:06'),
(2079, 2, 0, '31-02-02', 31, 2, 2, 3, 6, 0, 1, '', '2020-04-16 07:51:33', '2020-04-20 12:33:06'),
(2080, 2, 0, '31-02-03', 31, 2, 3, 3, 6, 0, 1, '', '2020-04-16 07:51:33', '2020-04-20 12:33:06'),
(2081, 2, 0, '31-02-04', 31, 2, 4, 3, 6, 0, 1, '', '2020-04-16 07:51:33', '2020-04-20 12:33:06'),
(2082, 2, 0, '31-03-01', 31, 3, 1, 3, 6, 0, 1, '', '2020-04-16 07:51:33', '2020-04-20 12:33:06'),
(2083, 2, 0, '31-03-02', 31, 3, 2, 3, 6, 0, 1, '', '2020-04-16 07:51:33', '2020-04-20 12:33:06'),
(2084, 2, 0, '31-03-03', 31, 3, 3, 3, 6, 0, 1, '', '2020-04-16 07:51:33', '2020-04-20 12:33:06'),
(2085, 2, 0, '31-03-04', 31, 3, 4, 3, 6, 0, 1, '', '2020-04-16 07:51:33', '2020-04-20 12:33:06'),
(2086, 2, 0, '31-04-01', 31, 4, 1, 3, 6, 0, 1, '', '2020-04-16 07:51:33', '2020-04-20 12:33:06'),
(2087, 2, 0, '31-04-02', 31, 4, 2, 3, 6, 0, 1, '', '2020-04-16 07:51:33', '2020-04-20 12:33:06'),
(2088, 2, 0, '31-04-03', 31, 4, 3, 3, 6, 0, 1, '', '2020-04-16 07:51:33', '2020-04-20 12:33:06'),
(2089, 2, 0, '31-04-04', 31, 4, 4, 3, 6, 0, 1, '', '2020-04-16 07:51:33', '2020-04-20 12:33:06'),
(2090, 2, 0, '31-05-01', 31, 5, 1, 3, 6, 0, 1, '', '2020-04-16 07:51:33', '2020-04-20 12:33:06'),
(2091, 2, 0, '31-05-02', 31, 5, 2, 3, 6, 0, 1, '', '2020-04-16 07:51:33', '2020-04-20 12:33:06'),
(2092, 2, 0, '31-05-03', 31, 5, 3, 3, 6, 0, 1, '', '2020-04-16 07:51:33', '2020-04-20 12:33:06'),
(2093, 2, 0, '31-05-04', 31, 5, 4, 3, 6, 0, 1, '', '2020-04-16 07:51:33', '2020-04-20 12:33:06'),
(2094, 2, 0, '31-06-01', 31, 6, 1, 3, 6, 0, 1, '', '2020-04-16 07:51:33', '2020-04-20 12:33:06'),
(2095, 2, 0, '31-06-02', 31, 6, 2, 3, 6, 0, 1, '', '2020-04-16 07:51:33', '2020-04-20 12:33:06'),
(2096, 2, 0, '31-06-03', 31, 6, 3, 3, 6, 0, 1, '', '2020-04-16 07:51:33', '2020-04-20 12:33:06'),
(2097, 2, 0, '31-06-04', 31, 6, 4, 3, 6, 0, 1, '', '2020-04-16 07:51:33', '2020-04-20 12:33:06'),
(2098, 2, 0, '31-07-01', 31, 7, 1, 3, 6, 0, 1, '', '2020-04-16 07:51:33', '2020-04-20 12:33:06'),
(2099, 2, 0, '31-07-02', 31, 7, 2, 3, 6, 0, 1, '', '2020-04-16 07:51:33', '2020-04-20 12:33:06'),
(2100, 2, 0, '31-07-03', 31, 7, 3, 3, 6, 0, 1, '', '2020-04-16 07:51:33', '2020-04-20 12:33:06'),
(2101, 2, 0, '31-07-04', 31, 7, 4, 3, 6, 0, 1, '', '2020-04-16 07:51:33', '2020-04-20 12:33:06'),
(2102, 2, 0, '31-08-01', 31, 8, 1, 3, 6, 0, 1, '', '2020-04-16 07:51:33', '2020-04-20 12:33:06'),
(2103, 2, 0, '31-08-02', 31, 8, 2, 3, 6, 0, 1, '', '2020-04-16 07:51:33', '2020-04-20 12:33:06'),
(2104, 2, 0, '31-08-03', 31, 8, 3, 3, 6, 0, 1, '', '2020-04-16 07:51:33', '2020-04-20 12:33:06'),
(2105, 2, 0, '31-08-04', 31, 8, 4, 3, 6, 0, 1, '', '2020-04-16 07:51:33', '2020-04-20 12:33:06'),
(2106, 2, 0, '31-09-01', 31, 9, 1, 3, 6, 0, 1, '', '2020-04-16 07:51:33', '2020-04-20 12:33:06'),
(2107, 2, 0, '31-09-02', 31, 9, 2, 3, 6, 0, 1, '', '2020-04-16 07:51:33', '2020-04-20 12:33:06'),
(2108, 2, 0, '31-09-03', 31, 9, 3, 3, 6, 0, 1, '', '2020-04-16 07:51:33', '2020-04-20 12:33:06'),
(2109, 2, 0, '31-09-04', 31, 9, 4, 3, 6, 0, 1, '', '2020-04-16 07:51:33', '2020-04-20 12:33:06'),
(2110, 2, 0, '31-10-01', 31, 10, 1, 3, 6, 0, 1, '', '2020-04-16 07:51:33', '2020-04-20 12:33:06'),
(2111, 2, 0, '31-10-02', 31, 10, 2, 3, 6, 0, 1, '', '2020-04-16 07:51:33', '2020-04-20 12:33:06'),
(2112, 2, 0, '31-10-03', 31, 10, 3, 3, 6, 0, 1, '', '2020-04-16 07:51:33', '2020-04-20 12:33:06'),
(2113, 2, 0, '31-10-04', 31, 10, 4, 3, 6, 0, 1, '', '2020-04-16 07:51:33', '2020-04-20 12:33:06'),
(2114, 2, 0, '31-11-01', 31, 11, 1, 3, 6, 0, 1, '', '2020-04-16 07:51:33', '2020-04-20 12:33:06'),
(2115, 2, 0, '31-11-02', 31, 11, 2, 3, 6, 0, 1, '', '2020-04-16 07:51:33', '2020-04-20 12:33:06'),
(2116, 2, 0, '31-11-03', 31, 11, 3, 3, 6, 0, 1, '', '2020-04-16 07:51:33', '2020-04-20 12:33:06'),
(2117, 2, 0, '31-11-04', 31, 11, 4, 3, 6, 0, 1, '', '2020-04-16 07:51:33', '2020-04-20 12:33:06'),
(2118, 2, 0, '31-12-01', 31, 12, 1, 3, 6, 0, 1, '', '2020-04-16 07:51:33', '2020-04-20 12:33:06'),
(2119, 2, 0, '31-12-02', 31, 12, 2, 3, 6, 0, 1, '', '2020-04-16 07:51:33', '2020-04-20 12:33:06'),
(2120, 2, 0, '31-12-03', 31, 12, 3, 3, 6, 0, 1, '', '2020-04-16 07:51:33', '2020-04-20 12:33:06'),
(2121, 2, 0, '31-12-04', 31, 12, 4, 3, 6, 0, 1, '', '2020-04-16 07:51:33', '2020-04-20 12:33:06'),
(2122, 2, 0, '31-13-01', 31, 13, 1, 3, 6, 0, 1, '', '2020-04-16 07:51:33', '2020-04-20 12:33:06'),
(2123, 2, 0, '31-13-02', 31, 13, 2, 3, 6, 0, 1, '', '2020-04-16 07:51:33', '2020-04-20 12:33:06'),
(2126, 2, 0, '31-13-03', 31, 13, 3, 3, 6, 0, 1, '', '2020-04-16 07:51:33', '2020-04-20 12:33:06'),
(2127, 2, 0, '31-13-04', 31, 13, 4, 3, 6, 0, 1, '', '2020-04-16 07:51:33', '2020-04-20 12:33:06'),
(2130, 1, 0, '02-01-02', 2, 1, 2, 1, 2, 0, 1, '', '2020-04-16 07:51:33', '2020-04-20 12:33:06'),
(2131, 1, 0, '02-01-03', 2, 1, 3, 1, 2, 0, 1, '', '2020-04-16 07:51:33', '2020-04-20 12:33:06'),
(2132, 1, 0, '02-01-04', 2, 1, 4, 1, 2, 0, 1, '', '2020-04-16 07:51:33', '2020-04-20 12:33:06'),
(2133, 1, 0, '02-01-05', 2, 1, 5, 1, 2, 0, 1, '', '2020-04-16 07:51:33', '2020-04-20 12:33:06'),
(2134, 1, 0, '02-01-06', 2, 1, 6, 1, 2, 0, 1, '', '2020-04-16 07:51:33', '2020-04-20 12:33:06'),
(2135, 1, 0, '02-02-02', 2, 2, 2, 1, 2, 0, 1, '', '2020-04-16 07:51:33', '2020-04-20 12:33:06'),
(2136, 1, 0, '02-02-03', 2, 2, 3, 1, 2, 0, 1, '', '2020-04-16 07:51:33', '2020-04-20 12:33:06'),
(2137, 1, 0, '02-02-04', 2, 2, 4, 1, 2, 0, 1, '', '2020-04-16 07:51:33', '2020-04-20 12:33:06'),
(2138, 1, 0, '02-02-05', 2, 2, 5, 1, 2, 0, 1, '', '2020-04-16 07:51:33', '2020-04-20 12:33:06'),
(2139, 1, 0, '02-02-06', 2, 2, 6, 1, 2, 0, 1, '', '2020-04-16 07:51:33', '2020-04-20 12:33:06'),
(2140, 1, 0, '02-03-02', 2, 3, 2, 1, 2, 0, 1, '', '2020-04-16 07:51:33', '2020-04-20 12:33:06'),
(2141, 1, 0, '02-03-03', 2, 3, 3, 1, 2, 0, 1, '', '2020-04-16 07:51:33', '2020-04-20 12:33:06'),
(2142, 1, 0, '02-03-04', 2, 3, 4, 1, 2, 0, 1, '', '2020-04-16 07:51:33', '2020-04-20 12:33:06'),
(2143, 1, 0, '02-03-05', 2, 3, 5, 1, 2, 0, 1, '', '2020-04-16 07:51:33', '2020-04-20 12:33:06'),
(2144, 1, 0, '02-03-06', 2, 3, 6, 1, 2, 0, 1, '', '2020-04-16 07:51:33', '2020-04-20 12:33:06'),
(2145, 1, 0, '02-04-02', 2, 4, 2, 1, 2, 0, 1, '', '2020-04-16 07:51:33', '2020-04-20 12:33:06'),
(2146, 1, 0, '02-04-03', 2, 4, 3, 1, 2, 0, 1, '', '2020-04-16 07:51:33', '2020-04-20 12:33:06'),
(2147, 1, 0, '02-04-04', 2, 4, 4, 1, 2, 0, 1, '', '2020-04-16 07:51:33', '2020-04-20 12:33:06'),
(2148, 1, 0, '02-04-05', 2, 4, 5, 1, 2, 0, 1, '', '2020-04-16 07:51:33', '2020-04-20 12:33:06'),
(2149, 1, 0, '02-04-06', 2, 4, 6, 1, 2, 0, 1, '', '2020-04-16 07:51:33', '2020-04-20 12:33:06'),
(2150, 1, 0, '02-05-02', 2, 5, 2, 1, 2, 0, 1, '', '2020-04-16 07:51:33', '2020-04-20 12:33:06'),
(2151, 1, 0, '02-05-03', 2, 5, 3, 1, 2, 0, 1, '', '2020-04-16 07:51:33', '2020-04-20 12:33:06'),
(2152, 1, 0, '02-05-04', 2, 5, 4, 1, 2, 0, 1, '', '2020-04-16 07:51:33', '2020-04-20 12:33:06'),
(2153, 1, 0, '02-05-05', 2, 5, 5, 1, 2, 0, 1, '', '2020-04-16 07:51:33', '2020-04-20 12:33:06'),
(2154, 1, 0, '02-05-06', 2, 5, 6, 1, 2, 0, 1, '', '2020-04-16 07:51:33', '2020-04-20 12:33:06'),
(2155, 1, 0, '02-06-02', 2, 6, 2, 1, 2, 0, 1, '', '2020-04-16 07:51:33', '2020-04-20 12:33:06'),
(2156, 1, 0, '02-06-03', 2, 6, 3, 1, 2, 0, 1, '', '2020-04-16 07:51:33', '2020-04-20 12:33:06'),
(2157, 1, 0, '02-06-04', 2, 6, 4, 1, 2, 0, 1, '', '2020-04-16 07:51:33', '2020-04-20 12:33:06'),
(2158, 1, 0, '02-06-05', 2, 6, 5, 1, 2, 0, 1, '', '2020-04-16 07:51:33', '2020-04-20 12:33:06'),
(2159, 1, 0, '02-06-06', 2, 6, 6, 1, 2, 0, 1, '', '2020-04-16 07:51:33', '2020-04-20 12:33:06'),
(2160, 1, 0, '02-07-02', 2, 7, 2, 1, 2, 0, 1, '', '2020-04-16 07:51:33', '2020-04-20 12:33:06'),
(2161, 1, 0, '02-07-03', 2, 7, 3, 1, 2, 0, 1, '', '2020-04-16 07:51:33', '2020-04-20 12:33:06'),
(2162, 1, 0, '02-07-04', 2, 7, 4, 1, 2, 0, 1, '', '2020-04-16 07:51:33', '2020-04-20 12:33:06'),
(2163, 1, 0, '02-07-05', 2, 7, 5, 1, 2, 0, 1, '', '2020-04-16 07:51:33', '2020-04-20 12:33:06'),
(2164, 1, 0, '02-07-06', 2, 7, 6, 1, 2, 0, 1, '', '2020-04-16 07:51:33', '2020-04-20 12:33:06'),
(2170, 1, 0, '31-01-02', 31, 1, 2, 1, 2, 0, 1, '', '2020-04-16 07:51:33', '2020-04-20 12:33:06'),
(2171, 1, 0, '31-01-03', 31, 1, 3, 1, 2, 0, 1, '', '2020-04-16 07:51:33', '2020-04-20 12:33:06'),
(2172, 1, 0, '31-01-04', 31, 1, 4, 1, 2, 0, 1, '', '2020-04-16 07:51:33', '2020-04-20 12:33:06'),
(2173, 1, 0, '31-01-05', 31, 1, 5, 1, 2, 0, 1, '', '2020-04-16 07:51:33', '2020-04-20 12:33:06'),
(2174, 1, 0, '31-01-06', 31, 1, 6, 1, 2, 0, 1, '', '2020-04-16 07:51:33', '2020-04-20 12:33:06'),
(2175, 1, 0, '31-02-02', 31, 2, 2, 1, 2, 0, 1, '', '2020-04-16 07:51:33', '2020-04-20 12:33:06'),
(2176, 1, 0, '31-02-03', 31, 2, 3, 1, 2, 0, 1, '', '2020-04-16 07:51:33', '2020-04-20 12:33:06'),
(2177, 1, 0, '31-02-04', 31, 2, 4, 1, 2, 0, 1, '', '2020-04-16 07:51:33', '2020-04-20 12:33:06'),
(2178, 1, 0, '31-02-05', 31, 2, 5, 1, 2, 0, 1, '', '2020-04-16 07:51:33', '2020-04-20 12:33:06'),
(2179, 1, 0, '31-02-06', 31, 2, 6, 1, 2, 0, 1, '', '2020-04-16 07:51:33', '2020-04-20 12:33:06'),
(2180, 1, 0, '31-03-02', 31, 3, 2, 1, 2, 0, 1, '', '2020-04-16 07:51:33', '2020-04-20 12:33:06'),
(2181, 1, 0, '31-03-03', 31, 3, 3, 1, 2, 0, 1, '', '2020-04-16 07:51:33', '2020-04-20 12:33:06'),
(2182, 1, 0, '31-03-04', 31, 3, 4, 1, 2, 0, 1, '', '2020-04-16 07:51:33', '2020-04-20 12:33:06'),
(2183, 1, 0, '31-03-05', 31, 3, 5, 1, 2, 0, 1, '', '2020-04-16 07:51:33', '2020-04-20 12:33:06'),
(2184, 1, 0, '31-03-06', 31, 3, 6, 1, 2, 0, 1, '', '2020-04-16 07:51:33', '2020-04-20 12:33:06'),
(2185, 1, 0, '31-04-02', 31, 4, 2, 1, 2, 0, 1, '', '2020-04-16 07:51:33', '2020-04-20 12:33:06'),
(2186, 1, 0, '31-04-03', 31, 4, 3, 1, 2, 0, 1, '', '2020-04-16 07:51:33', '2020-04-20 12:33:06'),
(2187, 1, 0, '31-04-04', 31, 4, 4, 1, 2, 0, 1, '', '2020-04-16 07:51:33', '2020-04-20 12:33:06'),
(2188, 1, 0, '31-04-05', 31, 4, 5, 1, 2, 0, 1, '', '2020-04-16 07:51:33', '2020-04-20 12:33:06'),
(2189, 1, 0, '31-04-06', 31, 4, 6, 1, 2, 0, 1, '', '2020-04-16 07:51:33', '2020-04-20 12:33:06'),
(2190, 1, 0, '31-05-02', 31, 5, 2, 1, 2, 0, 1, '', '2020-04-16 07:51:33', '2020-04-20 12:33:06'),
(2191, 1, 0, '31-05-03', 31, 5, 3, 1, 2, 0, 1, '', '2020-04-16 07:51:33', '2020-04-20 12:33:06'),
(2192, 1, 0, '31-05-04', 31, 5, 4, 1, 2, 0, 1, '', '2020-04-16 07:51:33', '2020-04-20 12:33:06'),
(2193, 1, 0, '31-05-05', 31, 5, 5, 1, 2, 0, 1, '', '2020-04-16 07:51:33', '2020-04-20 12:33:06'),
(2194, 1, 0, '31-05-06', 31, 5, 6, 1, 2, 0, 1, '', '2020-04-16 07:51:33', '2020-04-20 12:33:06'),
(2195, 1, 0, '31-06-02', 31, 6, 2, 1, 2, 0, 1, '', '2020-04-16 07:51:33', '2020-04-20 12:33:06'),
(2196, 1, 0, '31-06-03', 31, 6, 3, 1, 2, 0, 1, '', '2020-04-16 07:51:33', '2020-04-20 12:33:06'),
(2197, 1, 0, '31-06-04', 31, 6, 4, 1, 2, 0, 1, '', '2020-04-16 07:51:33', '2020-04-20 12:33:06'),
(2198, 1, 0, '31-06-05', 31, 6, 5, 1, 2, 0, 1, '', '2020-04-16 07:51:33', '2020-04-20 12:33:06'),
(2199, 1, 0, '31-06-06', 31, 6, 6, 1, 2, 0, 1, '', '2020-04-16 07:51:33', '2020-04-20 12:33:06'),
(2200, 1, 0, '31-07-02', 31, 7, 2, 1, 2, 0, 1, '', '2020-04-16 07:51:33', '2020-04-20 12:33:06'),
(2201, 1, 0, '31-07-03', 31, 7, 3, 1, 2, 0, 1, '', '2020-04-16 07:51:33', '2020-04-20 12:33:06'),
(2202, 1, 0, '31-07-04', 31, 7, 4, 1, 2, 0, 1, '', '2020-04-16 07:51:33', '2020-04-20 12:33:06'),
(2203, 1, 0, '31-07-05', 31, 7, 5, 1, 2, 0, 1, '', '2020-04-16 07:51:33', '2020-04-20 12:33:06'),
(2204, 1, 0, '31-07-06', 31, 7, 6, 1, 2, 0, 1, '', '2020-04-16 07:51:33', '2020-04-20 12:33:06'),
(2300, 3, 0, '01-01-01', 1, 1, 1, 0, 2, 10, 1, '', '2020-04-15 21:56:01', '2022-07-20 10:40:13'),
(2301, 3, 0, '01-01-02', 1, 1, 2, 0, 2, 0, 1, '', '2020-04-15 21:56:01', NULL),
(2302, 3, 0, '01-01-03', 1, 1, 3, 0, 2, 0, 1, '', '2020-04-15 21:56:01', NULL),
(2303, 3, 0, '01-01-04', 1, 1, 4, 0, 2, 0, 1, '', '2020-04-15 21:56:01', NULL),
(2304, 3, 0, '01-01-05', 1, 1, 5, 0, 2, 0, 1, '', '2020-04-15 21:56:01', NULL),
(2305, 3, 0, '01-01-06', 1, 1, 6, 0, 2, 0, 1, '', '2020-04-15 21:56:01', NULL),
(2306, 3, 0, '01-02-01', 1, 2, 1, 0, 2, 0, 1, '', '2020-04-15 21:56:01', NULL),
(2307, 3, 0, '01-02-02', 1, 2, 2, 0, 2, 0, 1, '', '2020-04-15 21:56:01', NULL),
(2308, 3, 0, '01-02-03', 1, 2, 3, 0, 2, 0, 1, '', '2020-04-15 21:56:01', NULL),
(2309, 3, 0, '01-02-04', 1, 2, 4, 0, 2, 0, 1, '', '2020-04-15 21:56:01', NULL),
(2310, 3, 0, '01-02-05', 1, 2, 5, 0, 2, 0, 1, '', '2020-04-15 21:56:01', NULL),
(2311, 3, 0, '01-02-06', 1, 2, 6, 0, 2, 0, 1, '', '2020-04-15 21:56:01', NULL),
(2312, 3, 0, '01-03-01', 1, 3, 1, 0, 2, 0, 1, '', '2020-04-15 21:56:01', NULL),
(2313, 3, 0, '01-03-02', 1, 3, 2, 0, 2, 0, 1, '', '2020-04-15 21:56:01', NULL),
(2314, 3, 0, '01-03-03', 1, 3, 3, 0, 2, 0, 1, '', '2020-04-15 21:56:01', NULL),
(2315, 3, 0, '01-03-04', 1, 3, 4, 0, 2, 0, 1, '', '2020-04-15 21:56:01', NULL),
(2316, 3, 0, '01-03-05', 1, 3, 5, 0, 2, 0, 1, '', '2020-04-15 21:56:01', NULL),
(2317, 3, 0, '01-03-06', 1, 3, 6, 0, 2, 0, 1, '', '2020-04-15 21:56:01', NULL),
(2318, 3, 0, '01-04-01', 1, 4, 1, 0, 2, 0, 1, '', '2020-04-15 21:56:01', NULL),
(2319, 3, 0, '01-04-02', 1, 4, 2, 0, 2, 0, 1, '', '2020-04-15 21:56:01', NULL),
(2320, 3, 0, '01-04-03', 1, 4, 3, 0, 2, 0, 1, '', '2020-04-15 21:56:01', NULL),
(2321, 3, 0, '01-04-04', 1, 4, 4, 0, 2, 0, 1, '', '2020-04-15 21:56:01', NULL),
(2322, 3, 0, '01-04-05', 1, 4, 5, 0, 2, 0, 1, '', '2020-04-15 21:56:01', NULL),
(2323, 3, 0, '01-04-06', 1, 4, 6, 0, 2, 0, 1, '', '2020-04-15 21:56:01', NULL),
(2324, 3, 0, '01-05-01', 1, 5, 1, 0, 2, 0, 1, '', '2020-04-15 21:56:01', NULL),
(2325, 3, 0, '01-05-02', 1, 5, 2, 0, 2, 0, 1, '', '2020-04-15 21:56:01', NULL),
(2326, 3, 0, '01-05-03', 1, 5, 3, 0, 2, 0, 1, '', '2020-04-15 21:56:01', NULL),
(2327, 3, 0, '01-05-04', 1, 5, 4, 0, 2, 0, 1, '', '2020-04-15 21:56:01', NULL),
(2328, 3, 0, '01-05-05', 1, 5, 5, 0, 2, 0, 1, '', '2020-04-15 21:56:01', NULL),
(2329, 3, 0, '01-05-06', 1, 5, 6, 0, 2, 0, 1, '', '2020-04-15 21:56:01', NULL),
(2330, 3, 0, '01-06-01', 1, 6, 1, 0, 2, 0, 1, '', '2020-04-15 21:56:01', NULL),
(2331, 3, 0, '01-06-02', 1, 6, 2, 0, 2, 0, 1, '', '2020-04-15 21:56:01', NULL),
(2332, 3, 0, '01-06-03', 1, 6, 3, 0, 2, 0, 1, '', '2020-04-15 21:56:01', NULL),
(2333, 3, 0, '01-06-04', 1, 6, 4, 0, 2, 0, 1, '', '2020-04-15 21:56:01', NULL),
(2334, 3, 0, '01-06-05', 1, 6, 5, 0, 2, 0, 1, '', '2020-04-15 21:56:01', NULL),
(2335, 3, 0, '01-06-06', 1, 6, 6, 0, 2, 0, 1, '', '2020-04-15 21:56:01', NULL),
(2336, 3, 0, '01-07-01', 1, 7, 1, 0, 2, 0, 1, '', '2020-04-15 21:56:01', NULL),
(2337, 3, 0, '01-07-02', 1, 7, 2, 0, 2, 0, 1, '', '2020-04-15 21:56:01', NULL),
(2338, 3, 0, '01-07-03', 1, 7, 3, 0, 2, 0, 1, '', '2020-04-15 21:56:01', NULL),
(2339, 3, 0, '01-07-04', 1, 7, 4, 0, 2, 0, 1, '', '2020-04-15 21:56:01', NULL),
(2340, 3, 0, '01-07-05', 1, 7, 5, 0, 2, 0, 1, '', '2020-04-15 21:56:01', NULL),
(2341, 3, 0, '01-07-06', 1, 7, 6, 0, 2, 0, 1, '', '2020-04-15 21:56:01', NULL),
(2400, 4, 1, '840-510-0101', 1, 1, 1, 6, 1, 0, 1, NULL, '2022-08-25 15:20:03', NULL);

-- --------------------------------------------------------

--
-- Table structure for table `ms_unit_bin_group`
--

CREATE TABLE `ms_unit_bin_group` (
  `id` int(11) NOT NULL,
  `id_unit` int(11) NOT NULL,
  `id_user_group` int(11) NOT NULL,
  `code` varchar(15) NOT NULL,
  `name` varchar(30) NOT NULL,
  `sort` int(11) NOT NULL
) ENGINE=InnoDB DEFAULT CHARSET=latin1;

--
-- Dumping data for table `ms_unit_bin_group`
--

INSERT INTO `ms_unit_bin_group` (`id`, `id_unit`, `id_user_group`, `code`, `name`, `sort`) VALUES
(1, 4, 4, '500', 'dept A', 1),
(2, 4, 5, '510', 'dept B', 2);

-- --------------------------------------------------------

--
-- Table structure for table `ms_unit_bin_group_user`
--

CREATE TABLE `ms_unit_bin_group_user` (
  `id` int(11) NOT NULL,
  `id_unit_bin_group` int(11) NOT NULL,
  `id_user_group` int(11) NOT NULL,
  `is_active` tinyint(1) NOT NULL DEFAULT 1,
  `note` text NOT NULL
) ENGINE=InnoDB DEFAULT CHARSET=latin1;

--
-- Dumping data for table `ms_unit_bin_group_user`
--

INSERT INTO `ms_unit_bin_group_user` (`id`, `id_unit_bin_group`, `id_user_group`, `is_active`, `note`) VALUES
(1, 1, 4, 1, ''),
(2, 1, 5, 1, ''),
(3, 2, 5, 1, '');

-- --------------------------------------------------------

--
-- Table structure for table `ms_unit_capacity`
--

CREATE TABLE `ms_unit_capacity` (
  `id` int(11) NOT NULL,
  `id_unit` int(11) NOT NULL,
  `name` varchar(25) NOT NULL,
  `capacity` float NOT NULL,
  `sort` int(11) NOT NULL
) ENGINE=InnoDB DEFAULT CHARSET=latin1;

--
-- Dumping data for table `ms_unit_capacity`
--

INSERT INTO `ms_unit_capacity` (`id`, `id_unit`, `name`, `capacity`, `sort`) VALUES
(1, 1, 'Small Bin', 2, 1),
(2, 1, 'Normal Bin', 55, 2),
(3, 2, 'Paint Bin', 2, 0),
(4, 3, 'Small Bin', 2, 1),
(5, 3, 'Normal Bin', 55, 2),
(6, 4, 'Kecil 1', 0, 1);

-- --------------------------------------------------------

--
-- Table structure for table `ts_item`
--

CREATE TABLE `ts_item` (
  `id` int(11) NOT NULL,
  `in_code` varchar(255) NOT NULL,
  `id_unit_bin` int(11) NOT NULL,
  `id_item` int(11) NOT NULL,
  `store_date` date NOT NULL,
  `last_activity` date NOT NULL,
  `unit_weight` double NOT NULL,
  `exp_kg` double NOT NULL,
  `exp_qty` int(11) NOT NULL,
  `in_kg` double NOT NULL,
  `in_qty` int(11) NOT NULL,
  `out_kg` double NOT NULL,
  `out_qty` int(11) NOT NULL,
  `dif_kg` double NOT NULL,
  `dif_qty` int(11) NOT NULL,
  `is_dasaran` tinyint(4) NOT NULL,
  `is_active` tinyint(4) NOT NULL,
  `note` text DEFAULT NULL,
  `created_at` datetime NOT NULL DEFAULT current_timestamp(),
  `updated_at` datetime DEFAULT NULL,
  `id_user` int(11) DEFAULT NULL
) ENGINE=InnoDB DEFAULT CHARSET=latin1;

--
-- Dumping data for table `ts_item`
--

INSERT INTO `ts_item` (`id`, `in_code`, `id_unit_bin`, `id_item`, `store_date`, `last_activity`, `unit_weight`, `exp_kg`, `exp_qty`, `in_kg`, `in_qty`, `out_kg`, `out_qty`, `dif_kg`, `dif_qty`, `is_dasaran`, `is_active`, `note`, `created_at`, `updated_at`, `id_user`) VALUES
(1, 'PR02271970', 50, 1, '2020-04-16', '2020-04-20', 0.0050304, 20.0008704, 3976, 20.0008704, 3976, 20.0008704, 3976, 0, 0, 0, 0, '', '2020-04-16 13:56:47', '2020-04-20 12:33:06', 1),
(2, 'PR02271960', 103, 1, '2020-04-16', '2020-05-06', 0.0050304, 20.0008704, 3976, 20.0008704, 3976, 10, 1987, 0, 0, 0, 1, '', '2020-04-16 14:41:12', '2020-05-06 05:03:06', 1),
(3, 'PR02271950', 47, 1, '2020-04-16', '2020-04-20', 0.0050304, 20.0008704, 3976, 20.0008704, 3976, 0, 0, 0, 0, 0, 1, '', '2020-04-16 14:57:50', '2020-04-20 12:33:06', 1),
(4, 'PR02271940', 104, 1, '2020-04-16', '2020-04-20', 0.0050304, 20.0008704, 3976, 20.0008704, 3976, 0, 0, 0, 0, 0, 1, '', '2020-04-16 14:59:07', '2020-04-20 12:33:06', 1),
(5, 'PR02271870', 48, 2, '2020-04-16', '2020-04-20', 0.0042283, 20.0040873, 4731, 20.0040873, 4731, 0, 0, 0, 0, 0, 1, '', '2020-04-16 15:12:03', '2020-04-20 12:33:06', 1),
(6, 'PR02271860', 105, 2, '2020-04-16', '2020-04-20', 0.0042283, 20.0040873, 4731, 20.0040873, 4731, 0, 0, 0, 0, 0, 1, '', '2020-04-16 15:14:23', '2020-04-20 12:33:06', 1),
(7, 'EN00043180', 20, 3, '2020-04-26', '2020-04-30', 0, 0, 0, 5, 1, 7, 2, 2, 1, 0, 0, 'ambil lagi mau pake', '2020-04-29 07:34:44', '2020-04-30 10:19:37', 1),
(8, 'PR02271710', 61, 5, '2020-05-08', '0000-00-00', 0.005039, 19.309448, 3832, 1.9309, 383, 0, 0, 0, 0, 0, 1, 'tes123', '2022-07-18 11:17:49', NULL, 1),
(9, 'PR02271711', 62, 5, '2020-05-08', '0000-00-00', 0.005039, 19.309448, 3832, 1.9309, 383, 0, 0, 0, 0, 0, 1, '', '2022-07-18 13:52:35', NULL, 1),
(10, 'PR02271717', 2300, 5, '2020-05-08', '0000-00-00', 0.005039, 19.309448, 3832, 1.9309, 383, 0, 0, 0, 0, 0, 1, 'tes1234', '2022-07-20 10:40:13', NULL, 1);

-- --------------------------------------------------------

--
-- Table structure for table `ts_item_log`
--

CREATE TABLE `ts_item_log` (
  `id` int(11) NOT NULL,
  `id_ts_item` int(11) NOT NULL,
  `in_code` varchar(255) NOT NULL,
  `out_code` varchar(255) NOT NULL,
  `id_unit_bin` int(11) NOT NULL,
  `id_item` int(11) NOT NULL,
  `store_date` date NOT NULL,
  `unit_weight` double NOT NULL,
  `exp_kg` double NOT NULL,
  `exp_qty` int(11) NOT NULL,
  `in_kg` double NOT NULL,
  `in_qty` int(11) NOT NULL,
  `out_kg` double NOT NULL,
  `out_qty` int(11) NOT NULL,
  `dif_kg` double NOT NULL,
  `dif_qty` int(11) NOT NULL,
  `note` text DEFAULT NULL,
  `is_dasaran` tinyint(4) NOT NULL,
  `status` varchar(5) NOT NULL,
  `created_at` datetime NOT NULL DEFAULT current_timestamp(),
  `updated_at` datetime DEFAULT NULL,
  `id_user` int(11) DEFAULT NULL
) ENGINE=InnoDB DEFAULT CHARSET=latin1;

--
-- Dumping data for table `ts_item_log`
--

INSERT INTO `ts_item_log` (`id`, `id_ts_item`, `in_code`, `out_code`, `id_unit_bin`, `id_item`, `store_date`, `unit_weight`, `exp_kg`, `exp_qty`, `in_kg`, `in_qty`, `out_kg`, `out_qty`, `dif_kg`, `dif_qty`, `note`, `is_dasaran`, `status`, `created_at`, `updated_at`, `id_user`) VALUES
(1, 1, 'PR02271970', '', 50, 1, '2020-04-16', 0.0050304, 20.0008704, 3976, 20.0008704, 3976, 0, 0, 0, 0, '', 0, 'PUT', '2020-04-16 13:56:47', NULL, 1),
(2, 2, 'PR02271960', '', 103, 1, '2020-04-16', 0.0050304, 20.0008704, 3976, 20.0008704, 3976, 0, 0, 0, 0, '', 0, 'PUT', '2020-04-16 14:41:12', NULL, 1),
(3, 3, 'PR02271950', '', 47, 1, '2020-04-16', 0.0050304, 20.0008704, 3976, 20.0008704, 3976, 0, 0, 0, 0, '', 0, 'PUT', '2020-04-16 14:57:50', NULL, 1),
(4, 4, 'PR02271940', '', 104, 1, '2020-04-16', 0.0050304, 20.0008704, 3976, 20.0008704, 3976, 0, 0, 0, 0, '', 0, 'PUT', '2020-04-16 14:59:07', NULL, 1),
(5, 5, 'PR02271870', '', 48, 2, '2020-04-16', 0.0042283, 20.0040873, 4731, 20.0040873, 4731, 0, 0, 0, 0, '', 0, 'PUT', '2020-04-16 15:12:03', NULL, 1),
(6, 6, 'PR02271860', '', 105, 2, '2020-04-16', 0.0042283, 20.0040873, 4731, 20.0040873, 4731, 0, 0, 0, 0, '', 0, 'PUT', '2020-04-16 15:14:23', NULL, 1),
(7, 1, '', 'PR02177310', 50, 1, '2020-04-20', 0.0050304, 20, 3976, 0, 0, 20.0008704, 3976, 0, 0, '', 0, 'PICK', '2020-04-20 02:22:16', NULL, 1),
(19, 7, 'EN00043180', '', 20, 3, '2020-04-26', 0, 0, 0, 5, 1, 0, 0, 0, 0, NULL, 0, 'PUT', '2020-04-29 07:34:44', NULL, 1),
(20, 7, '', 'PR02275620', 20, 3, '2020-04-30', 0, 2, 0, 0, 0, 3, 1, 0, 0, 'ds', 0, 'PICK', '2020-04-30 09:28:20', NULL, 1),
(21, 7, 'EN00043180', '', 20, 3, '2020-04-26', 0, 0, 0, 0, 0, 0, 0, 2, 1, NULL, 0, 'PUT', '2020-04-30 10:13:52', NULL, 1),
(22, 7, '', 'PR02275610', 20, 3, '2020-04-30', 0, 3, 0, 0, 0, 4, 1, 0, 0, 'ambil lagi mau pake', 0, 'PICK', '2020-04-30 10:19:37', NULL, 1),
(23, 2, '', 'NP200501', 48, 1, '2020-05-06', 0.0050304, 20.0008704, 3976, 0, 0, 10, 1987, 0, 0, '', 0, 'PICK', '2020-05-06 05:03:06', NULL, 1),
(24, 8, 'PR02271710', '', 61, 5, '2020-05-08', 0.005039, 19.309448, 3832, 1.9309, 383, 0, 0, 0, 0, 'tes123', 0, 'PUT', '2022-07-18 11:17:49', NULL, 1),
(25, 9, 'PR02271711', '', 62, 5, '2020-05-08', 0.005039, 19.309448, 3832, 1.9309, 383, 0, 0, 0, 0, '', 0, 'PUT', '2022-07-18 13:52:35', NULL, 1),
(26, 10, 'PR02271717', '', 2300, 5, '2020-05-08', 0.005039, 19.309448, 3832, 1.9309, 383, 0, 0, 0, 0, 'tes1234', 0, 'PUT', '2022-07-20 10:40:13', NULL, 1);

-- --------------------------------------------------------

--
-- Table structure for table `ts_user_face`
--

CREATE TABLE `ts_user_face` (
  `id` int(11) NOT NULL,
  `id_user` int(11) NOT NULL,
  `login_time` datetime NOT NULL DEFAULT current_timestamp(),
  `note` text NOT NULL
) ENGINE=InnoDB DEFAULT CHARSET=latin1;

-- --------------------------------------------------------

--
-- Table structure for table `user_group`
--

CREATE TABLE `user_group` (
  `ID` int(11) NOT NULL,
  `name` varchar(250) COLLATE latin1_general_ci NOT NULL,
  `sort` int(11) NOT NULL,
  `is_active` tinyint(1) NOT NULL DEFAULT 1
) ENGINE=InnoDB DEFAULT CHARSET=latin1 COLLATE=latin1_general_ci;

--
-- Dumping data for table `user_group`
--

INSERT INTO `user_group` (`ID`, `name`, `sort`, `is_active`) VALUES
(1, 'Super Admin', 1, 1),
(2, 'Admin', 2, 1),
(3, 'test3', 3, 0),
(4, 'group a', 4, 1),
(5, 'group b', 5, 1);

-- --------------------------------------------------------

--
-- Table structure for table `user_group_detail`
--

CREATE TABLE `user_group_detail` (
  `ID` int(11) NOT NULL,
  `id_group` int(11) NOT NULL,
  `id_menu` int(11) NOT NULL,
  `read_flg` tinyint(1) NOT NULL,
  `create_flg` tinyint(1) NOT NULL,
  `update_flg` tinyint(1) NOT NULL,
  `delete_flg` tinyint(1) NOT NULL,
  `sort` int(11) NOT NULL
) ENGINE=InnoDB DEFAULT CHARSET=latin1 COLLATE=latin1_general_ci;

--
-- Dumping data for table `user_group_detail`
--

INSERT INTO `user_group_detail` (`ID`, `id_group`, `id_menu`, `read_flg`, `create_flg`, `update_flg`, `delete_flg`, `sort`) VALUES
(1, 2, 1, 1, 1, 1, 1, 1),
(2, 2, 20, 1, 1, 1, 1, 2),
(3, 2, 25, 1, 1, 1, 1, 3),
(4, 2, 5, 1, 1, 1, 0, 4),
(5, 2, 6, 1, 1, 1, 1, 5),
(6, 2, 9, 1, 1, 1, 1, 6),
(7, 2, 2, 1, 1, 1, 0, 7),
(8, 2, 3, 1, 1, 1, 0, 8),
(9, 2, 8, 1, 1, 1, 1, 9),
(10, 2, 30, 1, 1, 1, 1, 10),
(11, 2, 35, 1, 1, 1, 1, 11),
(12, 4, 1, 1, 1, 1, 1, 12),
(13, 4, 20, 1, 1, 1, 1, 13),
(14, 4, 25, 1, 1, 1, 1, 14),
(15, 4, 5, 1, 1, 1, 1, 15),
(16, 4, 6, 1, 1, 1, 1, 16),
(17, 4, 9, 1, 1, 1, 1, 17),
(18, 4, 2, 1, 1, 1, 1, 18),
(19, 4, 3, 1, 1, 1, 1, 19),
(20, 4, 8, 1, 1, 1, 1, 20),
(21, 4, 30, 1, 1, 1, 1, 21),
(22, 4, 35, 1, 1, 1, 1, 22),
(23, 5, 1, 1, 1, 1, 1, 23),
(24, 5, 20, 1, 1, 1, 1, 24),
(25, 5, 25, 1, 1, 1, 1, 25),
(26, 5, 5, 0, 0, 0, 0, 26),
(27, 5, 6, 1, 1, 1, 1, 27),
(28, 5, 9, 0, 0, 0, 0, 28),
(29, 5, 2, 0, 0, 0, 0, 29),
(30, 5, 3, 0, 0, 0, 0, 30),
(31, 5, 8, 1, 1, 1, 1, 31),
(32, 5, 30, 0, 0, 0, 0, 32),
(33, 5, 35, 0, 0, 0, 0, 33);

-- --------------------------------------------------------

--
-- Table structure for table `user_log`
--

CREATE TABLE `user_log` (
  `id` int(11) NOT NULL,
  `users_id` int(11) NOT NULL,
  `absensi_time` datetime NOT NULL,
  `ip_absensi` varchar(100) NOT NULL
) ENGINE=InnoDB DEFAULT CHARSET=utf8mb4;

--
-- Dumping data for table `user_log`
--

INSERT INTO `user_log` (`id`, `users_id`, `absensi_time`, `ip_absensi`) VALUES
(9, 1, '2022-07-27 16:29:36', '192.168.1.101'),
(10, 1, '2022-07-27 16:34:14', '192.168.1.101'),
(11, 1, '2022-07-27 16:37:20', '192.168.1.101'),
(12, 1, '2022-07-28 09:07:40', '192.168.1.101'),
(13, 1, '2022-07-28 09:09:31', '192.168.1.201'),
(14, 1, '2022-07-28 13:18:35', '192.168.1.101'),
(15, 1, '2022-07-29 09:24:52', '192.168.1.101'),
(16, 1, '2022-07-29 09:25:18', '192.168.1.201'),
(17, 1, '2022-07-29 09:26:43', '192.168.1.201'),
(18, 1, '2022-07-29 13:45:12', '192.168.1.201'),
(19, 1, '2022-07-29 13:49:12', '192.168.1.201'),
(20, 1, '2022-07-29 13:49:12', '192.168.1.201'),
(21, 1, '2022-07-29 14:49:12', '192.168.1.201'),
(22, 1, '2022-07-29 14:49:12', '192.168.1.201'),
(23, 1, '2022-07-29 14:49:12', '192.168.1.201');

--
-- Indexes for dumped tables
--

--
-- Indexes for table `config_global`
--
ALTER TABLE `config_global`
  ADD PRIMARY KEY (`ID`);

--
-- Indexes for table `ms_item`
--
ALTER TABLE `ms_item`
  ADD PRIMARY KEY (`id`),
  ADD KEY `id_category` (`id_category`);

--
-- Indexes for table `ms_item_access`
--
ALTER TABLE `ms_item_access`
  ADD PRIMARY KEY (`id`);

--
-- Indexes for table `ms_item_category`
--
ALTER TABLE `ms_item_category`
  ADD PRIMARY KEY (`id`);

--
-- Indexes for table `ms_menu`
--
ALTER TABLE `ms_menu`
  ADD PRIMARY KEY (`ID`);

--
-- Indexes for table `ms_terminal_pairing`
--
ALTER TABLE `ms_terminal_pairing`
  ADD PRIMARY KEY (`id`);

--
-- Indexes for table `ms_unit`
--
ALTER TABLE `ms_unit`
  ADD PRIMARY KEY (`id`);

--
-- Indexes for table `ms_unit_bin`
--
ALTER TABLE `ms_unit_bin`
  ADD PRIMARY KEY (`id`),
  ADD KEY `id_unit` (`id_unit`),
  ADD KEY `id_unit_2` (`id_unit`);

--
-- Indexes for table `ms_unit_bin_group`
--
ALTER TABLE `ms_unit_bin_group`
  ADD PRIMARY KEY (`id`);

--
-- Indexes for table `ms_unit_bin_group_user`
--
ALTER TABLE `ms_unit_bin_group_user`
  ADD PRIMARY KEY (`id`);

--
-- Indexes for table `ms_unit_capacity`
--
ALTER TABLE `ms_unit_capacity`
  ADD PRIMARY KEY (`id`);

--
-- Indexes for table `ts_item`
--
ALTER TABLE `ts_item`
  ADD PRIMARY KEY (`id`),
  ADD KEY `id_unit_bin` (`id_unit_bin`),
  ADD KEY `id_user` (`id_user`),
  ADD KEY `id_item` (`id_item`);

--
-- Indexes for table `ts_item_log`
--
ALTER TABLE `ts_item_log`
  ADD PRIMARY KEY (`id`),
  ADD KEY `id_user` (`id_user`),
  ADD KEY `id_user_2` (`id_user`),
  ADD KEY `id_unit_bin` (`id_unit_bin`),
  ADD KEY `id_item` (`id_item`),
  ADD KEY `id_user_3` (`id_user`),
  ADD KEY `id_ts_item` (`id_ts_item`);

--
-- Indexes for table `ts_user_face`
--
ALTER TABLE `ts_user_face`
  ADD PRIMARY KEY (`id`);

--
-- Indexes for table `user_group`
--
ALTER TABLE `user_group`
  ADD PRIMARY KEY (`ID`),
  ADD KEY `UserGroupDtlMst_FKIndex1` (`ID`);

--
-- Indexes for table `user_group_detail`
--
ALTER TABLE `user_group_detail`
  ADD PRIMARY KEY (`ID`),
  ADD KEY `UserGroupDtlMst_FKIndex1` (`id_group`),
  ADD KEY `UserGroupDtlMst_FKIndex2` (`id_menu`),
  ADD KEY `id_menu` (`id_menu`),
  ADD KEY `id_group` (`id_group`);

--
-- Indexes for table `user_log`
--
ALTER TABLE `user_log`
  ADD PRIMARY KEY (`id`),
  ADD KEY `users_id` (`users_id`);

--
-- AUTO_INCREMENT for dumped tables
--

--
-- AUTO_INCREMENT for table `config_global`
--
ALTER TABLE `config_global`
  MODIFY `ID` tinyint(4) NOT NULL AUTO_INCREMENT, AUTO_INCREMENT=2;

--
-- AUTO_INCREMENT for table `ms_item`
--
ALTER TABLE `ms_item`
  MODIFY `id` int(11) NOT NULL AUTO_INCREMENT, AUTO_INCREMENT=7;

--
-- AUTO_INCREMENT for table `ms_item_access`
--
ALTER TABLE `ms_item_access`
  MODIFY `id` int(11) NOT NULL AUTO_INCREMENT, AUTO_INCREMENT=3;

--
-- AUTO_INCREMENT for table `ms_item_category`
--
ALTER TABLE `ms_item_category`
  MODIFY `id` int(11) NOT NULL AUTO_INCREMENT, AUTO_INCREMENT=6;

--
-- AUTO_INCREMENT for table `ms_menu`
--
ALTER TABLE `ms_menu`
  MODIFY `ID` int(11) NOT NULL AUTO_INCREMENT, AUTO_INCREMENT=36;

--
-- AUTO_INCREMENT for table `ms_terminal_pairing`
--
ALTER TABLE `ms_terminal_pairing`
  MODIFY `id` int(11) NOT NULL AUTO_INCREMENT, AUTO_INCREMENT=3;

--
-- AUTO_INCREMENT for table `ms_unit`
--
ALTER TABLE `ms_unit`
  MODIFY `id` int(11) NOT NULL AUTO_INCREMENT, AUTO_INCREMENT=5;

--
-- AUTO_INCREMENT for table `ms_unit_bin`
--
ALTER TABLE `ms_unit_bin`
  MODIFY `id` int(11) NOT NULL AUTO_INCREMENT, AUTO_INCREMENT=2401;

--
-- AUTO_INCREMENT for table `ms_unit_bin_group_user`
--
ALTER TABLE `ms_unit_bin_group_user`
  MODIFY `id` int(11) NOT NULL AUTO_INCREMENT, AUTO_INCREMENT=4;

--
-- AUTO_INCREMENT for table `ms_unit_capacity`
--
ALTER TABLE `ms_unit_capacity`
  MODIFY `id` int(11) NOT NULL AUTO_INCREMENT, AUTO_INCREMENT=12;

--
-- AUTO_INCREMENT for table `ts_item`
--
ALTER TABLE `ts_item`
  MODIFY `id` int(11) NOT NULL AUTO_INCREMENT, AUTO_INCREMENT=11;

--
-- AUTO_INCREMENT for table `ts_item_log`
--
ALTER TABLE `ts_item_log`
  MODIFY `id` int(11) NOT NULL AUTO_INCREMENT, AUTO_INCREMENT=27;

--
-- AUTO_INCREMENT for table `ts_user_face`
--
ALTER TABLE `ts_user_face`
  MODIFY `id` int(11) NOT NULL AUTO_INCREMENT;

--
-- AUTO_INCREMENT for table `user_log`
--
ALTER TABLE `user_log`
  MODIFY `id` int(11) NOT NULL AUTO_INCREMENT, AUTO_INCREMENT=24;

--
-- Constraints for dumped tables
--

--
-- Constraints for table `ms_item`
--
ALTER TABLE `ms_item`
  ADD CONSTRAINT `ms_item_ibfk_1` FOREIGN KEY (`id_category`) REFERENCES `ms_item_category` (`id`);

--
-- Constraints for table `ms_unit_bin`
--
ALTER TABLE `ms_unit_bin`
  ADD CONSTRAINT `ms_unit_bin_ibfk_1` FOREIGN KEY (`id_unit`) REFERENCES `ms_unit` (`id`);

--
-- Constraints for table `ts_item`
--
ALTER TABLE `ts_item`
  ADD CONSTRAINT `ts_item_ibfk_1` FOREIGN KEY (`id_unit_bin`) REFERENCES `ms_unit_bin` (`id`) ON DELETE NO ACTION ON UPDATE NO ACTION,
  ADD CONSTRAINT `ts_item_ibfk_2` FOREIGN KEY (`id_user`) REFERENCES `users` (`id`),
  ADD CONSTRAINT `ts_item_ibfk_3` FOREIGN KEY (`id_item`) REFERENCES `ms_item` (`id`);

--
-- Constraints for table `ts_item_log`
--
ALTER TABLE `ts_item_log`
  ADD CONSTRAINT `ts_item_log_ibfk_1` FOREIGN KEY (`id_user`) REFERENCES `users` (`id`) ON DELETE NO ACTION,
  ADD CONSTRAINT `ts_item_log_ibfk_2` FOREIGN KEY (`id_unit_bin`) REFERENCES `ms_unit_bin` (`id`),
  ADD CONSTRAINT `ts_item_log_ibfk_3` FOREIGN KEY (`id_ts_item`) REFERENCES `ts_item` (`id`);

--
-- Constraints for table `user_group_detail`
--
ALTER TABLE `user_group_detail`
  ADD CONSTRAINT `user_group_detail_ibfk_1` FOREIGN KEY (`id_menu`) REFERENCES `ms_menu` (`ID`),
  ADD CONSTRAINT `user_group_detail_ibfk_2` FOREIGN KEY (`id_group`) REFERENCES `user_group` (`ID`);
COMMIT;

